784
CDUS43 KMQT 290509
CLIMQT


CLIMATE REPORT
NATIONAL WEATHER SERVICE MARQUETTE MI
108 AM EDT SUN MAY 29 2016


...................................

...THE MARQUETTE MI CLIMATE SUMMARY FOR MAY 28 2016...

CLIMATE NORMAL PERIOD 1981 TO 2010
CLIMATE RECORD PERIOD 1961 TO 2016


WEATHER ITEM   OBSERVED RECORD YEAR NORMAL DEPARTURE LAST
                VALUE   VALUE       VALUE  FROM      YEAR
                                           NORMAL
...........................................................
TEMPERATURE (F)
 YESTERDAY
  MAXIMUM         76     95    1969  66     10       81
  MINIMUM         61     30    2008  44     17       41
                               1965
  AVERAGE         69                 55     14       61

PRECIPITATION (IN)
  YESTERDAY        0.07   1.43 1995   0.11  -0.04     0.00
  MONTH TO DATE    3.34               2.72   0.62     4.32
  SINCE MAR 1     10.51               8.76   1.75     8.08
  SINCE JAN 1     15.13              13.31   1.82    11.00

SNOWFALL (IN)
  YESTERDAY        0.0    T    1965   0.0    0.0      0.0
  MONTH TO DATE    1.1                1.5   -0.4      0.3
  SINCE MAR 1     60.8               50.9    9.9     24.7
  SINCE JUL 1    160.9              203.3  -42.4    178.7
  SNOW DEPTH       0

DEGREE DAYS
 HEATING
  YESTERDAY        0                 11    -11        4
  MONTH TO DATE  395                420    -25      363
  SINCE MAR 1   2418               2498    -80     2425
  SINCE JUL 1   8185               9122   -937     9736

 COOLING
  YESTERDAY        4                  1      3        0
  MONTH TO DATE   11                  8      3        2
  SINCE MAR 1     11                  9      2        2
  SINCE JAN 1     11                  9      2        2
...........................................................


WIND (MPH)
  RESULTANT WIND SPEED  MM   RESULTANT WIND DIRECTION  MM
  HIGHEST WIND SPEED    MM   HIGHEST WIND DIRECTION    MM
  HIGHEST GUST SPEED    24   HIGHEST GUST DIRECTION     S (180)
  AVERAGE WIND SPEED    MM


SKY COVER
  POSSIBLE SUNSHINE  MM
  AVERAGE SKY COVER  MM


WEATHER CONDITIONS
 THE FOLLOWING WEATHER WAS RECORDED YESTERDAY.
  LIGHT RAIN
  FOG


RELATIVE HUMIDITY (PERCENT)
 HIGHEST    MM
 LOWEST     MM
 AVERAGE    MM

..........................................................


THE MARQUETTE MI CLIMATE NORMALS FOR TODAY
                         NORMAL    RECORD    YEAR
 MAXIMUM TEMPERATURE (F)   67        93      2006
 MINIMUM TEMPERATURE (F)   44        27      1965


SUNRISE AND SUNSET
MAY 29 2016...........SUNRISE   603 AM EDT   SUNSET   933 PM EDT
MAY 30 2016...........SUNRISE   602 AM EDT   SUNSET   934 PM EDT


-  INDICATES NEGATIVE NUMBERS.
R  INDICATES RECORD WAS SET OR TIED.
MM INDICATES DATA IS MISSING.
T  INDICATES TRACE AMOUNT.




$$
