315
CDUS41 KLWX 270524
CLIMRB


CLIMATE REPORT
NATIONAL WEATHER SERVICE BALTIMORE MD/WASHINGTON DC
123 AM EDT MON MAR 27 2017


...................................

...THE MARTINSBURG WV CLIMATE SUMMARY FOR MARCH 26 2017...

CLIMATE NORMAL PERIOD 1981 TO 2010
CLIMATE RECORD PERIOD 1926 TO 2017


WEATHER ITEM   OBSERVED TIME   RECORD YEAR NORMAL DEPARTURE LAST
                VALUE   (LST)  VALUE       VALUE  FROM      YEAR
                                                  NORMAL
..................................................................
TEMPERATURE (F)
 YESTERDAY
  MAXIMUM         57   1204 AM  86    1939  56      1       59
  MINIMUM         45   1159 PM  17    1940  35     10       33
  AVERAGE         51                        46      5       46

PRECIPITATION (IN)
  YESTERDAY        0.03          1.23 1978   0.13  -0.10     0.00
  MONTH TO DATE    1.34                      2.90  -1.56     1.44
  SINCE MAR 1      1.34                      2.90  -1.56     1.44
  SINCE JAN 1      5.72                      7.68  -1.96     5.53

DEGREE DAYS
 HEATING
  YESTERDAY       14                        20     -6       19
  MONTH TO DATE  623                       622      1      426
  SINCE MAR 1    623                       622      1      426
  SINCE JUL 1   3701                      4578   -877     3841

 COOLING
  YESTERDAY        0                         0      0        0
  MONTH TO DATE    3                         0      3        2
  SINCE MAR 1      3                         0      3        2
  SINCE JAN 1      3                         0      3        2
..................................................................


WIND (MPH)
  HIGHEST WIND SPEED    14   HIGHEST WIND DIRECTION     E (90)
  HIGHEST GUST SPEED    18   HIGHEST GUST DIRECTION     E (80)
  AVERAGE WIND SPEED     6.7


SKY COVER
  POSSIBLE SUNSHINE  MM
  AVERAGE SKY COVER 0.9


WEATHER CONDITIONS
 THE FOLLOWING WEATHER WAS RECORDED YESTERDAY.
  LIGHT RAIN
  FOG
  HAZE


RELATIVE HUMIDITY (PERCENT)
 HIGHEST    93           500 PM
 LOWEST     67          1200 AM
 AVERAGE    80

..........................................................


THE MARTINSBURG WV CLIMATE NORMALS FOR TODAY
                         NORMAL    RECORD    YEAR
 MAXIMUM TEMPERATURE (F)   57        86      1939
 MINIMUM TEMPERATURE (F)   35        16      2014


SUNRISE AND SUNSET
MARCH 27 2017.........SUNRISE   704 AM EDT   SUNSET   731 PM EDT
MARCH 28 2017.........SUNRISE   702 AM EDT   SUNSET   732 PM EDT


-  INDICATES NEGATIVE NUMBERS.
R  INDICATES RECORD WAS SET OR TIED.
MM INDICATES DATA IS MISSING.
T  INDICATES TRACE AMOUNT.




$$
