000
CDUS41 KLWX 142124
CLIMRB


CLIMATE REPORT
NATIONAL WEATHER SERVICE BALTIMORE MD/WASHINGTON DC
424 PM EST SUN FEB 14 2016


...................................

...THE MARTINSBURG WV CLIMATE SUMMARY FOR FEBRUARY 14 2016...
VALID TODAY AS OF 0400 PM LOCAL TIME.

CLIMATE NORMAL PERIOD 1981 TO 2010
CLIMATE RECORD PERIOD 1926 TO 2016


WEATHER ITEM   OBSERVED TIME   RECORD YEAR NORMAL DEPARTURE LAST
                VALUE   (LST)  VALUE       VALUE  FROM      YEAR
                                                  NORMAL
..................................................................
TEMPERATURE (F)
 TODAY
  MAXIMUM         24    336 PM  67    1949  43    -19       39
  MINIMUM          9    727 AM   4    1986  24    -15       12
  AVERAGE         17                        34    -17       26

PRECIPITATION (IN)
  TODAY            0.00          2.91 1984   0.08  -0.08      T
  MONTH TO DATE    0.84                      1.15  -0.31     0.23
  SINCE DEC 1      4.86                      6.30  -1.44     5.06
  SINCE JAN 1      2.20                      3.59  -1.39     2.29

DEGREE DAYS
 HEATING
  TODAY           48                        32     16       39
  MONTH TO DATE  483                       456     27      464
  SINCE DEC 1   2167                      2469   -302     2343
  SINCE JUL 1   3025                      3539   -514     3302

 COOLING
  TODAY            0                         0      0        0
  MONTH TO DATE    0                         0      0        0
  SINCE DEC 1      0                         0      0        0
  SINCE JAN 1      0                         0      0        0
..................................................................


WIND (MPH)
  HIGHEST WIND SPEED    17   HIGHEST WIND DIRECTION    NW (310)
  HIGHEST GUST SPEED    22   HIGHEST GUST DIRECTION    NW (310)
  AVERAGE WIND SPEED     6.7


SKY COVER
  POSSIBLE SUNSHINE  MM
  AVERAGE SKY COVER 0.0


WEATHER CONDITIONS
 THE FOLLOWING WEATHER WAS RECORDED TODAY.
  NO SIGNIFICANT WEATHER WAS OBSERVED.


RELATIVE HUMIDITY (PERCENT)
 HIGHEST    58           800 AM
 LOWEST     34           300 PM
 AVERAGE    46

..........................................................


THE MARTINSBURG WV CLIMATE NORMALS FOR TOMORROW
                         NORMAL    RECORD    YEAR
 MAXIMUM TEMPERATURE (F)   43        78      1954
 MINIMUM TEMPERATURE (F)   24         0      1943


SUNRISE AND SUNSET
FEBRUARY 14 2016......SUNRISE   706 AM EST   SUNSET   547 PM EST
FEBRUARY 15 2016......SUNRISE   704 AM EST   SUNSET   548 PM EST


-  INDICATES NEGATIVE NUMBERS.
R  INDICATES RECORD WAS SET OR TIED.
MM INDICATES DATA IS MISSING.
T  INDICATES TRACE AMOUNT.




$$
