000
CDUS41 KLWX 240528
CLIMRB


CLIMATE REPORT
NATIONAL WEATHER SERVICE BALTIMORE MD/WASHINGTON DC
127 AM EDT WED AUG 24 2016


...................................

...THE MARTINSBURG WV CLIMATE SUMMARY FOR AUGUST 23 2016...

CLIMATE NORMAL PERIOD 1981 TO 2010
CLIMATE RECORD PERIOD 1926 TO 2016


WEATHER ITEM   OBSERVED TIME   RECORD YEAR NORMAL DEPARTURE LAST
                VALUE   (LST)  VALUE       VALUE  FROM      YEAR
                                                  NORMAL
..................................................................
TEMPERATURE (F)
 YESTERDAY
  MAXIMUM         81    416 PM  97    1968  83     -2       83
  MINIMUM         55    429 AM  45    1981  61     -6       53
  AVERAGE         68                        72     -4       68

PRECIPITATION (IN)
  YESTERDAY        0.00          1.92 1988   0.10  -0.10     0.00
  MONTH TO DATE    2.19                      2.30  -0.11     1.36
  SINCE JUN 1      5.26                      9.73  -4.47     8.01
  SINCE JAN 1     16.85                     25.46  -8.61    18.95

DEGREE DAYS
 HEATING
  YESTERDAY        0                         0      0        0
  MONTH TO DATE    0                         0      0        0
  SINCE JUN 1      5                        25    -20       15
  SINCE JUL 1      0                         1     -1        0

 COOLING
  YESTERDAY        3                         7     -4        3
  MONTH TO DATE  282                       195     87      202
  SINCE JUN 1    901                       681    220      767
  SINCE JAN 1    974                       738    236      915
..................................................................


WIND (MPH)
  HIGHEST WIND SPEED    10   HIGHEST WIND DIRECTION    SE (130)
  HIGHEST GUST SPEED    15   HIGHEST GUST DIRECTION     S (170)
  AVERAGE WIND SPEED     2.3


SKY COVER
  POSSIBLE SUNSHINE  MM
  AVERAGE SKY COVER 0.1


WEATHER CONDITIONS
 THE FOLLOWING WEATHER WAS RECORDED YESTERDAY.
  FOG


RELATIVE HUMIDITY (PERCENT)
 HIGHEST   100           600 AM
 LOWEST     48           200 PM
 AVERAGE    74

..........................................................


THE MARTINSBURG WV CLIMATE NORMALS FOR TODAY
                         NORMAL    RECORD    YEAR
 MAXIMUM TEMPERATURE (F)   83       104      1936
 MINIMUM TEMPERATURE (F)   61        44      1952


SUNRISE AND SUNSET
AUGUST 24 2016........SUNRISE   633 AM EDT   SUNSET   754 PM EDT
AUGUST 25 2016........SUNRISE   634 AM EDT   SUNSET   753 PM EDT


-  INDICATES NEGATIVE NUMBERS.
R  INDICATES RECORD WAS SET OR TIED.
MM INDICATES DATA IS MISSING.
T  INDICATES TRACE AMOUNT.




$$
