000
CDUS41 KLWX 232124
CLIMRB


CLIMATE REPORT
NATIONAL WEATHER SERVICE BALTIMORE MD/WASHINGTON DC
524 PM EDT THU OCT 23 2014


...................................

...THE MARTINSBURG WV CLIMATE SUMMARY FOR OCTOBER 23 2014...
VALID TODAY AS OF 0500 PM LOCAL TIME.

CLIMATE NORMAL PERIOD 1981 TO 2010
CLIMATE RECORD PERIOD 1926 TO 2014


WEATHER ITEM   OBSERVED TIME   RECORD YEAR NORMAL DEPARTURE LAST
                VALUE   (LST)  VALUE       VALUE  FROM      YEAR
                                                  NORMAL
..................................................................
TEMPERATURE (F)
 TODAY
  MAXIMUM         66    347 PM  88    1947  63      3       50
  MINIMUM         50    241 AM  23    1969  40     10       33
  AVERAGE         58                        52      6       42

PRECIPITATION (IN)
  TODAY            0.00          1.82 1983   0.10  -0.10      T
  MONTH TO DATE    3.18                      2.27   0.91     5.38
  SINCE SEP 1      5.63                      5.84  -0.21     6.62
  SINCE JAN 1     30.10                     32.08  -1.98    29.00

DEGREE DAYS
 HEATING
  TODAY            7                        14     -7       23
  MONTH TO DATE  158                       236    -78      156
  SINCE SEP 1    209                       320   -111      252
  SINCE JUL 1    212                       327   -115      256

 COOLING
  TODAY            0                         0      0        0
  MONTH TO DATE    3                         8     -5       40
  SINCE SEP 1    130                       101     29      139
  SINCE JAN 1    958                       893     65     1057
..................................................................


WIND (MPH)
  HIGHEST WIND SPEED    26   HIGHEST WIND DIRECTION    NW (300)
  HIGHEST GUST SPEED    35   HIGHEST GUST DIRECTION    NW (310)
  AVERAGE WIND SPEED    15.9


SKY COVER
  POSSIBLE SUNSHINE  MM
  AVERAGE SKY COVER 0.5


WEATHER CONDITIONS
 THE FOLLOWING WEATHER WAS RECORDED TODAY.
  NO SIGNIFICANT WEATHER WAS OBSERVED.


RELATIVE HUMIDITY (PERCENT)
 HIGHEST    66           100 AM
 LOWEST     40           300 PM
 AVERAGE    53

..........................................................


THE MARTINSBURG WV CLIMATE NORMALS FOR TOMORROW
                         NORMAL    RECORD    YEAR
 MAXIMUM TEMPERATURE (F)   63        85      2001
                                             1927
 MINIMUM TEMPERATURE (F)   40        17      1969


SUNRISE AND SUNSET
OCTOBER 23 2014.......SUNRISE   730 AM EDT   SUNSET   622 PM EDT
OCTOBER 24 2014.......SUNRISE   731 AM EDT   SUNSET   620 PM EDT


-  INDICATES NEGATIVE NUMBERS.
R  INDICATES RECORD WAS SET OR TIED.
MM INDICATES DATA IS MISSING.
T  INDICATES TRACE AMOUNT.




$$
