000
CDUS41 KLWX 290526
CLIMRB


CLIMATE REPORT
NATIONAL WEATHER SERVICE BALTIMORE MD/WASHINGTON DC
1226 AM EST THU JAN 29 2015


...................................

...THE MARTINSBURG WV CLIMATE SUMMARY FOR JANUARY 28 2015...

CLIMATE NORMAL PERIOD 1981 TO 2010
CLIMATE RECORD PERIOD 1926 TO 2015


WEATHER ITEM   OBSERVED TIME   RECORD YEAR NORMAL DEPARTURE LAST
                VALUE   (LST)  VALUE       VALUE  FROM      YEAR
                                                  NORMAL
..................................................................
TEMPERATURE (F)
 YESTERDAY
  MAXIMUM         35    440 PM  70    1944  40     -5       15
  MINIMUM         13   1159 PM -10    1935  23    -10        6
  AVERAGE         24                        31     -7       11

PRECIPITATION (IN)
  YESTERDAY        0.00          1.27 1998   0.08  -0.08      T
  MONTH TO DATE    2.05                      2.18  -0.13     1.04
  SINCE DEC 1      4.82                      4.89  -0.07     5.94
  SINCE JAN 1      2.05                      2.18  -0.13     1.04

DEGREE DAYS
 HEATING
  YESTERDAY       41                        34      7       54
  MONTH TO DATE  952                       952      0     1085
  SINCE DEC 1   1762                      1908   -146     1942
  SINCE JUL 1   2721                      2978   -257     3033

 COOLING
  YESTERDAY        0                         0      0        0
  MONTH TO DATE    0                         0      0        0
  SINCE DEC 1      0                         0      0        0
  SINCE JAN 1      0                         0      0        0
..................................................................


WIND (MPH)
  HIGHEST WIND SPEED    21   HIGHEST WIND DIRECTION    NW (320)
  HIGHEST GUST SPEED    29   HIGHEST GUST DIRECTION    NW (330)
  AVERAGE WIND SPEED     7.7


SKY COVER
  POSSIBLE SUNSHINE  MM
  AVERAGE SKY COVER 0.0


WEATHER CONDITIONS
 THE FOLLOWING WEATHER WAS RECORDED YESTERDAY.
  HAZE


RELATIVE HUMIDITY (PERCENT)
 HIGHEST    61          1000 PM
 LOWEST     26           600 PM
 AVERAGE    44

..........................................................


THE MARTINSBURG WV CLIMATE NORMALS FOR TODAY
                         NORMAL    RECORD    YEAR
 MAXIMUM TEMPERATURE (F)   40        76      1975
 MINIMUM TEMPERATURE (F)   23       -12      1963


SUNRISE AND SUNSET
JANUARY 29 2015.......SUNRISE   722 AM EST   SUNSET   528 PM EST
JANUARY 30 2015.......SUNRISE   721 AM EST   SUNSET   530 PM EST


-  INDICATES NEGATIVE NUMBERS.
R  INDICATES RECORD WAS SET OR TIED.
MM INDICATES DATA IS MISSING.
T  INDICATES TRACE AMOUNT.




$$
