000
CDUS41 KLWX 040524
CLIMRB


CLIMATE REPORT
NATIONAL WEATHER SERVICE BALTIMORE MD/WASHINGTON DC
123 AM EDT TUE AUG 4 2015


...................................

...THE MARTINSBURG WV CLIMATE SUMMARY FOR AUGUST 3 2015...

CLIMATE NORMAL PERIOD 1981 TO 2010
CLIMATE RECORD PERIOD 1926 TO 2015


WEATHER ITEM   OBSERVED TIME   RECORD YEAR NORMAL DEPARTURE LAST
                VALUE   (LST)  VALUE       VALUE  FROM      YEAR
                                                  NORMAL
..................................................................
TEMPERATURE (F)
 YESTERDAY
  MAXIMUM         91    344 PM 101    1943  85      6       85
  MINIMUM         61    544 AM  47    1959  63     -2       64
  AVERAGE         76                        74      2       75

PRECIPITATION (IN)
  YESTERDAY        0.00          1.60 1964   0.11  -0.11     0.50
  MONTH TO DATE    0.00                      0.33  -0.33     0.50
  SINCE JUN 1      6.65                      7.76  -1.11     7.87
  SINCE JAN 1     17.59                     23.49  -5.90    22.74

DEGREE DAYS
 HEATING
  YESTERDAY        0                         0      0        0
  MONTH TO DATE    0                         0      0        0
  SINCE JUN 1     15                        25    -10        5
  SINCE JUL 1      0                         1     -1        3

 COOLING
  YESTERDAY       11                         9      2       10
  MONTH TO DATE   29                        27      2       21
  SINCE JUN 1    594                       513     81      558
  SINCE JAN 1    742                       570    172      639
..................................................................


WIND (MPH)
  HIGHEST WIND SPEED    16   HIGHEST WIND DIRECTION     W (250)
  HIGHEST GUST SPEED    22   HIGHEST GUST DIRECTION     W (250)
  AVERAGE WIND SPEED     5.8


SKY COVER
  POSSIBLE SUNSHINE  MM
  AVERAGE SKY COVER 0.2


WEATHER CONDITIONS
 THE FOLLOWING WEATHER WAS RECORDED YESTERDAY.
  HAZE


RELATIVE HUMIDITY (PERCENT)
 HIGHEST    90           600 AM
 LOWEST     34           500 PM
 AVERAGE    62

..........................................................


THE MARTINSBURG WV CLIMATE NORMALS FOR TODAY
                         NORMAL    RECORD    YEAR
 MAXIMUM TEMPERATURE (F)   85       102      1930
 MINIMUM TEMPERATURE (F)   63        47      1965


SUNRISE AND SUNSET
AUGUST  4 2015........SUNRISE   614 AM EDT   SUNSET   821 PM EDT
AUGUST  5 2015........SUNRISE   615 AM EDT   SUNSET   820 PM EDT


-  INDICATES NEGATIVE NUMBERS.
R  INDICATES RECORD WAS SET OR TIED.
MM INDICATES DATA IS MISSING.
T  INDICATES TRACE AMOUNT.




$$
