000
CDUS41 KLWX 212123
CLIMRB


CLIMATE REPORT
NATIONAL WEATHER SERVICE BALTIMORE MD/WASHINGTON DC
523 PM EDT THU AUG 21 2014


...................................

...THE MARTINSBURG WV CLIMATE SUMMARY FOR AUGUST 21 2014...
VALID TODAY AS OF 0500 PM LOCAL TIME.

CLIMATE NORMAL PERIOD 1981 TO 2010
CLIMATE RECORD PERIOD 1926 TO 2014


WEATHER ITEM   OBSERVED TIME   RECORD YEAR NORMAL DEPARTURE LAST
                VALUE   (LST)  VALUE       VALUE  FROM      YEAR
                                                  NORMAL
..................................................................
TEMPERATURE (F)
 TODAY
  MAXIMUM         86   1231 PM  99    1937  84      2       87
  MINIMUM         65    247 AM  45    1929  61      4       61
  AVERAGE         76                        72      4       74

PRECIPITATION (IN)
  TODAY            0.07          2.35 1954   0.09  -0.02     0.06
  MONTH TO DATE    2.01                      2.11  -0.10     2.81
  SINCE JUN 1      9.38                      9.54  -0.16     9.95
  SINCE JAN 1     24.25                     25.27  -1.02    21.21

DEGREE DAYS
 HEATING
  TODAY            0                         0      0        0
  MONTH TO DATE    0                         0      0        4
  SINCE JUN 1      5                        25    -20        6
  SINCE JUL 1      3                         1      2        4

 COOLING
  TODAY           11                         8      3        9
  MONTH TO DATE  145                       181    -36      131
  SINCE JUN 1    682                       667     15      718
  SINCE JAN 1    763                       724     39      829
..................................................................


WIND (MPH)
  HIGHEST WIND SPEED    12   HIGHEST WIND DIRECTION     S (170)
  HIGHEST GUST SPEED    14   HIGHEST GUST DIRECTION     S (160)
  AVERAGE WIND SPEED     1.9


SKY COVER
  POSSIBLE SUNSHINE  MM
  AVERAGE SKY COVER 0.6


WEATHER CONDITIONS
 THE FOLLOWING WEATHER WAS RECORDED TODAY.
  LIGHT RAIN
  FOG
  FOG W/VISIBILITY <= 1/4 MILE
  HAZE


RELATIVE HUMIDITY (PERCENT)
 HIGHEST    93           200 AM
 LOWEST     51          1200 PM
 AVERAGE    72

..........................................................


THE MARTINSBURG WV CLIMATE NORMALS FOR TOMORROW
                         NORMAL    RECORD    YEAR
 MAXIMUM TEMPERATURE (F)   84       103      1983
 MINIMUM TEMPERATURE (F)   61        48      1956


SUNRISE AND SUNSET
AUGUST 21 2014........SUNRISE   630 AM EDT   SUNSET   759 PM EDT
AUGUST 22 2014........SUNRISE   631 AM EDT   SUNSET   758 PM EDT


-  INDICATES NEGATIVE NUMBERS.
R  INDICATES RECORD WAS SET OR TIED.
MM INDICATES DATA IS MISSING.
T  INDICATES TRACE AMOUNT.




$$
