000
CDUS44 KHUN 130810
CLIMSL


CLIMATE REPORT
NATIONAL WEATHER SERVICE HUNTSVILLE AL
209 AM CST SAT FEB 13 2016


...................................

...THE MUSCLE SHOALS CLIMATE SUMMARY FOR FEBRUARY 12 2016...

CLIMATE NORMAL PERIOD 1981 TO 2010
CLIMATE RECORD PERIOD 1893 TO 2016


WEATHER ITEM   OBSERVED TIME   RECORD YEAR NORMAL DEPARTURE LAST
                VALUE   (LST)  VALUE       VALUE  FROM      YEAR
                                                  NORMAL
..................................................................
TEMPERATURE (F)
 YESTERDAY
  MAXIMUM         57    237 PM  76    1999  55      2       44
  MINIMUM         33    638 AM  -2    1899  34     -1       25
  AVERAGE         45                        44      1       35

PRECIPITATION (IN)
  YESTERDAY        0.00          5.03 1948   0.16  -0.16     0.00
  MONTH TO DATE    0.93                      1.95  -1.02     0.41
  SINCE DEC 1     11.52                     12.24  -0.72     9.71
  SINCE JAN 1      4.58                      6.56  -1.98     4.58

SNOWFALL (IN)
  YESTERDAY        0.0
  MONTH TO DATE    T
  SINCE DEC 1      T
  SINCE JUL 1      T
  SNOW DEPTH       0

DEGREE DAYS
 HEATING
  YESTERDAY       20                        21     -1       30
  MONTH TO DATE  267                       261      6      272
  SINCE DEC 1   1381                      1679   -298     1595
  SINCE JUL 1   1746                      2241   -495     2247

 COOLING
  YESTERDAY        0                         0      0        0
  MONTH TO DATE    0                         0      0        0
  SINCE DEC 1     22                         1     21        0
  SINCE JAN 1      0                         0      0        0
..................................................................


WIND (MPH)
  HIGHEST WIND SPEED    22   HIGHEST WIND DIRECTION     W (290)
  HIGHEST GUST SPEED    26   HIGHEST GUST DIRECTION     W (290)
  AVERAGE WIND SPEED     7.7


SKY COVER
  POSSIBLE SUNSHINE  MM
  AVERAGE SKY COVER 0.1


WEATHER CONDITIONS
 THE FOLLOWING WEATHER WAS RECORDED YESTERDAY.
  NO SIGNIFICANT WEATHER WAS OBSERVED.


RELATIVE HUMIDITY (PERCENT)
 HIGHEST    82           700 AM
 LOWEST     32          1200 PM
 AVERAGE    57

..........................................................


THE MUSCLE SHOALS CLIMATE NORMALS FOR TODAY
                         NORMAL    RECORD    YEAR
 MAXIMUM TEMPERATURE (F)   55        83      1962
 MINIMUM TEMPERATURE (F)   35       -11      1899


SUNRISE AND SUNSET
FEBRUARY 13 2016......SUNRISE   639 AM CST   SUNSET   531 PM CST
FEBRUARY 14 2016......SUNRISE   638 AM CST   SUNSET   532 PM CST


-  INDICATES NEGATIVE NUMBERS.
R  INDICATES RECORD WAS SET OR TIED.
MM INDICATES DATA IS MISSING.
T  INDICATES TRACE AMOUNT.




$$
