000
CDUS44 KHUN 202223
CLIMSL


CLIMATE REPORT
NATIONAL WEATHER SERVICE HUNTSVILLE AL
422 PM CST TUE FEB 20 2018


...................................

...THE MUSCLE SHOALS CLIMATE SUMMARY FOR FEBRUARY 20 2018...
VALID TODAY AS OF 0400 PM LOCAL TIME.

CLIMATE NORMAL PERIOD 1981 TO 2010
CLIMATE RECORD PERIOD 1893 TO 2018


WEATHER ITEM   OBSERVED TIME   RECORD YEAR NORMAL DEPARTURE LAST
                VALUE   (LST)  VALUE       VALUE  FROM      YEAR
                                                  NORMAL
..................................................................
TEMPERATURE (F)
 TODAY
  MAXIMUM         80R   223 PM  79    1917  57     23       78
  MINIMUM         59    600 AM  15    1958  36     23       47
                                      1934
  AVERAGE         70                        46     24       63

PRECIPITATION (IN)
  TODAY            0.00          2.51 1953   0.16  -0.16     0.00
  MONTH TO DATE    6.65                      3.30   3.35     1.47
  SINCE DEC 1     13.79                     13.59   0.20    11.53
  SINCE JAN 1      8.43                      7.91   0.52     6.19

SNOWFALL (IN)
  TODAY            0.0
  MONTH TO DATE    0.0
  SINCE DEC 1      0.6
  SINCE JUL 1      0.6
  SNOW DEPTH       0

DEGREE DAYS
 HEATING
  TODAY            0                        19    -19        2
  MONTH TO DATE  307                       417   -110      266
  SINCE DEC 1   1815                      1835    -20     1294
  SINCE JUL 1   2322                      2397    -75     1622

 COOLING
  TODAY            5                         0      5        0
  MONTH TO DATE   12                         0     12        0
  SINCE DEC 1     12                         1     11        6
  SINCE JAN 1     12                         0     12        4
..................................................................


WIND (MPH)
  HIGHEST WIND SPEED    22   HIGHEST WIND DIRECTION     S (200)
  HIGHEST GUST SPEED    30   HIGHEST GUST DIRECTION     S (200)
  AVERAGE WIND SPEED    11.5


SKY COVER
  POSSIBLE SUNSHINE  MM
  AVERAGE SKY COVER 0.4


WEATHER CONDITIONS
 THE FOLLOWING WEATHER WAS RECORDED TODAY.
  NO SIGNIFICANT WEATHER WAS OBSERVED.


RELATIVE HUMIDITY (PERCENT)
 HIGHEST    84           700 AM
 LOWEST     48           300 PM
 AVERAGE    66

..........................................................


THE MUSCLE SHOALS CLIMATE NORMALS FOR TOMORROW
                         NORMAL    RECORD    YEAR
 MAXIMUM TEMPERATURE (F)   57        76      1993
 MINIMUM TEMPERATURE (F)   37        11      1963


SUNRISE AND SUNSET
FEBRUARY 20 2018......SUNRISE   631 AM CST   SUNSET   538 PM CST
FEBRUARY 21 2018......SUNRISE   629 AM CST   SUNSET   539 PM CST


-  INDICATES NEGATIVE NUMBERS.
R  INDICATES RECORD WAS SET OR TIED.
MM INDICATES DATA IS MISSING.
T  INDICATES TRACE AMOUNT.




$$
