000
CDUS44 KHUN 070801
CLIMSL


CLIMATE REPORT
NATIONAL WEATHER SERVICE HUNTSVILLE AL
201 AM CST WED DEC 7 2016


...................................

...THE MUSCLE SHOALS CLIMATE SUMMARY FOR DECEMBER 6 2016...

CLIMATE NORMAL PERIOD 1981 TO 2010
CLIMATE RECORD PERIOD 1893 TO 2016


WEATHER ITEM   OBSERVED TIME   RECORD YEAR NORMAL DEPARTURE LAST
                VALUE   (LST)  VALUE       VALUE  FROM      YEAR
                                                  NORMAL
..................................................................
TEMPERATURE (F)
 YESTERDAY
  MAXIMUM         57    847 AM  75    1951  55      2       64
  MINIMUM         46   1159 PM  15    1937  36     10       33
  AVERAGE         52                        45      7       49

PRECIPITATION (IN)
  YESTERDAY        0.75          2.96 2004   0.21   0.54     0.00
  MONTH TO DATE    3.22                      1.20   2.02     1.04
  SINCE DEC 1      3.22                      1.20   2.02     1.04
  SINCE JAN 1     38.68                     48.72 -10.04    45.29

SNOWFALL (IN)
  YESTERDAY        0.0
  MONTH TO DATE    0.0
  SINCE DEC 1      0.0
  SINCE JUL 1      0.0
  SNOW DEPTH       0

DEGREE DAYS
 HEATING
  YESTERDAY       13                        20     -7       16
  MONTH TO DATE  108                       114     -6      103
  SINCE DEC 1    108                       114     -6      103
  SINCE JUL 1    436                       676   -240      468

 COOLING
  YESTERDAY        0                         0      0        0
  MONTH TO DATE    0                         0      0        0
  SINCE DEC 1      0                         0      0        0
  SINCE JAN 1   2366                      1871    495     2008
..................................................................


WIND (MPH)
  HIGHEST WIND SPEED    26   HIGHEST WIND DIRECTION     W (280)
  HIGHEST GUST SPEED    31   HIGHEST GUST DIRECTION     W (290)
  AVERAGE WIND SPEED     9.1


SKY COVER
  POSSIBLE SUNSHINE  MM
  AVERAGE SKY COVER 1.0


WEATHER CONDITIONS
 THE FOLLOWING WEATHER WAS RECORDED YESTERDAY.
  THUNDERSTORM
  HEAVY RAIN
  RAIN
  LIGHT RAIN
  FOG


RELATIVE HUMIDITY (PERCENT)
 HIGHEST    93           100 AM
 LOWEST     71           800 PM
 AVERAGE    82

..........................................................


THE MUSCLE SHOALS CLIMATE NORMALS FOR TODAY
                         NORMAL    RECORD    YEAR
 MAXIMUM TEMPERATURE (F)   55        78      1998
                                             1951
 MINIMUM TEMPERATURE (F)   35        10      1937


SUNRISE AND SUNSET
DECEMBER  7 2016......SUNRISE   645 AM CST   SUNSET   439 PM CST
DECEMBER  8 2016......SUNRISE   646 AM CST   SUNSET   439 PM CST


-  INDICATES NEGATIVE NUMBERS.
R  INDICATES RECORD WAS SET OR TIED.
MM INDICATES DATA IS MISSING.
T  INDICATES TRACE AMOUNT.




$$
