860
CDUS44 KHUN 232220
CLIMSL


CLIMATE REPORT
NATIONAL WEATHER SERVICE HUNTSVILLE AL
420 PM CST THU NOV 23 2017


...................................

...THE MUSCLE SHOALS CLIMATE SUMMARY FOR NOVEMBER 23 2017...
VALID TODAY AS OF 0400 PM LOCAL TIME.

CLIMATE NORMAL PERIOD 1981 TO 2010
CLIMATE RECORD PERIOD 1893 TO 2017


WEATHER ITEM   OBSERVED TIME   RECORD YEAR NORMAL DEPARTURE LAST
                VALUE   (LST)  VALUE       VALUE  FROM      YEAR
                                                  NORMAL
..................................................................
TEMPERATURE (F)
 TODAY
  MAXIMUM         59    326 PM  78    1931  60     -1       72
                                      1913
  MINIMUM         26    323 AM  19    1937  39    -13       44
  AVERAGE         43                        50     -7       58

PRECIPITATION (IN)
  TODAY            0.00          2.28 2004   0.17  -0.17      T
  MONTH TO DATE    1.39                      3.37  -1.98     0.09
  SINCE SEP 1      9.67                     10.52  -0.85     0.67
  SINCE JAN 1     43.49                     46.23  -2.74    32.30

SNOWFALL (IN)
  TODAY            0.0
  MONTH TO DATE    0.0
  SINCE SEP 1      0.0
  SINCE JUL 1      0.0
  SNOW DEPTH       0

DEGREE DAYS
 HEATING
  TODAY           22                        16      6        7
  MONTH TO DATE  256                       278    -22      203
  SINCE SEP 1    407                       446    -39      236
  SINCE JUL 1    407                       446    -39      236

 COOLING
  TODAY            0                         0      0        0
  MONTH TO DATE   24                         4     20       20
  SINCE SEP 1    348                       325     23      563
  SINCE JAN 1   1973                      1868    105     2366
..................................................................


WIND (MPH)
  HIGHEST WIND SPEED     9   HIGHEST WIND DIRECTION    NE (30)
  HIGHEST GUST SPEED    12   HIGHEST GUST DIRECTION    NE (30)
  AVERAGE WIND SPEED     3.2


SKY COVER
  POSSIBLE SUNSHINE  MM
  AVERAGE SKY COVER 0.0


WEATHER CONDITIONS
 THE FOLLOWING WEATHER WAS RECORDED TODAY.
  NO SIGNIFICANT WEATHER WAS OBSERVED.


RELATIVE HUMIDITY (PERCENT)
 HIGHEST    85           600 AM
 LOWEST     17           400 PM
 AVERAGE    51

..........................................................


THE MUSCLE SHOALS CLIMATE NORMALS FOR TOMORROW
                         NORMAL    RECORD    YEAR
 MAXIMUM TEMPERATURE (F)   60        81      1921
 MINIMUM TEMPERATURE (F)   39         8      1950


SUNRISE AND SUNSET
NOVEMBER 23 2017......SUNRISE   632 AM CST   SUNSET   441 PM CST
NOVEMBER 24 2017......SUNRISE   633 AM CST   SUNSET   441 PM CST


-  INDICATES NEGATIVE NUMBERS.
R  INDICATES RECORD WAS SET OR TIED.
MM INDICATES DATA IS MISSING.
T  INDICATES TRACE AMOUNT.




$$
