000
CDUS44 KHUN 020701
CLIMSL


CLIMATE REPORT
NATIONAL WEATHER SERVICE HUNTSVILLE AL
201 AM CDT THU OCT 2 2014


...................................

...THE MUSCLE SHOALS CLIMATE SUMMARY FOR OCTOBER 1 2014...

CLIMATE NORMAL PERIOD 1981 TO 2010
CLIMATE RECORD PERIOD 1893 TO 2014


WEATHER ITEM   OBSERVED TIME   RECORD YEAR NORMAL DEPARTURE LAST
                VALUE   (LST)  VALUE       VALUE  FROM      YEAR
                                                  NORMAL
..................................................................
TEMPERATURE (F)
 YESTERDAY
  MAXIMUM         90    305 PM  99    1925  79     11       85
  MINIMUM         58    523 AM  35    1920  55      3       59
                                      1916
  AVERAGE         74                        67      7       72

PRECIPITATION (IN)
  YESTERDAY        0.00          2.43 1988   0.11  -0.11     0.00
  MONTH TO DATE    0.00                      0.11  -0.11     0.00
  SINCE SEP 1      2.71                      3.83  -1.12     2.46
  SINCE JAN 1     35.91                     39.54  -3.63    45.35

SNOWFALL (IN)
  YESTERDAY        0.0
  MONTH TO DATE    0.0
  SINCE SEP 1      0.0
  SINCE JUL 1      0.0
  SNOW DEPTH       0

DEGREE DAYS
 HEATING
  YESTERDAY        0                         2     -2        0
  MONTH TO DATE    0                         2     -2        0
  SINCE SEP 1      0                        17    -17        0
  SINCE JUL 1      0                        17    -17        0

 COOLING
  YESTERDAY        9                         4      5        7
  MONTH TO DATE    9                         4      5        7
  SINCE SEP 1    316                       263     53      316
  SINCE JAN 1   1769                      1806    -37     1797
..................................................................


WIND (MPH)
  HIGHEST WIND SPEED    12   HIGHEST WIND DIRECTION     E (70)
  HIGHEST GUST SPEED    21   HIGHEST GUST DIRECTION    SE (150)
  AVERAGE WIND SPEED     1.2


SKY COVER
  POSSIBLE SUNSHINE  MM
  AVERAGE SKY COVER 0.1


WEATHER CONDITIONS
 THE FOLLOWING WEATHER WAS RECORDED YESTERDAY.
  FOG


RELATIVE HUMIDITY (PERCENT)
 HIGHEST    90          1200 AM
 LOWEST     31           400 PM
 AVERAGE    61

..........................................................


THE MUSCLE SHOALS CLIMATE NORMALS FOR TODAY
                         NORMAL    RECORD    YEAR
 MAXIMUM TEMPERATURE (F)   79        93      1903
 MINIMUM TEMPERATURE (F)   55        34      1984
                                             1912


SUNRISE AND SUNSET
OCTOBER  2 2014.......SUNRISE   646 AM CDT   SUNSET   633 PM CDT
OCTOBER  3 2014.......SUNRISE   647 AM CDT   SUNSET   632 PM CDT


-  INDICATES NEGATIVE NUMBERS.
R  INDICATES RECORD WAS SET OR TIED.
MM INDICATES DATA IS MISSING.
T  INDICATES TRACE AMOUNT.




$$
