000
CDUS44 KHUN 270801
CLIMSL


CLIMATE REPORT
NATIONAL WEATHER SERVICE HUNTSVILLE AL
201 AM CST SAT DEC 27 2014


...................................

...THE MUSCLE SHOALS CLIMATE SUMMARY FOR DECEMBER 26 2014...

CLIMATE NORMAL PERIOD 1981 TO 2010
CLIMATE RECORD PERIOD 1893 TO 2014


WEATHER ITEM   OBSERVED TIME   RECORD YEAR NORMAL DEPARTURE LAST
                VALUE   (LST)  VALUE       VALUE  FROM      YEAR
                                                  NORMAL
..................................................................
TEMPERATURE (F)
 YESTERDAY
  MAXIMUM         53    335 PM  73    1971  51      2       52
  MINIMUM         30    551 AM   3    1983  32     -2       26
  AVERAGE         42                        41      1       39

PRECIPITATION (IN)
  YESTERDAY        0.00          1.28 1982   0.16  -0.16     0.00
  MONTH TO DATE    4.00                      4.93  -0.93     4.16
  SINCE DEC 1      4.00                      4.93  -0.93     4.16
  SINCE JAN 1     51.14                     52.45  -1.31    54.61

SNOWFALL (IN)
  YESTERDAY        0.0
  MONTH TO DATE    0.0
  SINCE DEC 1      0.0
  SINCE JUL 1      T
  SNOW DEPTH       0

DEGREE DAYS
 HEATING
  YESTERDAY       23                        24     -1       26
  MONTH TO DATE  457                       554    -97      522
  SINCE DEC 1    457                       554    -97      522
  SINCE JUL 1   1109                      1116     -7     1139

 COOLING
  YESTERDAY        0                         0      0        0
  MONTH TO DATE    0                         0      0        8
  SINCE DEC 1      0                         0      0        8
  SINCE JAN 1   1861                      1871    -10     1903
..................................................................


WIND (MPH)
  HIGHEST WIND SPEED    12   HIGHEST WIND DIRECTION    SE (140)
  HIGHEST GUST SPEED    15   HIGHEST GUST DIRECTION    SE (150)
  AVERAGE WIND SPEED     3.9


SKY COVER
  POSSIBLE SUNSHINE  MM
  AVERAGE SKY COVER 0.0


WEATHER CONDITIONS
 THE FOLLOWING WEATHER WAS RECORDED YESTERDAY.
  FOG


RELATIVE HUMIDITY (PERCENT)
 HIGHEST    96          1200 AM
 LOWEST     63           200 PM
 AVERAGE    80

..........................................................


THE MUSCLE SHOALS CLIMATE NORMALS FOR TODAY
                         NORMAL    RECORD    YEAR
 MAXIMUM TEMPERATURE (F)   51        75      2008
                                             1911
 MINIMUM TEMPERATURE (F)   32        10      1935
                                             1902


SUNRISE AND SUNSET
DECEMBER 27 2014......SUNRISE   656 AM CST   SUNSET   447 PM CST
DECEMBER 28 2014......SUNRISE   657 AM CST   SUNSET   447 PM CST


-  INDICATES NEGATIVE NUMBERS.
R  INDICATES RECORD WAS SET OR TIED.
MM INDICATES DATA IS MISSING.
T  INDICATES TRACE AMOUNT.




$$
