948
CDUS44 KHUN 030707
CLIMSL


CLIMATE REPORT
NATIONAL WEATHER SERVICE HUNTSVILLE AL
207 AM CDT TUE MAY 3 2016


...................................

...THE MUSCLE SHOALS CLIMATE SUMMARY FOR MAY 2 2016...

CLIMATE NORMAL PERIOD 1981 TO 2010
CLIMATE RECORD PERIOD 1893 TO 2016


WEATHER ITEM   OBSERVED TIME   RECORD YEAR NORMAL DEPARTURE LAST
                VALUE   (LST)  VALUE       VALUE  FROM      YEAR
                                                  NORMAL
..................................................................
TEMPERATURE (F)
 YESTERDAY
  MAXIMUM         72    146 PM  92    2012  78     -6       77
                                      1901
  MINIMUM         61    453 AM  32    1909  55      6       44
  AVERAGE         67                        66      1       61

PRECIPITATION (IN)
  YESTERDAY        0.03          2.56 2010   0.16  -0.13     0.00
  MONTH TO DATE    0.03                      0.31  -0.28     0.00
  SINCE MAR 1      8.21                      9.42  -1.21    11.60
  SINCE JAN 1     15.34                     18.69  -3.35    18.88

SNOWFALL (IN)
  YESTERDAY        0.0
  MONTH TO DATE    0.0
  SINCE MAR 1      0.0
  SINCE JUL 1      T
  SNOW DEPTH      MM

DEGREE DAYS
 HEATING
  YESTERDAY        0                         2     -2        4
  MONTH TO DATE    0                         4     -4        9
  SINCE MAR 1    333                       542   -209      452
  SINCE JUL 1   2334                      3077   -743     3223

 COOLING
  YESTERDAY        2                         3     -1        0
  MONTH TO DATE    8                         6      2        0
  SINCE MAR 1     92                        70     22       56
  SINCE JAN 1     92                        71     21       56
..................................................................


WIND (MPH)
  HIGHEST WIND SPEED    15   HIGHEST WIND DIRECTION    NW (330)
  HIGHEST GUST SPEED    18   HIGHEST GUST DIRECTION    NW (320)
  AVERAGE WIND SPEED     4.8


SKY COVER
  POSSIBLE SUNSHINE  MM
  AVERAGE SKY COVER 0.8


WEATHER CONDITIONS
 THE FOLLOWING WEATHER WAS RECORDED YESTERDAY.
  LIGHT RAIN
  FOG


RELATIVE HUMIDITY (PERCENT)
 HIGHEST    90          1000 PM
 LOWEST     78           400 PM
 AVERAGE    84

..........................................................


THE MUSCLE SHOALS CLIMATE NORMALS FOR TODAY
                         NORMAL    RECORD    YEAR
 MAXIMUM TEMPERATURE (F)   78        91      1902
 MINIMUM TEMPERATURE (F)   55        36      1918


SUNRISE AND SUNSET
MAY  3 2016...........SUNRISE   558 AM CDT   SUNSET   738 PM CDT
MAY  4 2016...........SUNRISE   557 AM CDT   SUNSET   738 PM CDT


-  INDICATES NEGATIVE NUMBERS.
R  INDICATES RECORD WAS SET OR TIED.
MM INDICATES DATA IS MISSING.
T  INDICATES TRACE AMOUNT.




$$
