000
CDUS44 KHUN 040703
CLIMSL


CLIMATE REPORT
NATIONAL WEATHER SERVICE HUNTSVILLE AL
202 AM CDT SAT JUL 4 2015


...................................

...THE MUSCLE SHOALS CLIMATE SUMMARY FOR JULY 3 2015...

CLIMATE NORMAL PERIOD 1981 TO 2010
CLIMATE RECORD PERIOD 1893 TO 2015


WEATHER ITEM   OBSERVED TIME   RECORD YEAR NORMAL DEPARTURE LAST
                VALUE   (LST)  VALUE       VALUE  FROM      YEAR
                                                  NORMAL
..................................................................
TEMPERATURE (F)
 YESTERDAY
  MAXIMUM         79   1211 AM 104    1925  90    -11       86
  MINIMUM         70   1159 PM  52    1924  69      1       67
  AVERAGE         75                        80     -5       77

PRECIPITATION (IN)
  YESTERDAY        1.61          2.00 1936   0.16   1.45     0.00
  MONTH TO DATE    2.27                      0.47   1.80     0.00
  SINCE JUN 1      4.63                      5.23  -0.60     7.47
  SINCE JAN 1     28.52                     28.73  -0.21    24.26

SNOWFALL (IN)
  YESTERDAY        0.0
  MONTH TO DATE    0.0
  SINCE JUN 1      0.0
  SINCE JUL 1      0.0
  SNOW DEPTH       0

DEGREE DAYS
 HEATING
  YESTERDAY        0                         0      0        0
  MONTH TO DATE    0                         0      0        0
  SINCE JUN 1      0                         1     -1        0
  SINCE JUL 1      0                         0      0        0

 COOLING
  YESTERDAY       10                        15     -5       12
  MONTH TO DATE   37                        45     -8       47
  SINCE JUN 1    495                       407     88      448
  SINCE JAN 1    749                       651     98      705
..................................................................


WIND (MPH)
  HIGHEST WIND SPEED    22   HIGHEST WIND DIRECTION     W (250)
  HIGHEST GUST SPEED    26   HIGHEST GUST DIRECTION     W (250)
  AVERAGE WIND SPEED     9.3


SKY COVER
  POSSIBLE SUNSHINE  MM
  AVERAGE SKY COVER 0.8


WEATHER CONDITIONS
 THE FOLLOWING WEATHER WAS RECORDED YESTERDAY.
  THUNDERSTORM
  HEAVY RAIN
  RAIN
  LIGHT RAIN


RELATIVE HUMIDITY (PERCENT)
 HIGHEST    93           800 PM
 LOWEST     79          1200 AM
 AVERAGE    86

..........................................................


THE MUSCLE SHOALS CLIMATE NORMALS FOR TODAY
                         NORMAL    RECORD    YEAR
 MAXIMUM TEMPERATURE (F)   90       104      1925
 MINIMUM TEMPERATURE (F)   70        52      1924


SUNRISE AND SUNSET
JULY  4 2015..........SUNRISE   542 AM CDT   SUNSET   807 PM CDT
JULY  5 2015..........SUNRISE   543 AM CDT   SUNSET   807 PM CDT


-  INDICATES NEGATIVE NUMBERS.
R  INDICATES RECORD WAS SET OR TIED.
MM INDICATES DATA IS MISSING.
T  INDICATES TRACE AMOUNT.




$$
