967
CDUS44 KHUN 240800
CLIMSL


CLIMATE REPORT
NATIONAL WEATHER SERVICE HUNTSVILLE AL
200 AM CST TUE JAN 24 2017


...................................

...THE MUSCLE SHOALS CLIMATE SUMMARY FOR JANUARY 23 2017...

CLIMATE NORMAL PERIOD 1981 TO 2010
CLIMATE RECORD PERIOD 1893 TO 2017


WEATHER ITEM   OBSERVED TIME   RECORD YEAR NORMAL DEPARTURE LAST
                VALUE   (LST)  VALUE       VALUE  FROM      YEAR
                                                  NORMAL
..................................................................
TEMPERATURE (F)
 YESTERDAY
  MAXIMUM         59    243 PM  75    1943  51      8       37
                                      1909
  MINIMUM         41   1141 PM  -1    1963  31     10       25
  AVERAGE         50                        41      9       31

PRECIPITATION (IN)
  YESTERDAY        0.00          2.65 1999   0.15  -0.15     0.00
  MONTH TO DATE    4.61                      3.37   1.24     2.82
  SINCE DEC 1      9.95                      9.05   0.90     9.76
  SINCE JAN 1      4.61                      3.37   1.24     2.82

SNOWFALL (IN)
  YESTERDAY        0.0
  MONTH TO DATE    T
  SINCE DEC 1      T
  SINCE JUL 1      T
  SNOW DEPTH       0

DEGREE DAYS
 HEATING
  YESTERDAY       15                        24     -9       34
  MONTH TO DATE  302                       552   -250      605
  SINCE DEC 1    870                      1226   -356      958
  SINCE JUL 1   1198                      1788   -590     1323

 COOLING
  YESTERDAY        0                         0      0        0
  MONTH TO DATE    4                         0      4        0
  SINCE DEC 1      6                         1      5       22
  SINCE JAN 1      4                         0      4        0
..................................................................


WIND (MPH)
  HIGHEST WIND SPEED    29   HIGHEST WIND DIRECTION    NW (320)
  HIGHEST GUST SPEED    38   HIGHEST GUST DIRECTION    NW (310)
  AVERAGE WIND SPEED    13.3


SKY COVER
  POSSIBLE SUNSHINE  MM
  AVERAGE SKY COVER 0.5


WEATHER CONDITIONS
 THE FOLLOWING WEATHER WAS RECORDED YESTERDAY.
  NO SIGNIFICANT WEATHER WAS OBSERVED.


RELATIVE HUMIDITY (PERCENT)
 HIGHEST    80          1200 AM
 LOWEST     55           200 PM
 AVERAGE    68

..........................................................


THE MUSCLE SHOALS CLIMATE NORMALS FOR TODAY
                         NORMAL    RECORD    YEAR
 MAXIMUM TEMPERATURE (F)   51        78      1972
 MINIMUM TEMPERATURE (F)   31        -3      1963


SUNRISE AND SUNSET
JANUARY 24 2017.......SUNRISE   654 AM CST   SUNSET   512 PM CST
JANUARY 25 2017.......SUNRISE   653 AM CST   SUNSET   513 PM CST


-  INDICATES NEGATIVE NUMBERS.
R  INDICATES RECORD WAS SET OR TIED.
MM INDICATES DATA IS MISSING.
T  INDICATES TRACE AMOUNT.




$$
