513
CDUS44 KHUN 010702
CLIMSL


CLIMATE REPORT
NATIONAL WEATHER SERVICE HUNTSVILLE AL
202 AM CDT SAT OCT 1 2016


...................................

...THE MUSCLE SHOALS CLIMATE SUMMARY FOR SEPTEMBER 30 2016...

CLIMATE NORMAL PERIOD 1981 TO 2010
CLIMATE RECORD PERIOD 1893 TO 2016


WEATHER ITEM   OBSERVED TIME   RECORD YEAR NORMAL DEPARTURE LAST
                VALUE   (LST)  VALUE       VALUE  FROM      YEAR
                                                  NORMAL
..................................................................
TEMPERATURE (F)
 YESTERDAY
  MAXIMUM         75    408 PM  94    1933  80     -5       76
                                      1904
  MINIMUM         48    400 AM  35    1901  56     -8       65
  AVERAGE         62                        68     -6       71

PRECIPITATION (IN)
  YESTERDAY        0.00          2.22 1936   0.13  -0.13     0.00
  MONTH TO DATE    0.50                      3.72  -3.22     0.55
  SINCE SEP 1      0.50                      3.72  -3.22     0.55
  SINCE JAN 1     32.13                     39.43  -7.30    37.09

SNOWFALL (IN)
  YESTERDAY        0.0
  MONTH TO DATE    0.0
  SINCE SEP 1      0.0
  SINCE JUL 1      0.0
  SNOW DEPTH       0

DEGREE DAYS
 HEATING
  YESTERDAY        3                         2      1        0
  MONTH TO DATE    5                        14     -9        5
  SINCE SEP 1      5                        15    -10        5
  SINCE JUL 1      5                        15    -10        5

 COOLING
  YESTERDAY        0                         4     -4        6
  MONTH TO DATE  399                       259    140      266
  SINCE SEP 1    399                       259    140      266
  SINCE JAN 1   2202                      1802    400     1919
..................................................................


WIND (MPH)
  HIGHEST WIND SPEED    15   HIGHEST WIND DIRECTION    NW (300)
  HIGHEST GUST SPEED    20   HIGHEST GUST DIRECTION    NW (330)
  AVERAGE WIND SPEED     4.0


SKY COVER
  POSSIBLE SUNSHINE  MM
  AVERAGE SKY COVER 0.5


WEATHER CONDITIONS
 THE FOLLOWING WEATHER WAS RECORDED YESTERDAY.
  FOG
  FOG W/VISIBILITY <= 1/4 MILE


RELATIVE HUMIDITY (PERCENT)
 HIGHEST    93           400 AM
 LOWEST     36           300 PM
 AVERAGE    65

..........................................................


THE MUSCLE SHOALS CLIMATE NORMALS FOR TODAY
                         NORMAL    RECORD    YEAR
 MAXIMUM TEMPERATURE (F)   79        99      1925
 MINIMUM TEMPERATURE (F)   55        35      1920
                                             1916


SUNRISE AND SUNSET
OCTOBER  1 2016.......SUNRISE   645 AM CDT   SUNSET   634 PM CDT
OCTOBER  2 2016.......SUNRISE   646 AM CDT   SUNSET   632 PM CDT


-  INDICATES NEGATIVE NUMBERS.
R  INDICATES RECORD WAS SET OR TIED.
MM INDICATES DATA IS MISSING.
T  INDICATES TRACE AMOUNT.




$$
