000
CDUS43 KMKX 250656
CLIMSN


CLIMATE REPORT
NATIONAL WEATHER SERVICE IN MILWAUKEE
1256 AM CST SUN FEB 25 2018


...................................

...THE MADISON WI CLIMATE SUMMARY FOR FEBRUARY 24 2018...

CLIMATE NORMAL PERIOD 1981 TO 2010
CLIMATE RECORD PERIOD 1871 TO 2018


WEATHER ITEM   OBSERVED TIME   RECORD YEAR NORMAL DEPARTURE LAST
                VALUE   (LST)  VALUE       VALUE  FROM      YEAR
                                                  NORMAL
..................................................................
TEMPERATURE (F)
 YESTERDAY
  MAXIMUM         38   1159 PM  62    2002  34      4       33
  MINIMUM         24    545 AM -13    1889  18      6       22
  AVERAGE         31                        26      5       28

PRECIPITATION (IN)
  YESTERDAY        0.45          0.64 1892   0.06   0.39     0.43
  MONTH TO DATE    2.50                      1.21   1.29     1.40
  SINCE DEC 1      4.91                      4.18   0.73     6.19
  SINCE JAN 1      4.18                      2.44   1.74     4.16

SNOWFALL (IN)
  YESTERDAY        0.0           6.0  1938   0.4   -0.4      0.2
  MONTH TO DATE   13.3                       9.3    4.0      0.5
  SINCE DEC 1     27.2                      35.7   -8.5     34.3
  SINCE JUL 1     27.5                      39.8  -12.3     34.3
  SNOW DEPTH       0

DEGREE DAYS
 HEATING
  YESTERDAY       34                        39     -5       37
  MONTH TO DATE 1101                      1020     81      780
  SINCE DEC 1   3807                      3754     53     3362
  SINCE JUL 1   5166                      5333   -167     4384

 COOLING
  YESTERDAY        0                         0      0        0
  MONTH TO DATE    0                         0      0        0
  SINCE DEC 1      0                         0      0        0
  SINCE JAN 1      0                         0      0        0
..................................................................


WIND (MPH)
  HIGHEST WIND SPEED    21   HIGHEST WIND DIRECTION     E (110)
  HIGHEST GUST SPEED    30   HIGHEST GUST DIRECTION     E (110)
  AVERAGE WIND SPEED    12.0


SKY COVER
  POSSIBLE SUNSHINE  MM
  AVERAGE SKY COVER 0.9


WEATHER CONDITIONS
 THE FOLLOWING WEATHER WAS RECORDED YESTERDAY.
  RAIN
  LIGHT RAIN
  FOG
  HAZE


RELATIVE HUMIDITY (PERCENT)
 HIGHEST   100          1100 PM
 LOWEST     75          1200 PM
 AVERAGE    88

..........................................................


THE MADISON WI CLIMATE NORMALS FOR TODAY
                         NORMAL    RECORD    YEAR
 MAXIMUM TEMPERATURE (F)   35        64      2000
 MINIMUM TEMPERATURE (F)   18       -15      1967


SUNRISE AND SUNSET
FEBRUARY 25 2018......SUNRISE   640 AM CST   SUNSET   541 PM CST
FEBRUARY 26 2018......SUNRISE   638 AM CST   SUNSET   543 PM CST


-  INDICATES NEGATIVE NUMBERS.
R  INDICATES RECORD WAS SET OR TIED.
MM INDICATES DATA IS MISSING.
T  INDICATES TRACE AMOUNT.




$$
