000
CDUS43 KMKX 250713
CLIMSN


CLIMATE REPORT
NATIONAL WEATHER SERVICE IN MILWAUKEE
111 AM CST SAT FEB 25 2017


...................................

...THE MADISON WI CLIMATE SUMMARY FOR FEBRUARY 24 2017...

CLIMATE NORMAL PERIOD 1981 TO 2010
CLIMATE RECORD PERIOD 1871 TO 2017


WEATHER ITEM   OBSERVED TIME   RECORD YEAR NORMAL DEPARTURE LAST
                VALUE   (LST)  VALUE       VALUE  FROM      YEAR
                                                  NORMAL
..................................................................
TEMPERATURE (F)
 YESTERDAY
  MAXIMUM         33    504 AM  62    2002  34     -1       37
  MINIMUM         22   1159 PM -13    1889  18      4       31
  AVERAGE         28                        26      2       34

PRECIPITATION (IN)
  YESTERDAY        0.43          0.64 1892   0.06   0.37     0.00
  MONTH TO DATE    1.40                      1.21   0.19     0.50
  SINCE DEC 1      6.19                      4.18   2.01     4.81
  SINCE JAN 1      4.16                      2.44   1.72     1.48

SNOWFALL (IN)
  YESTERDAY        0.2           6.0  1938   0.4   -0.2      0.0
  MONTH TO DATE    0.5                       9.3   -8.8      6.0
  SINCE DEC 1     34.3                      35.7   -1.4     20.3
  SINCE JUL 1     34.3                      39.8   -5.5     24.4
  SNOW DEPTH       0

DEGREE DAYS
 HEATING
  YESTERDAY       37                        39     -2       31
  MONTH TO DATE  780                      1020   -240      960
  SINCE DEC 1   3362                      3754   -392     3271
  SINCE JUL 1   4384                      5333   -949     4462

 COOLING
  YESTERDAY        0                         0      0        0
  MONTH TO DATE    0                         0      0        0
  SINCE DEC 1      0                         0      0        0
  SINCE JAN 1      0                         0      0        0
..................................................................


WIND (MPH)
  HIGHEST WIND SPEED    29   HIGHEST WIND DIRECTION    NE (50)
  HIGHEST GUST SPEED    35   HIGHEST GUST DIRECTION    NE (60)
  AVERAGE WIND SPEED    16.5


SKY COVER
  POSSIBLE SUNSHINE  MM
  AVERAGE SKY COVER 1.0


WEATHER CONDITIONS
 THE FOLLOWING WEATHER WAS RECORDED YESTERDAY.
  THUNDERSTORM
  HEAVY RAIN
  RAIN
  LIGHT RAIN
  FREEZING RAIN
  LT FREEZING RAIN
  SNOW
  LIGHT SNOW
  SLEET
  FOG


RELATIVE HUMIDITY (PERCENT)
 HIGHEST    92           700 AM
 LOWEST     88          1100 PM
 AVERAGE    90

..........................................................


THE MADISON WI CLIMATE NORMALS FOR TODAY
                         NORMAL    RECORD    YEAR
 MAXIMUM TEMPERATURE (F)   35        64      2000
 MINIMUM TEMPERATURE (F)   18       -15      1967


SUNRISE AND SUNSET
FEBRUARY 25 2017......SUNRISE   639 AM CST   SUNSET   542 PM CST
FEBRUARY 26 2017......SUNRISE   638 AM CST   SUNSET   543 PM CST


-  INDICATES NEGATIVE NUMBERS.
R  INDICATES RECORD WAS SET OR TIED.
MM INDICATES DATA IS MISSING.
T  INDICATES TRACE AMOUNT.




$$
