000
CDUS43 KMKX 020652
CLIMSN


CLIMATE REPORT
NATIONAL WEATHER SERVICE IN MILWAUKEE
151 AM CDT THU OCT 2 2014


...................................

...THE MADISON WI CLIMATE SUMMARY FOR OCTOBER 1 2014...

CLIMATE NORMAL PERIOD 1981 TO 2010
CLIMATE RECORD PERIOD 1871 TO 2014


WEATHER ITEM   OBSERVED TIME   RECORD YEAR NORMAL DEPARTURE LAST
                VALUE   (LST)  VALUE       VALUE  FROM      YEAR
                                                  NORMAL
..................................................................
TEMPERATURE (F)
 YESTERDAY
  MAXIMUM         70    421 PM  90    1976  65      5       79
  MINIMUM         49    352 AM  27    1974  44      5       52
  AVERAGE         60                        54      6       66

PRECIPITATION (IN)
  YESTERDAY        0.00          1.53 1926   0.08  -0.08     0.00
                                      1884
  MONTH TO DATE    0.00                      0.08  -0.08     0.00
  SINCE SEP 1      1.84                      3.21  -1.37     3.19
  SINCE JAN 1     29.65                     28.03   1.62    39.67

SNOWFALL (IN)
  YESTERDAY        0.0           0.0    MM   0.0    0.0      0.0
  MONTH TO DATE    0.0                       0.0    0.0      0.0
  SINCE SEP 1      0.0                       0.0    0.0      0.0
  SINCE JUL 1      0.0                       0.0    0.0      0.0
  SNOW DEPTH       0

DEGREE DAYS
 HEATING
  YESTERDAY        5                        11     -6        0
  MONTH TO DATE    5                        11     -6        0
  SINCE SEP 1    171                       182    -11      127
  SINCE JUL 1    188                       219    -31      157

 COOLING
  YESTERDAY        0                         0      0        1
  MONTH TO DATE    0                         0      0        1
  SINCE SEP 1     44                        51     -7       95
  SINCE JAN 1    620                       564     56      708
..................................................................


WIND (MPH)
  HIGHEST WIND SPEED    20   HIGHEST WIND DIRECTION    SE (140)
  HIGHEST GUST SPEED    25   HIGHEST GUST DIRECTION    SE (130)
  AVERAGE WIND SPEED     9.9


SKY COVER
  POSSIBLE SUNSHINE  MM
  AVERAGE SKY COVER 0.9


WEATHER CONDITIONS
 THE FOLLOWING WEATHER WAS RECORDED YESTERDAY.
  NO SIGNIFICANT WEATHER WAS OBSERVED.


RELATIVE HUMIDITY (PERCENT)
 HIGHEST    93           300 AM
 LOWEST     53           200 PM
 AVERAGE    73

..........................................................


THE MADISON WI CLIMATE NORMALS FOR TODAY
                         NORMAL    RECORD    YEAR
 MAXIMUM TEMPERATURE (F)   65        87      1953
 MINIMUM TEMPERATURE (F)   43        22      2003
                                             1974


SUNRISE AND SUNSET
OCTOBER  2 2014.......SUNRISE   656 AM CDT   SUNSET   637 PM CDT
OCTOBER  3 2014.......SUNRISE   657 AM CDT   SUNSET   635 PM CDT


-  INDICATES NEGATIVE NUMBERS.
R  INDICATES RECORD WAS SET OR TIED.
MM INDICATES DATA IS MISSING.
T  INDICATES TRACE AMOUNT.




$$
