000
CDUS45 KMSO 190840
CLIMSO


CLIMATE REPORT
NATIONAL WEATHER SERVICE MISSOULA, MT
139 AM MST SUN FEB 19 2017


...................................

...THE MISSOULA MT CLIMATE SUMMARY FOR FEBRUARY 18 2017...

CLIMATE NORMAL PERIOD 1981 TO 2010
CLIMATE RECORD PERIOD 1893 TO 2017


WEATHER ITEM   OBSERVED TIME   RECORD YEAR NORMAL DEPARTURE LAST
                VALUE   (LST)  VALUE       VALUE  FROM      YEAR
                                                  NORMAL
..................................................................
TEMPERATURE (F)
 YESTERDAY
  MAXIMUM         43    256 PM  64    1930  40      3       48
  MINIMUM         28   1250 AM -11    1942  21      7       31
  AVERAGE         36                        30      6       40

PRECIPITATION (IN)
  YESTERDAY        T             0.34 1962   0.03  -0.03     0.02
  MONTH TO DATE    1.42                      0.44   0.98     0.37
  SINCE OCT 1      7.06                      4.22   2.84     4.36
  SINCE JAN 1      2.40                      1.29   1.11     0.97

SNOWFALL (IN)
  YESTERDAY        T
  MONTH TO DATE    9.2
  SINCE JAN 1     23.0
  SINCE JUL 1     52.1
  SNOW DEPTH       6

DEGREE DAYS
 HEATING
  YESTERDAY       29                        35     -6       25
  MONTH TO DATE  691                       650     41      558
  SINCE DEC 1   3688                      3143    545     3032
  SINCE JUL 1   5442                      5039    403     4885

 COOLING
  YESTERDAY        0                         0      0        0
  MONTH TO DATE    0                         0      0        0
  SINCE DEC 1      0                         0      0        0
  SINCE JAN 1      0                         0      0        0
..................................................................


WIND (MPH)
  HIGHEST WIND SPEED    10   HIGHEST WIND DIRECTION     S (160)
  HIGHEST GUST SPEED    12   HIGHEST GUST DIRECTION     S (160)
  AVERAGE WIND SPEED     2.1


SKY COVER
  POSSIBLE SUNSHINE  MM
  AVERAGE SKY COVER 0.9


WEATHER CONDITIONS
 THE FOLLOWING WEATHER WAS RECORDED YESTERDAY.
  LIGHT SNOW


RELATIVE HUMIDITY (PERCENT)
 HIGHEST   100           500 AM
 LOWEST     62           300 PM
 AVERAGE    81

..........................................................


THE MISSOULA MT CLIMATE NORMALS FOR TODAY
                         NORMAL    RECORD    YEAR
 MAXIMUM TEMPERATURE (F)   40        59      1995
 MINIMUM TEMPERATURE (F)   22        -2      2006
                                             1932


SUNRISE AND SUNSET
FEBRUARY 19 2017......SUNRISE   733 AM MST   SUNSET   608 PM MST
FEBRUARY 20 2017......SUNRISE   732 AM MST   SUNSET   609 PM MST


-  INDICATES NEGATIVE NUMBERS.
R  INDICATES RECORD WAS SET OR TIED.
MM INDICATES DATA IS MISSING.
T  INDICATES TRACE AMOUNT.




$$
