000
CDUS45 KMSO 260740
CLIMSO


CLIMATE REPORT
NATIONAL WEATHER SERVICE MISSOULA, MT
140 AM MDT SAT JUL 26 2014


...................................

...THE MISSOULA MT CLIMATE SUMMARY FOR JULY 25 2014...

CLIMATE NORMAL PERIOD 1981 TO 2010
CLIMATE RECORD PERIOD 1893 TO 2014


WEATHER ITEM   OBSERVED TIME   RECORD YEAR NORMAL DEPARTURE LAST
                VALUE   (LST)  VALUE       VALUE  FROM      YEAR
                                                  NORMAL
..................................................................
TEMPERATURE (F)
 YESTERDAY
  MAXIMUM         80    454 PM 101    1933  88     -8       97
  MINIMUM         45    308 AM  40    1960  52     -7       55
                                      1893
  AVERAGE         63                        70     -7       76

PRECIPITATION (IN)
  YESTERDAY        0.00          0.48 1955   0.03  -0.03     0.00
  MONTH TO DATE    0.24                      0.82  -0.58     0.09
  SINCE OCT 1     10.79                     11.60  -0.81    10.69
  SINCE JAN 1      9.08                      8.67   0.41     5.90

SNOWFALL (IN)
  YESTERDAY        0.0
  MONTH TO DATE    0.0
  SINCE JAN 1     51.9
  SINCE JUL 1      0.0
  SNOW DEPTH       0

DEGREE DAYS
 HEATING
  YESTERDAY        2                         1      1        0
  MONTH TO DATE    6                        36    -30        0
  SINCE JUN 1    183                       196    -13      141
  SINCE JUL 1      6                        36    -30        0

 COOLING
  YESTERDAY        0                         6     -6       11
  MONTH TO DATE  184                       116     68      213
  SINCE JUN 1    192                       153     39      256
  SINCE JAN 1    192                       159     33      260
..................................................................


WIND (MPH)
  HIGHEST WIND SPEED    23   HIGHEST WIND DIRECTION     W (290)
  HIGHEST GUST SPEED    28   HIGHEST GUST DIRECTION     N (340)
  AVERAGE WIND SPEED     7.4


SKY COVER
  POSSIBLE SUNSHINE  MM
  AVERAGE SKY COVER 0.2


WEATHER CONDITIONS
 THE FOLLOWING WEATHER WAS RECORDED YESTERDAY.
  NO SIGNIFICANT WEATHER WAS OBSERVED.


RELATIVE HUMIDITY (PERCENT)
 HIGHEST    71           200 AM
 LOWEST     20           400 PM
 AVERAGE    46

..........................................................


THE MISSOULA MT CLIMATE NORMALS FOR TODAY
                         NORMAL    RECORD    YEAR
 MAXIMUM TEMPERATURE (F)   88       101      1994
                                             1933
 MINIMUM TEMPERATURE (F)   53        38      1963


SUNRISE AND SUNSET
JULY 26 2014..........SUNRISE   609 AM MDT   SUNSET   916 PM MDT
JULY 27 2014..........SUNRISE   610 AM MDT   SUNSET   915 PM MDT


-  INDICATES NEGATIVE NUMBERS.
R  INDICATES RECORD WAS SET OR TIED.
MM INDICATES DATA IS MISSING.
T  INDICATES TRACE AMOUNT.




$$
