000
CDUS45 KMSO 140840
CLIMSO


CLIMATE REPORT
NATIONAL WEATHER SERVICE MISSOULA, MT
140 AM MST SUN FEB 14 2016


...................................

...THE MISSOULA MT CLIMATE SUMMARY FOR FEBRUARY 13 2016...

CLIMATE NORMAL PERIOD 1981 TO 2010
CLIMATE RECORD PERIOD 1893 TO 2016


WEATHER ITEM   OBSERVED TIME   RECORD YEAR NORMAL DEPARTURE LAST
                VALUE   (LST)  VALUE       VALUE  FROM      YEAR
                                                  NORMAL
..................................................................
TEMPERATURE (F)
 YESTERDAY
  MAXIMUM         45    335 PM  57    1924  38      7       54
  MINIMUM         32    112 AM -20    1895  21     11       30
  AVERAGE         39                        29     10       42

PRECIPITATION (IN)
  YESTERDAY        0.03          0.23 1984   0.03   0.00     0.00
  MONTH TO DATE    0.25                      0.32  -0.07     0.80
  SINCE OCT 1      4.24                      4.10   0.14     7.33
  SINCE JAN 1      0.85                      1.17  -0.32     2.02

SNOWFALL (IN)
  YESTERDAY        T
  MONTH TO DATE    4.6
  SINCE JAN 1     11.2
  SINCE JUL 1     28.3
  SNOW DEPTH       T

DEGREE DAYS
 HEATING
  YESTERDAY       26                        36    -10       23
  MONTH TO DATE  440                       475    -35      345
  SINCE DEC 1   2914                      2968    -54     2735
  SINCE JUL 1   4767                      4864    -97     4491

 COOLING
  YESTERDAY        0                         0      0        0
  MONTH TO DATE    0                         0      0        0
  SINCE DEC 1      0                         0      0        0
  SINCE JAN 1      0                         0      0        0
..................................................................


WIND (MPH)
  HIGHEST WIND SPEED    20   HIGHEST WIND DIRECTION    NW (330)
  HIGHEST GUST SPEED    26   HIGHEST GUST DIRECTION     N (340)
  AVERAGE WIND SPEED     4.6


SKY COVER
  POSSIBLE SUNSHINE  MM
  AVERAGE SKY COVER 0.9


WEATHER CONDITIONS
 THE FOLLOWING WEATHER WAS RECORDED YESTERDAY.
  LIGHT RAIN
  FOG
  FOG W/VISIBILITY <= 1/4 MILE


RELATIVE HUMIDITY (PERCENT)
 HIGHEST   100           600 AM
 LOWEST     51           900 PM
 AVERAGE    76

..........................................................


THE MISSOULA MT CLIMATE NORMALS FOR TODAY
                         NORMAL    RECORD    YEAR
 MAXIMUM TEMPERATURE (F)   38        57      1971
 MINIMUM TEMPERATURE (F)   21       -14      1895


SUNRISE AND SUNSET
FEBRUARY 14 2016......SUNRISE   743 AM MST   SUNSET   559 PM MST
FEBRUARY 15 2016......SUNRISE   741 AM MST   SUNSET   600 PM MST


-  INDICATES NEGATIVE NUMBERS.
R  INDICATES RECORD WAS SET OR TIED.
MM INDICATES DATA IS MISSING.
T  INDICATES TRACE AMOUNT.




$$
