000
CDUS45 KMSO 262231
CLIMSO


CLIMATE REPORT
NATIONAL WEATHER SERVICE MISSOULA, MT
431 PM MDT FRI MAY 26 2017


...................................

...THE MISSOULA MT CLIMATE SUMMARY FOR MAY 26 2017...
VALID TODAY AS OF 0400 PM LOCAL TIME.

CLIMATE NORMAL PERIOD 1981 TO 2010
CLIMATE RECORD PERIOD 1893 TO 2017


WEATHER ITEM   OBSERVED TIME   RECORD YEAR NORMAL DEPARTURE LAST
                VALUE   (LST)  VALUE       VALUE  FROM      YEAR
                                                  NORMAL
..................................................................
TEMPERATURE (F)
 TODAY
  MAXIMUM         68    259 PM  93    1986  70     -2       66
  MINIMUM         41    545 AM  26    1893  43     -2       49
  AVERAGE         55                        56     -1       58

PRECIPITATION (IN)
  TODAY            T             0.99 1998   0.08  -0.08     0.24
  MONTH TO DATE    1.33                      1.58  -0.25     1.70
  SINCE OCT 1     12.63                      8.28   4.35     8.37
  SINCE JAN 1      7.97                      5.35   2.62     4.98

SNOWFALL (IN)
  TODAY            0.0
  MONTH TO DATE    2.7
  SINCE JAN 1     38.2
  SINCE JUL 1     67.3
  SNOW DEPTH       0

DEGREE DAYS
 HEATING
  TODAY           10                         9      1        7
  MONTH TO DATE  324                       317      7      274
  SINCE MAR 1   1696                      1711    -15     1488
  SINCE JUL 1   7472                      7080    392     6672

 COOLING
  TODAY            0                         0      0        0
  MONTH TO DATE    0                         0      0        0
  SINCE MAR 1      0                         0      0        0
  SINCE JAN 1      0                         0      0        0
..................................................................


WIND (MPH)
  HIGHEST WIND SPEED    20   HIGHEST WIND DIRECTION     W (270)
  HIGHEST GUST SPEED    29   HIGHEST GUST DIRECTION    NW (300)
  AVERAGE WIND SPEED     3.3


SKY COVER
  POSSIBLE SUNSHINE  MM
  AVERAGE SKY COVER 0.2


WEATHER CONDITIONS
 THE FOLLOWING WEATHER WAS RECORDED TODAY.
  LIGHT RAIN


RELATIVE HUMIDITY (PERCENT)
 HIGHEST    76           400 AM
 LOWEST     32           300 PM
 AVERAGE    54

..........................................................


THE MISSOULA MT CLIMATE NORMALS FOR TOMORROW
                         NORMAL    RECORD    YEAR
 MAXIMUM TEMPERATURE (F)   70        92      1986
                                             1934
 MINIMUM TEMPERATURE (F)   43        28      1973
                                             1918


SUNRISE AND SUNSET
MAY 26 2017...........SUNRISE   550 AM MDT   SUNSET   918 PM MDT
MAY 27 2017...........SUNRISE   549 AM MDT   SUNSET   919 PM MDT


-  INDICATES NEGATIVE NUMBERS.
R  INDICATES RECORD WAS SET OR TIED.
MM INDICATES DATA IS MISSING.
T  INDICATES TRACE AMOUNT.




$$
