000
CDUS45 KMSO 232332
CLIMSO


CLIMATE REPORT
NATIONAL WEATHER SERVICE MISSOULA, MT
432 PM MST MON JAN 23 2017


...................................

...THE MISSOULA MT CLIMATE SUMMARY FOR JANUARY 23 2017...
VALID TODAY AS OF 0400 PM LOCAL TIME.

CLIMATE NORMAL PERIOD 1981 TO 2010
CLIMATE RECORD PERIOD 1893 TO 2017


WEATHER ITEM   OBSERVED TIME   RECORD YEAR NORMAL DEPARTURE LAST
                VALUE   (LST)  VALUE       VALUE  FROM      YEAR
                                                  NORMAL
..................................................................
TEMPERATURE (F)
 TODAY
  MAXIMUM         33    359 PM  52    1919  34     -1       31
  MINIMUM         18    830 AM -20    1930  19     -1       18
  AVERAGE         26                        27     -1       25

PRECIPITATION (IN)
  TODAY            0.02          0.68 1982   0.02   0.00     0.02
  MONTH TO DATE    0.94                      0.65   0.29     0.37
  SINCE OCT 1      5.60                      3.58   2.02     3.76
  SINCE JAN 1      0.94                      0.65   0.29     0.37

SNOWFALL (IN)
  TODAY            0.2
  MONTH TO DATE   12.3
  SINCE JAN 1     12.3
  SINCE JUL 1     41.4
  SNOW DEPTH      12

DEGREE DAYS
 HEATING
  TODAY           39                        38      1       40
  MONTH TO DATE 1244                       914    330      983
  SINCE DEC 1   2662                      2190    472     2206
  SINCE JUL 1   4416                      4086    330     4059

 COOLING
  TODAY            0                         0      0        0
  MONTH TO DATE    0                         0      0        0
  SINCE DEC 1      0                         0      0        0
  SINCE JAN 1      0                         0      0        0
..................................................................


WIND (MPH)
  HIGHEST WIND SPEED    15   HIGHEST WIND DIRECTION     N (340)
  HIGHEST GUST SPEED    17   HIGHEST GUST DIRECTION     N (340)
  AVERAGE WIND SPEED     5.1


SKY COVER
  POSSIBLE SUNSHINE  MM
  AVERAGE SKY COVER 0.9


WEATHER CONDITIONS
 THE FOLLOWING WEATHER WAS RECORDED TODAY.
  LIGHT SNOW
  FOG
  FOG W/VISIBILITY <= 1/4 MILE


RELATIVE HUMIDITY (PERCENT)
 HIGHEST   100           100 AM
 LOWEST     75           300 PM
 AVERAGE    88

..........................................................


THE MISSOULA MT CLIMATE NORMALS FOR TOMORROW
                         NORMAL    RECORD    YEAR
 MAXIMUM TEMPERATURE (F)   34        51      1935
 MINIMUM TEMPERATURE (F)   19       -22      1949


SUNRISE AND SUNSET
JANUARY 23 2017.......SUNRISE   811 AM MST   SUNSET   526 PM MST
JANUARY 24 2017.......SUNRISE   810 AM MST   SUNSET   528 PM MST


-  INDICATES NEGATIVE NUMBERS.
R  INDICATES RECORD WAS SET OR TIED.
MM INDICATES DATA IS MISSING.
T  INDICATES TRACE AMOUNT.




$$
