000
CDUS45 KMSO 010737
CLIMSO


CLIMATE REPORT
NATIONAL WEATHER SERVICE MISSOULA, MT
137 AM MDT SAT AUG 1 2015


...................................

...THE MISSOULA MT CLIMATE SUMMARY FOR JULY 31 2015...

CLIMATE NORMAL PERIOD 1981 TO 2010
CLIMATE RECORD PERIOD 1893 TO 2015


WEATHER ITEM   OBSERVED TIME   RECORD YEAR NORMAL DEPARTURE LAST
                VALUE   (LST)  VALUE       VALUE  FROM      YEAR
                                                  NORMAL
..................................................................
TEMPERATURE (F)
 YESTERDAY
  MAXIMUM         94    618 PM 101    1908  88      6       96
  MINIMUM         50    613 AM  38    1995  52     -2       54
                                      1911
  AVERAGE         72                        70      2       75

PRECIPITATION (IN)
  YESTERDAY        0.00          0.78 1946   0.03  -0.03     0.00
  MONTH TO DATE    1.52                      0.99   0.53     0.24
  SINCE OCT 1     11.26                     11.77  -0.51    10.79
  SINCE JAN 1      5.95                      8.84  -2.89     9.08

SNOWFALL (IN)
  YESTERDAY        0.0
  MONTH TO DATE    0.0
  SINCE JAN 1     13.3
  SINCE JUL 1      0.0
  SNOW DEPTH       0

DEGREE DAYS
 HEATING
  YESTERDAY        0                         1     -1        0
  MONTH TO DATE   21                        42    -21        6
  SINCE JUN 1     68                       198   -130      183
  SINCE JUL 1     21                        38    -17        6

 COOLING
  YESTERDAY        7                         6      1       10
  MONTH TO DATE  141                       151    -10      232
  SINCE JUN 1    283                       188     95      240
  SINCE JAN 1    283                       194     89      240
..................................................................


WIND (MPH)
  HIGHEST WIND SPEED    12   HIGHEST WIND DIRECTION     S (160)
  HIGHEST GUST SPEED    14   HIGHEST GUST DIRECTION    SW (240)
  AVERAGE WIND SPEED     2.4


SKY COVER
  POSSIBLE SUNSHINE  MM
  AVERAGE SKY COVER 0.0


WEATHER CONDITIONS
 THE FOLLOWING WEATHER WAS RECORDED YESTERDAY.
  NO SIGNIFICANT WEATHER WAS OBSERVED.


RELATIVE HUMIDITY (PERCENT)
 HIGHEST    68           500 AM
 LOWEST      9           600 PM
 AVERAGE    39

..........................................................


THE MISSOULA MT CLIMATE NORMALS FOR TODAY
                         NORMAL    RECORD    YEAR
 MAXIMUM TEMPERATURE (F)   88       101      1971
                                             1893
 MINIMUM TEMPERATURE (F)   52        30      1901


SUNRISE AND SUNSET
AUGUST  1 2015........SUNRISE   616 AM MDT   SUNSET   909 PM MDT
AUGUST  2 2015........SUNRISE   617 AM MDT   SUNSET   907 PM MDT


-  INDICATES NEGATIVE NUMBERS.
R  INDICATES RECORD WAS SET OR TIED.
MM INDICATES DATA IS MISSING.
T  INDICATES TRACE AMOUNT.




$$
