000
CDUS45 KMSO 050739
CLIMSO


CLIMATE REPORT
NATIONAL WEATHER SERVICE MISSOULA, MT
138 AM MDT SAT SEP 5 2015


...................................

...THE MISSOULA MT CLIMATE SUMMARY FOR SEPTEMBER 4 2015...

CLIMATE NORMAL PERIOD 1981 TO 2010
CLIMATE RECORD PERIOD 1893 TO 2015


WEATHER ITEM   OBSERVED TIME   RECORD YEAR NORMAL DEPARTURE LAST
                VALUE   (LST)  VALUE       VALUE  FROM      YEAR
                                                  NORMAL
..................................................................
TEMPERATURE (F)
 YESTERDAY
  MAXIMUM         63    512 PM  95    1967  78    -15       71
  MINIMUM         39    326 AM  31    1962  46     -7       36
  AVERAGE         51                        62    -11       54

PRECIPITATION (IN)
  YESTERDAY        T             0.60 1897   0.04  -0.04     0.00
  MONTH TO DATE    0.17                      0.17   0.00      T
  SINCE OCT 1     11.63                     13.13  -1.50    11.73
  SINCE JAN 1      6.32                     10.20  -3.88    10.02

SNOWFALL (IN)
  YESTERDAY        0.0
  MONTH TO DATE    0.0
  SINCE JAN 1     13.3
  SINCE JUL 1      0.0
  SNOW DEPTH       0

DEGREE DAYS
 HEATING
  YESTERDAY       14                         4     10       11
  MONTH TO DATE   33                        16     17       34
  SINCE SEP 1     33                        16     17       34
  SINCE JUL 1     93                       100     -7       76

 COOLING
  YESTERDAY        0                         1     -1        0
  MONTH TO DATE    0                         5     -5        0
  SINCE SEP 1      0                         5     -5        0
  SINCE JAN 1    400                       322     78      378
..................................................................


WIND (MPH)
  HIGHEST WIND SPEED    20   HIGHEST WIND DIRECTION     E (70)
  HIGHEST GUST SPEED    27   HIGHEST GUST DIRECTION    SE (140)
  AVERAGE WIND SPEED     6.4


SKY COVER
  POSSIBLE SUNSHINE  MM
  AVERAGE SKY COVER 0.6


WEATHER CONDITIONS
 THE FOLLOWING WEATHER WAS RECORDED YESTERDAY.
  LIGHT RAIN
  FOG


RELATIVE HUMIDITY (PERCENT)
 HIGHEST   100           400 AM
 LOWEST     48           300 PM
 AVERAGE    74

..........................................................


THE MISSOULA MT CLIMATE NORMALS FOR TODAY
                         NORMAL    RECORD    YEAR
 MAXIMUM TEMPERATURE (F)   78        96      1967
 MINIMUM TEMPERATURE (F)   45        34      1897


SUNRISE AND SUNSET
SEPTEMBER  5 2015.....SUNRISE   701 AM MDT   SUNSET   808 PM MDT
SEPTEMBER  6 2015.....SUNRISE   702 AM MDT   SUNSET   806 PM MDT


-  INDICATES NEGATIVE NUMBERS.
R  INDICATES RECORD WAS SET OR TIED.
MM INDICATES DATA IS MISSING.
T  INDICATES TRACE AMOUNT.




$$
