000
CDUS45 KMSO 300738
CLIMSO


CLIMATE REPORT
NATIONAL WEATHER SERVICE MISSOULA, MT
137 AM MDT SAT APR 30 2016


...................................

...THE MISSOULA MT CLIMATE SUMMARY FOR APRIL 29 2016...

CLIMATE NORMAL PERIOD 1981 TO 2010
CLIMATE RECORD PERIOD 1893 TO 2016


WEATHER ITEM   OBSERVED TIME   RECORD YEAR NORMAL DEPARTURE LAST
                VALUE   (LST)  VALUE       VALUE  FROM      YEAR
                                                  NORMAL
..................................................................
TEMPERATURE (F)
 YESTERDAY
  MAXIMUM         53    426 PM  86    1926  62     -9       63
  MINIMUM         33    218 AM  23    1950  35     -2       37
  AVERAGE         43                        49     -6       50

PRECIPITATION (IN)
  YESTERDAY        0.02          0.60 1913   0.04  -0.02     0.00
  MONTH TO DATE    1.18                      1.18   0.00     0.46
  SINCE OCT 1      6.51                      6.66  -0.15     8.47
  SINCE JAN 1      3.12                      3.73  -0.61     3.16

SNOWFALL (IN)
  YESTERDAY        0.0
  MONTH TO DATE    0.0
  SINCE JAN 1     13.1
  SINCE JUL 1     30.2
  SNOW DEPTH       0

DEGREE DAYS
 HEATING
  YESTERDAY       22                        16      6       15
  MONTH TO DATE  420                       565   -145      604
  SINCE MAR 1   1198                      1379   -181     1324
  SINCE JUL 1   6382                      6748   -366     6316

 COOLING
  YESTERDAY        0                         0      0        0
  MONTH TO DATE    0                         0      0        0
  SINCE MAR 1      0                         0      0        0
  SINCE JAN 1      0                         0      0        0
..................................................................


WIND (MPH)
  HIGHEST WIND SPEED    15   HIGHEST WIND DIRECTION     N (360)
  HIGHEST GUST SPEED    18   HIGHEST GUST DIRECTION     N (10)
  AVERAGE WIND SPEED     5.6


SKY COVER
  POSSIBLE SUNSHINE  MM
  AVERAGE SKY COVER 1.0


WEATHER CONDITIONS
 THE FOLLOWING WEATHER WAS RECORDED YESTERDAY.
  LIGHT RAIN


RELATIVE HUMIDITY (PERCENT)
 HIGHEST    92           300 AM
 LOWEST     44           100 PM
 AVERAGE    68

..........................................................


THE MISSOULA MT CLIMATE NORMALS FOR TODAY
                         NORMAL    RECORD    YEAR
 MAXIMUM TEMPERATURE (F)   63        82      1941
 MINIMUM TEMPERATURE (F)   35        20      1909


SUNRISE AND SUNSET
APRIL 30 2016.........SUNRISE   622 AM MDT   SUNSET   846 PM MDT
MAY  1 2016...........SUNRISE   620 AM MDT   SUNSET   847 PM MDT


-  INDICATES NEGATIVE NUMBERS.
R  INDICATES RECORD WAS SET OR TIED.
MM INDICATES DATA IS MISSING.
T  INDICATES TRACE AMOUNT.




$$
