000
CDUS45 KMSO 290740
CLIMSO


CLIMATE REPORT
NATIONAL WEATHER SERVICE MISSOULA, MT
139 AM MDT FRI AUG 29 2014


...................................

...THE MISSOULA MT CLIMATE SUMMARY FOR AUGUST 28 2014...

CLIMATE NORMAL PERIOD 1981 TO 2010
CLIMATE RECORD PERIOD 1893 TO 2014


WEATHER ITEM   OBSERVED TIME   RECORD YEAR NORMAL DEPARTURE LAST
                VALUE   (LST)  VALUE       VALUE  FROM      YEAR
                                                  NORMAL
..................................................................
TEMPERATURE (F)
 YESTERDAY
  MAXIMUM         89    250 PM  97    1986  81      8       83
  MINIMUM         49    633 AM  32    1960  48      1       61
  AVERAGE         69                        64      5       72

PRECIPITATION (IN)
  YESTERDAY        0.00          0.69 1964   0.04  -0.04     0.01
  MONTH TO DATE    0.93                      1.06  -0.13     0.38
  SINCE OCT 1     11.72                     12.83  -1.11    11.07
  SINCE JAN 1     10.01                      9.90   0.11     6.28

SNOWFALL (IN)
  YESTERDAY        0.0
  MONTH TO DATE    0.0
  SINCE JAN 1     51.9
  SINCE JUL 1      0.0
  SNOW DEPTH       0

DEGREE DAYS
 HEATING
  YESTERDAY        0                         3     -3        0
  MONTH TO DATE   32                        38     -6        8
  SINCE JUN 1    215                       236    -21      149
  SINCE JUL 1     38                        76    -38        8

 COOLING
  YESTERDAY        4                         2      2        7
  MONTH TO DATE  132                       118     14      178
  SINCE JUN 1    372                       306     66      475
  SINCE JAN 1    372                       312     60      479
..................................................................


WIND (MPH)
  HIGHEST WIND SPEED    25   HIGHEST WIND DIRECTION     W (280)
  HIGHEST GUST SPEED    33   HIGHEST GUST DIRECTION     W (280)
  AVERAGE WIND SPEED     5.8


SKY COVER
  POSSIBLE SUNSHINE  MM
  AVERAGE SKY COVER 0.0


WEATHER CONDITIONS
 THE FOLLOWING WEATHER WAS RECORDED YESTERDAY.
  NO SIGNIFICANT WEATHER WAS OBSERVED.


RELATIVE HUMIDITY (PERCENT)
 HIGHEST    83           400 AM
 LOWEST     15           300 PM
 AVERAGE    49

..........................................................


THE MISSOULA MT CLIMATE NORMALS FOR TODAY
                         NORMAL    RECORD    YEAR
 MAXIMUM TEMPERATURE (F)   81        94      2006
                                             1998
                                             1948
 MINIMUM TEMPERATURE (F)   47        32      1980


SUNRISE AND SUNSET
AUGUST 29 2014........SUNRISE   652 AM MDT   SUNSET   821 PM MDT
AUGUST 30 2014........SUNRISE   653 AM MDT   SUNSET   820 PM MDT


-  INDICATES NEGATIVE NUMBERS.
R  INDICATES RECORD WAS SET OR TIED.
MM INDICATES DATA IS MISSING.
T  INDICATES TRACE AMOUNT.




$$
