000
CDUS45 KMSO 110843
CLIMSO


CLIMATE REPORT
NATIONAL WEATHER SERVICE MISSOULA, MT
139 AM MST SUN DEC 11 2016


...................................

...THE MISSOULA MT CLIMATE SUMMARY FOR DECEMBER 10 2016...

CLIMATE NORMAL PERIOD 1981 TO 2010
CLIMATE RECORD PERIOD 1893 TO 2016


WEATHER ITEM   OBSERVED TIME   RECORD YEAR NORMAL DEPARTURE LAST
                VALUE   (LST)  VALUE       VALUE  FROM      YEAR
                                                  NORMAL
..................................................................
TEMPERATURE (F)
 YESTERDAY
  MAXIMUM         28    354 PM  59    1896  31     -3       37
  MINIMUM         14    233 AM -19    1932  17     -3       30
  AVERAGE         21                        24     -3       34

PRECIPITATION (IN)
  YESTERDAY        0.14          0.48 1919   0.03   0.11     0.10
  MONTH TO DATE    0.43                      0.34   0.09     0.53
  SINCE OCT 1      3.60                      2.23   1.37     2.54
  SINCE JAN 1     12.93                     13.43  -0.50     9.21

SNOWFALL (IN)
  YESTERDAY        2.5
  MONTH TO DATE    9.6
  SINCE JAN 1     24.0
  SINCE JUL 1     10.9
  SNOW DEPTH       6

DEGREE DAYS
 HEATING
  YESTERDAY       44                        41      3       31
  MONTH TO DATE  419                       397     22      348
  SINCE DEC 1    419                       397     22      348
  SINCE JUL 1   2173                      2293   -120     2201

 COOLING
  YESTERDAY        0                         0      0        0
  MONTH TO DATE    0                         0      0        0
  SINCE DEC 1      0                         0      0        0
  SINCE JAN 1    287                       332    -45      401
..................................................................


WIND (MPH)
  HIGHEST WIND SPEED    13   HIGHEST WIND DIRECTION     S (200)
  HIGHEST GUST SPEED    14   HIGHEST GUST DIRECTION     S (200)
  AVERAGE WIND SPEED     2.5


SKY COVER
  POSSIBLE SUNSHINE  MM
  AVERAGE SKY COVER 1.0


WEATHER CONDITIONS
 THE FOLLOWING WEATHER WAS RECORDED YESTERDAY.
  HEAVY SNOW
  SNOW
  LIGHT SNOW
  FOG
  FOG W/VISIBILITY <= 1/4 MILE
  HAZE


RELATIVE HUMIDITY (PERCENT)
 HIGHEST   100           900 AM
 LOWEST     75           400 PM
 AVERAGE    88

..........................................................


THE MISSOULA MT CLIMATE NORMALS FOR TODAY
                         NORMAL    RECORD    YEAR
 MAXIMUM TEMPERATURE (F)   31        57      1896
 MINIMUM TEMPERATURE (F)   17       -15      1985
                                             1961


SUNRISE AND SUNSET
DECEMBER 11 2016......SUNRISE   812 AM MST   SUNSET   447 PM MST
DECEMBER 12 2016......SUNRISE   813 AM MST   SUNSET   448 PM MST


-  INDICATES NEGATIVE NUMBERS.
R  INDICATES RECORD WAS SET OR TIED.
MM INDICATES DATA IS MISSING.
T  INDICATES TRACE AMOUNT.




$$
