000
CDUS43 KMPX 230711
CLIMSP


CLIMATE REPORT
NATIONAL WEATHER SERVICE CHANHASSEN MN
211 AM CDT WED APR 23 2014


...................................

...THE TWIN CITIES MN CLIMATE SUMMARY FOR APRIL 22 2014...

CLIMATE NORMAL PERIOD 1981 TO 2010
CLIMATE RECORD PERIOD 1871 TO 2014


WEATHER ITEM   OBSERVED TIME   RECORD YEAR NORMAL DEPARTURE LAST
                VALUE   (LST)  VALUE       VALUE  FROM      YEAR
                                                  NORMAL
..................................................................
TEMPERATURE (F)
 YESTERDAY
  MAXIMUM         59    339 PM  90    1980  61     -2       44
  MINIMUM         38    554 AM  23    1874  40     -2       33
  AVERAGE         49                        51     -2       39

PRECIPITATION (IN)
  YESTERDAY        0.00          2.21 2001   0.09  -0.09     0.82
  MONTH TO DATE    2.04                      1.82   0.22     5.10
  SINCE MAR 1      2.86                      3.71  -0.85     7.14
  SINCE JAN 1      5.69                      5.38   0.31     9.33

SNOWFALL (IN)
  YESTERDAY        0.0           5.4  1963   0.0    0.0      3.5
  MONTH TO DATE    7.0                       2.0    5.0     17.6
  SINCE MAR 1     11.7                      12.3   -0.6     31.4
  SINCE JUL 1     69.8                      54.0   15.8     66.9
  SNOW DEPTH       0

DEGREE DAYS
 HEATING
  YESTERDAY       16                        15      1       26
  MONTH TO DATE  488                       430     58      624
  SINCE MAR 1   1705                      1428    277     1790
  SINCE JUL 1   8158                      7218    940     7324

 COOLING
  YESTERDAY        0                         0      0        0
  MONTH TO DATE    0                         0      0        0
  SINCE MAR 1      0                         0      0        0
  SINCE JAN 1      0                         0      0        0
..................................................................


WIND (MPH)
  HIGHEST WIND SPEED    21   HIGHEST WIND DIRECTION     N (350)
  HIGHEST GUST SPEED    33   HIGHEST GUST DIRECTION     N (20)
  AVERAGE WIND SPEED     9.5


SKY COVER
  POSSIBLE SUNSHINE  MM
  AVERAGE SKY COVER 0.3


WEATHER CONDITIONS
 THE FOLLOWING WEATHER WAS RECORDED YESTERDAY.
  NO SIGNIFICANT WEATHER WAS OBSERVED.


RELATIVE HUMIDITY (PERCENT)
 HIGHEST    70           400 AM
 LOWEST     30           300 PM
 AVERAGE    50

..........................................................


THE TWIN CITIES MN CLIMATE NORMALS FOR TODAY
                         NORMAL    RECORD    YEAR
 MAXIMUM TEMPERATURE (F)   62        86      1990
 MINIMUM TEMPERATURE (F)   41        19      1910


SUNRISE AND SUNSET
APRIL 23 2014.........SUNRISE   615 AM CDT   SUNSET   808 PM CDT
APRIL 24 2014.........SUNRISE   613 AM CDT   SUNSET   810 PM CDT


-  INDICATES NEGATIVE NUMBERS.
R  INDICATES RECORD WAS SET OR TIED.
MM INDICATES DATA IS MISSING.
T  INDICATES TRACE AMOUNT.




$$
