000
CDUS43 KMPX 160636
CLIMSP


CLIMATE REPORT
NATIONAL WEATHER SERVICE CHANHASSEN MN
135 AM CDT WED APR 16 2014


...................................

...THE TWIN CITIES MN CLIMATE SUMMARY FOR APRIL 15 2014...

CLIMATE NORMAL PERIOD 1981 TO 2010
CLIMATE RECORD PERIOD 1871 TO 2014


WEATHER ITEM   OBSERVED TIME   RECORD YEAR NORMAL DEPARTURE LAST
                VALUE   (LST)  VALUE       VALUE  FROM      YEAR
                                                  NORMAL
..................................................................
TEMPERATURE (F)
 YESTERDAY
  MAXIMUM         36    512 PM  91    2002  58    -22       40
  MINIMUM         18R   540 AM  18    1875  37    -19       33
                                      1935
  AVERAGE         27                        47    -20       37

PRECIPITATION (IN)
  YESTERDAY        0.00          1.19 2012   0.09  -0.09     0.00
  MONTH TO DATE    0.95                      1.20  -0.25     2.73
  SINCE MAR 1      1.77                      3.09  -1.32     4.77
  SINCE JAN 1      4.60                      4.76  -0.16     6.96

SNOWFALL (IN)
  YESTERDAY        0.0           2.0  1961   0.1   -0.1      0.0
  MONTH TO DATE    6.7                       1.6    5.1      6.8
  SINCE MAR 1     11.4                      11.9   -0.5     20.6
  SINCE JUL 1     69.5                      53.6   15.9     56.1
  SNOW DEPTH       0

DEGREE DAYS
 HEATING
  YESTERDAY       38                        18     20       28
  MONTH TO DATE  360                       319     41      428
  SINCE MAR 1   1577                      1317    260     1594
  SINCE JUL 1   8030                      7107    923     7128

 COOLING
  YESTERDAY        0                         0      0        0
  MONTH TO DATE    0                         0      0        0
  SINCE MAR 1      0                         0      0        0
  SINCE JAN 1      0                         0      0        0
..................................................................


WIND (MPH)
  HIGHEST WIND SPEED    17   HIGHEST WIND DIRECTION     E (110)
  HIGHEST GUST SPEED    19   HIGHEST GUST DIRECTION    NW (320)
  AVERAGE WIND SPEED     7.6


SKY COVER
  POSSIBLE SUNSHINE  MM
  AVERAGE SKY COVER 0.5


WEATHER CONDITIONS
 THE FOLLOWING WEATHER WAS RECORDED YESTERDAY.
  NO SIGNIFICANT WEATHER WAS OBSERVED.


RELATIVE HUMIDITY (PERCENT)
 HIGHEST    67           500 AM
 LOWEST     22           500 PM
 AVERAGE    45

..........................................................


THE TWIN CITIES MN CLIMATE NORMALS FOR TODAY
                         NORMAL    RECORD    YEAR
 MAXIMUM TEMPERATURE (F)   58        88      1964
 MINIMUM TEMPERATURE (F)   38        10      1875


SUNRISE AND SUNSET
APRIL 16 2014.........SUNRISE   627 AM CDT   SUNSET   759 PM CDT
APRIL 17 2014.........SUNRISE   625 AM CDT   SUNSET   801 PM CDT


-  INDICATES NEGATIVE NUMBERS.
R  INDICATES RECORD WAS SET OR TIED.
MM INDICATES DATA IS MISSING.
T  INDICATES TRACE AMOUNT.




$$
