000
CDUS41 KBTV 270618
CLIMSS


CLIMATE REPORT
NATIONAL WEATHER SERVICE BURLINGTON VT
216 AM EDT TUE JUN 27 2017


...................................

...THE MASSENA NY CLIMATE SUMMARY FOR JUNE 26 2017...

CLIMATE NORMAL PERIOD 1981 TO 2010
CLIMATE RECORD PERIOD 1948 TO 2017


WEATHER ITEM   OBSERVED TIME   RECORD YEAR NORMAL DEPARTURE LAST
                VALUE   (LST)  VALUE       VALUE  FROM      YEAR
                                                  NORMAL
..................................................................
TEMPERATURE (F)
 YESTERDAY
  MAXIMUM         72    259 PM  91    2016  78     -6       91
                                      1973
  MINIMUM         54   1159 PM  38    1970  56     -2       50
  AVERAGE         63                        67     -4       71

PRECIPITATION (IN)
  YESTERDAY        0.16          1.20        0.12   0.04     0.00
  MONTH TO DATE    3.81                      3.04   0.77     2.80
  SINCE JUN 1      3.81                      3.04   0.77     2.80
  SINCE JAN 1     18.46                     14.97   3.49    12.14

DEGREE DAYS
 HEATING
  YESTERDAY        2                         2      0        0
  MONTH TO DATE   81                        91    -10       65
  SINCE JUN 1     81                        91    -10       65
  SINCE JUL 1   7098                      8192  -1094     7163

 COOLING
  YESTERDAY        0                         4     -4        6
  MONTH TO DATE   74                        58     16       47
  SINCE JUN 1     74                        58     16       47
  SINCE JAN 1     90                        72     18       93
..................................................................


WIND (MPH)
  HIGHEST WIND SPEED    21   HIGHEST WIND DIRECTION    SW (230)
  HIGHEST GUST SPEED    33   HIGHEST GUST DIRECTION     S (190)
  AVERAGE WIND SPEED     5.2


SKY COVER
  AVERAGE SKY COVER 0.7


WEATHER CONDITIONS
 THE FOLLOWING WEATHER WAS RECORDED YESTERDAY.
  HEAVY RAIN
  LIGHT RAIN
  FOG


RELATIVE HUMIDITY (PERCENT)
 HIGHEST   100           100 AM
 LOWEST     41           300 PM
 AVERAGE    71

..........................................................


THE MASSENA NY CLIMATE NORMALS FOR TODAY
                         NORMAL    RECORD    YEAR
 MAXIMUM TEMPERATURE (F)   79        92      2007
 MINIMUM TEMPERATURE (F)   56        43      1982


SUNRISE AND SUNSET
JUNE 27 2017..........SUNRISE   515 AM EDT   SUNSET   850 PM EDT
JUNE 28 2017..........SUNRISE   515 AM EDT   SUNSET   850 PM EDT


-  INDICATES NEGATIVE NUMBERS.
R  INDICATES RECORD WAS SET OR TIED.
MM INDICATES DATA IS MISSING.
T  INDICATES TRACE AMOUNT.




$$
