730
CDUS41 KBTV 180533
CLIMSS


CLIMATE REPORT
NATIONAL WEATHER SERVICE BURLINGTON VT
1231 AM EST SUN FEB 18 2018


...................................

...THE MASSENA NY CLIMATE SUMMARY FOR FEBRUARY 17 2018...

CLIMATE NORMAL PERIOD 1981 TO 2010
CLIMATE RECORD PERIOD 1948 TO 2018


WEATHER ITEM   OBSERVED TIME   RECORD YEAR NORMAL DEPARTURE LAST
                VALUE   (LST)  VALUE       VALUE  FROM      YEAR
                                                  NORMAL
..................................................................
TEMPERATURE (F)
 YESTERDAY
  MAXIMUM         31    358 PM  47    1981  29      2       29
  MINIMUM          1    633 AM -29    1973   8     -7       16
  AVERAGE         16                        18     -2       23

PRECIPITATION (IN)
  YESTERDAY        0.00          0.60        0.06  -0.06      T
  MONTH TO DATE    0.50                      1.02  -0.52     1.30
  SINCE DEC 1      3.11                      5.63  -2.52     5.20
  SINCE JAN 1      2.14                      3.20  -1.06     2.87

DEGREE DAYS
 HEATING
  YESTERDAY       49                        47      2       42
  MONTH TO DATE  792                       827    -35      760
  SINCE DEC 1   3480                      3721   -241     3203
  SINCE JUL 1   4879                      5490   -611     4609

 COOLING
  YESTERDAY        0                         0      0        0
  MONTH TO DATE    0                         0      0        0
  SINCE DEC 1      0                         0      0        0
  SINCE JAN 1      0                         0      0        0
..................................................................


WIND (MPH)
  HIGHEST WIND SPEED    17   HIGHEST WIND DIRECTION    SW (210)
  HIGHEST GUST SPEED    20   HIGHEST GUST DIRECTION    SW (230)
  AVERAGE WIND SPEED     4.5


SKY COVER
  AVERAGE SKY COVER 0.2


WEATHER CONDITIONS
 THE FOLLOWING WEATHER WAS RECORDED YESTERDAY.
  NO SIGNIFICANT WEATHER WAS OBSERVED.


RELATIVE HUMIDITY (PERCENT)
 HIGHEST    95           600 AM
 LOWEST     49           400 PM
 AVERAGE    72

..........................................................


THE MASSENA NY CLIMATE NORMALS FOR TODAY
                         NORMAL    RECORD    YEAR
 MAXIMUM TEMPERATURE (F)   29        56      1981
 MINIMUM TEMPERATURE (F)    8       -23      1979


SUNRISE AND SUNSET
FEBRUARY 18 2018......SUNRISE   655 AM EST   SUNSET   532 PM EST
FEBRUARY 19 2018......SUNRISE   654 AM EST   SUNSET   533 PM EST


-  INDICATES NEGATIVE NUMBERS.
R  INDICATES RECORD WAS SET OR TIED.
MM INDICATES DATA IS MISSING.
T  INDICATES TRACE AMOUNT.




$$
