000
CDUS41 KBTV 230524
CLIMSS


CLIMATE REPORT
NATIONAL WEATHER SERVICE BURLINGTON VT
121 AM EDT WED AUG 23 2017


...................................

...THE MASSENA NY CLIMATE SUMMARY FOR AUGUST 22 2017...

CLIMATE NORMAL PERIOD 1981 TO 2010
CLIMATE RECORD PERIOD 1948 TO 2017


WEATHER ITEM   OBSERVED TIME   RECORD YEAR NORMAL DEPARTURE LAST
                VALUE   (LST)  VALUE       VALUE  FROM      YEAR
                                                  NORMAL
..................................................................
TEMPERATURE (F)
 YESTERDAY
  MAXIMUM         84   1153 AM  87    2008  77      7       73
                                      1974
  MINIMUM         63    450 AM  36    1957  55      8       53
  AVERAGE         74                        66      8       63

PRECIPITATION (IN)
  YESTERDAY        0.27          1.43        0.10   0.17     0.00
  MONTH TO DATE    3.16                      2.55   0.61     2.20
  SINCE JUN 1     14.50                      9.64   4.86     9.86
  SINCE JAN 1     29.15                     21.57   7.58    19.20

DEGREE DAYS
 HEATING
  YESTERDAY        0                         2     -2        2
  MONTH TO DATE    4                        28    -24        2
  SINCE JUN 1    109                       147    -38       76
  SINCE JUL 1     15                        51    -36       11

 COOLING
  YESTERDAY        9                         3      6        0
  MONTH TO DATE  107                        80     27      155
  SINCE JUN 1    310                       300     10      383
  SINCE JAN 1    326                       314     12      429
..................................................................


WIND (MPH)
  HIGHEST WIND SPEED    24   HIGHEST WIND DIRECTION     W (250)
  HIGHEST GUST SPEED    32   HIGHEST GUST DIRECTION     W (250)
  AVERAGE WIND SPEED    10.0


SKY COVER
  AVERAGE SKY COVER 0.2


WEATHER CONDITIONS
 THE FOLLOWING WEATHER WAS RECORDED YESTERDAY.
  THUNDERSTORM
  HEAVY RAIN
  RAIN
  LIGHT RAIN
  FOG


RELATIVE HUMIDITY (PERCENT)
 HIGHEST   100           400 AM
 LOWEST     69           100 PM
 AVERAGE    85

..........................................................


THE MASSENA NY CLIMATE NORMALS FOR TODAY
                         NORMAL    RECORD    YEAR
 MAXIMUM TEMPERATURE (F)   77        88      1949
 MINIMUM TEMPERATURE (F)   54        37      1957


SUNRISE AND SUNSET
AUGUST 23 2017........SUNRISE   611 AM EDT   SUNSET   752 PM EDT
AUGUST 24 2017........SUNRISE   612 AM EDT   SUNSET   750 PM EDT


-  INDICATES NEGATIVE NUMBERS.
R  INDICATES RECORD WAS SET OR TIED.
MM INDICATES DATA IS MISSING.
T  INDICATES TRACE AMOUNT.




$$
