000
CDUS41 KBTV 170535
CLIMSS


CLIMATE REPORT
NATIONAL WEATHER SERVICE BURLINGTON VT
132 AM EDT TUE OCT 17 2017


...................................

...THE MASSENA NY CLIMATE SUMMARY FOR OCTOBER 16 2017...

CLIMATE NORMAL PERIOD 1981 TO 2010
CLIMATE RECORD PERIOD 1948 TO 2017


WEATHER ITEM   OBSERVED TIME   RECORD YEAR NORMAL DEPARTURE LAST
                VALUE   (LST)  VALUE       VALUE  FROM      YEAR
                                                  NORMAL
..................................................................
TEMPERATURE (F)
 YESTERDAY
  MAXIMUM         48   1220 AM  78    1989  56     -8       70
  MINIMUM         32   1049 PM  21    1978  36     -4       55
  AVERAGE         40                        46     -6       63

PRECIPITATION (IN)
  YESTERDAY        0.00          1.35        0.11  -0.11     0.16
  MONTH TO DATE    2.74                      1.76   0.98     0.84
  SINCE SEP 1      3.53                      5.41  -1.88     2.22
  SINCE JAN 1     32.90                     27.95   4.95    23.33

DEGREE DAYS
 HEATING
  YESTERDAY       25                        19      6        2
  MONTH TO DATE  135                       258   -123      177
  SINCE SEP 1    260                       483   -223      316
  SINCE JUL 1    312                       558   -246      327

 COOLING
  YESTERDAY        0                         0      0        0
  MONTH TO DATE    4                         0      4        0
  SINCE SEP 1     73                        25     48       47
  SINCE JAN 1    399                       361     38      527
..................................................................


WIND (MPH)
  HIGHEST WIND SPEED    22   HIGHEST WIND DIRECTION     W (290)
  HIGHEST GUST SPEED    29   HIGHEST GUST DIRECTION     W (290)
  AVERAGE WIND SPEED     7.9


SKY COVER
  AVERAGE SKY COVER 0.8


WEATHER CONDITIONS
 THE FOLLOWING WEATHER WAS RECORDED YESTERDAY.
  NO SIGNIFICANT WEATHER WAS OBSERVED.


RELATIVE HUMIDITY (PERCENT)
 HIGHEST    96          1000 PM
 LOWEST     53           400 PM
 AVERAGE    75

..........................................................


THE MASSENA NY CLIMATE NORMALS FOR TODAY
                         NORMAL    RECORD    YEAR
 MAXIMUM TEMPERATURE (F)   56        77      1968
 MINIMUM TEMPERATURE (F)   36        20      1978


SUNRISE AND SUNSET
OCTOBER 17 2017.......SUNRISE   718 AM EDT   SUNSET   611 PM EDT
OCTOBER 18 2017.......SUNRISE   719 AM EDT   SUNSET   609 PM EDT


-  INDICATES NEGATIVE NUMBERS.
R  INDICATES RECORD WAS SET OR TIED.
MM INDICATES DATA IS MISSING.
T  INDICATES TRACE AMOUNT.




$$
