000
CDUS42 KKEY 210541
CLIMTH

CLIMATE REPORT
NATIONAL WEATHER SERVICE KEY WEST, FL
1239 AM EST WED FEB 21 2018

...................................

...THE MARATHON CLIMATE SUMMARY FOR FEBRUARY 20 2018...

CLIMATE NORMAL PERIOD 1981 TO 2010

WEATHER ITEM   OBSERVED TIME   NORMAL DEPARTURE LAST
                VALUE   (LST)  VALUE  FROM      YEAR
                                      NORMAL
......................................................
TEMPERATURE (F)
 YESTERDAY
  MAXIMUM         84    248 PM  77      7       83
  MINIMUM         74   1258 AM  67      7       73
  AVERAGE         79            72      7       78

PRECIPITATION (IN)
  YESTERDAY        T             0.08  -0.08     0.00
  MONTH TO DATE    0.04          1.58  -1.54     0.01
  SINCE DEC 1      1.51          5.21  -3.70     2.78
  SINCE JAN 1      0.47          3.19  -2.72     0.88

SNOWFALL (IN)
  YESTERDAY        0.0
  MONTH TO DATE    0.0
  SINCE DEC 1      0.0
  SINCE JUL 1      0.0
  SNOW DEPTH       0

DEGREE DAYS
 HEATING
  YESTERDAY        0             1     -1        0
  MONTH TO DATE    0            16    -16        0
  SINCE DEC 1     61            74    -13        3
  SINCE JUL 1     61            75    -14        3

 COOLING
  YESTERDAY       14             8      6       13
  MONTH TO DATE  245           137    108      229
  SINCE DEC 1    663           546    117     1003
  SINCE JAN 1    385           318     67      545
......................................................


WIND (MPH)
  HIGHEST WIND SPEED    21   HIGHEST WIND DIRECTION    SE (120)
  HIGHEST GUST SPEED    30   HIGHEST GUST DIRECTION    SE (120)
  AVERAGE WIND SPEED    12.2


SKY COVER
  POSSIBLE SUNSHINE  MM
  AVERAGE SKY COVER 0.3


WEATHER CONDITIONS
 THE FOLLOWING WEATHER WAS RECORDED YESTERDAY.
  NO SIGNIFICANT WEATHER WAS OBSERVED.


RELATIVE HUMIDITY (PERCENT)
 HIGHEST    87
 LOWEST     61
 AVERAGE    74

..........................................................


THE MARATHON CLIMATE NORMALS FOR TODAY
                         NORMAL
 MAXIMUM TEMPERATURE (F)   77
 MINIMUM TEMPERATURE (F)   67


SUNRISE AND SUNSET
FEBRUARY 21 2018......SUNRISE   654 AM EST   SUNSET   622 PM EST
FEBRUARY 22 2018......SUNRISE   653 AM EST   SUNSET   623 PM EST


-  INDICATES NEGATIVE NUMBERS.
R  INDICATES RECORD WAS SET OR TIED.
MM INDICATES DATA IS MISSING.
T  INDICATES TRACE AMOUNT.


$$

APA
