000
CDUS42 KKEY 262023
CLIMTH

CLIMATE REPORT
NATIONAL WEATHER SERVICE KEY WEST, FL
419 PM EDT FRI MAY 26 2017

...................................

...THE MARATHON CLIMATE SUMMARY FOR MAY 26 2017...
VALID TODAY AS OF 0400 PM LOCAL TIME.

CLIMATE NORMAL PERIOD 1981 TO 2010

WEATHER ITEM   OBSERVED TIME   NORMAL DEPARTURE LAST
                VALUE   (LST)  VALUE  FROM      YEAR
                                      NORMAL
......................................................

TEMPERATURE (F)
 TODAY
  MAXIMUM         93    209 PM  88      5       86
  MINIMUM         81    604 AM  78      3       78
  AVERAGE         87            83      4       82

PRECIPITATION (IN)
  TODAY            0.00          0.11  -0.11     0.00
  MONTH TO DATE    1.62          2.67  -1.05     2.32
  SINCE MAR 1      4.64          7.44  -2.80     4.44
  SINCE JAN 1      6.16         11.26  -5.10    12.80

SNOWFALL (IN)
  TODAY            0.0
  MONTH TO DATE    0.0
  SINCE MAR 1      0.0
  SINCE JUL 1      0.0
  SNOW DEPTH       0

DEGREE DAYS
 HEATING
  TODAY            0             0      0        0
  MONTH TO DATE    0             0      0        0
  SINCE MAR 1      0             6     -6        0
  SINCE JUL 1      3            81    -78       49

 COOLING
  TODAY           22            18      4       17
  MONTH TO DATE  456           413     43      434
  SINCE MAR 1   1248          1067    181     1229
  SINCE JAN 1   1884          1449    435     1525

......................................................

WIND (MPH)
  HIGHEST WIND SPEED     7   HIGHEST WIND DIRECTION     S (190)
  HIGHEST GUST SPEED    10   HIGHEST GUST DIRECTION     S (160)
  AVERAGE WIND SPEED     2.9

SKY COVER
  POSSIBLE SUNSHINE  MM
  AVERAGE SKY COVER 0.2

WEATHER CONDITIONS
 THE FOLLOWING WEATHER WAS RECORDED TODAY.
  NO SIGNIFICANT WEATHER WAS OBSERVED.

RELATIVE HUMIDITY (PERCENT)
 HIGHEST    88
 LOWEST     66
 AVERAGE    77

..........................................................

THE MARATHON CLIMATE NORMALS FOR TOMORROW
                         NORMAL
 MAXIMUM TEMPERATURE (F)   89
 MINIMUM TEMPERATURE (F)   78

SUNRISE AND SUNSET

MAY 26 2017...........SUNRISE   636 AM EDT   SUNSET   807 PM EDT
MAY 27 2017...........SUNRISE   636 AM EDT   SUNSET   807 PM EDT

-  INDICATES NEGATIVE NUMBERS.
R  INDICATES RECORD WAS SET OR TIED.
MM INDICATES DATA IS MISSING.
T  INDICATES TRACE AMOUNT.

$$

SC
