000
CDUS43 KILX 240649
CLIMTO


CLIMATE REPORT
NATIONAL WEATHER SERVICE LINCOLN IL
1248 AM CST SAT FEB 24 2018


...................................

...THE MATTOON IL AIRPORT CLIMATE SUMMARY FOR FEBRUARY 23 2018...

CLIMATE NORMAL PERIOD 1981 TO 2010
CLIMATE RECORD PERIOD 9999 TO 9999


WEATHER ITEM   OBSERVED TIME   RECORD YEAR NORMAL DEPARTURE LAST
                VALUE   (LST)  VALUE       VALUE  FROM      YEAR
                                                  NORMAL
..................................................................
TEMPERATURE (F)
 YESTERDAY
  MAXIMUM         48   1131 AM  MM      MM  43      5       68
  MINIMUM         38   1159 PM  MM      MM  27     11       52
  AVERAGE         43                        35      8       60

PRECIPITATION (IN)
  YESTERDAY        0.03         MM      MM   0.06  -0.03     0.00
  MONTH TO DATE    2.00                      1.50   0.50     0.04
  SINCE DEC 1      2.89                      6.48  -3.59     2.29
  SINCE JAN 1      2.60                      3.71  -1.11     1.76

DEGREE DAYS
 HEATING
  YESTERDAY       22                        30     -8        5
  MONTH TO DATE  759                       782    -23      520
  SINCE DEC 1   3068                      2999     69     2568
  SINCE JUL 1   3998                      4058    -60     3279

 COOLING
  YESTERDAY        0                         0      0        0
  MONTH TO DATE    0                         0      0        0
  SINCE DEC 1      0                         0      0        0
  SINCE JAN 1      0                         0      0        0
..................................................................


WIND (MPH)
  HIGHEST WIND SPEED    18   HIGHEST WIND DIRECTION     W (280)
  HIGHEST GUST SPEED    22   HIGHEST GUST DIRECTION     W (280)
  AVERAGE WIND SPEED     9.5


SKY COVER
  POSSIBLE SUNSHINE  MM
  AVERAGE SKY COVER 1.0


WEATHER CONDITIONS
 THE FOLLOWING WEATHER WAS RECORDED YESTERDAY.
  RAIN
  LIGHT RAIN
  FOG


RELATIVE HUMIDITY (PERCENT)
 HIGHEST   100           100 AM
 LOWEST     86           100 PM
 AVERAGE    93

..........................................................


THE MATTOON IL AIRPORT CLIMATE NORMALS FOR TODAY
                         NORMAL    RECORD    YEAR
 MAXIMUM TEMPERATURE (F)   43        MM        MM
 MINIMUM TEMPERATURE (F)   27        MM        MM


SUNRISE AND SUNSET
FEBRUARY 24 2018......SUNRISE   633 AM CST   SUNSET   540 PM CST
FEBRUARY 25 2018......SUNRISE   632 AM CST   SUNSET   541 PM CST


-  INDICATES NEGATIVE NUMBERS.
R  INDICATES RECORD WAS SET OR TIED.
MM INDICATES DATA IS MISSING.
T  INDICATES TRACE AMOUNT.




$$
