000
CDUS43 KILX 270703
CLIMTO


CLIMATE REPORT
NATIONAL WEATHER SERVICE LINCOLN IL
203 AM CDT MON MAR 27 2017


...................................

...THE MATTOON IL AIRPORT CLIMATE SUMMARY FOR MARCH 26 2017...

CLIMATE NORMAL PERIOD 1981 TO 2010
CLIMATE RECORD PERIOD 9999 TO 9999


WEATHER ITEM   OBSERVED TIME   RECORD YEAR NORMAL DEPARTURE LAST
                VALUE   (LST)  VALUE       VALUE  FROM      YEAR
                                                  NORMAL
..................................................................
TEMPERATURE (F)
 YESTERDAY
  MAXIMUM         60    305 PM  MM      MM  56      4       61
  MINIMUM         51   1159 PM  MM      MM  36     15       30
  AVERAGE         56                        46     10       46

PRECIPITATION (IN)
  YESTERDAY        T            MM      MM   0.10  -0.10     0.00
  MONTH TO DATE    0.87                      2.02  -1.15     2.34
  SINCE MAR 1      0.87                      2.02  -1.15     2.34
  SINCE JAN 1      2.70                      6.00  -3.30     3.07

DEGREE DAYS
 HEATING
  YESTERDAY        9                        19    -10       19
  MONTH TO DATE  578                       609    -31      443
  SINCE MAR 1    578                       609    -31      443
  SINCE JUL 1   3959                      4813   -854     3965

 COOLING
  YESTERDAY        0                         0      0        0
  MONTH TO DATE    0                         0      0        0
  SINCE MAR 1      0                         0      0        0
  SINCE JAN 1      0                         0      0        0
..................................................................


WIND (MPH)
  HIGHEST WIND SPEED    18   HIGHEST WIND DIRECTION     S (200)
  HIGHEST GUST SPEED    22   HIGHEST GUST DIRECTION     S (200)
  AVERAGE WIND SPEED     8.1


SKY COVER
  POSSIBLE SUNSHINE  MM
  AVERAGE SKY COVER 0.9


WEATHER CONDITIONS
 THE FOLLOWING WEATHER WAS RECORDED YESTERDAY.
  LIGHT RAIN


RELATIVE HUMIDITY (PERCENT)
 HIGHEST    93           200 AM
 LOWEST     64           300 PM
 AVERAGE    79

..........................................................


THE MATTOON IL AIRPORT CLIMATE NORMALS FOR TODAY
                         NORMAL    RECORD    YEAR
 MAXIMUM TEMPERATURE (F)   57        MM        MM
 MINIMUM TEMPERATURE (F)   36        MM        MM


SUNRISE AND SUNSET
MARCH 27 2017.........SUNRISE   645 AM CDT   SUNSET   712 PM CDT
MARCH 28 2017.........SUNRISE   643 AM CDT   SUNSET   713 PM CDT


-  INDICATES NEGATIVE NUMBERS.
R  INDICATES RECORD WAS SET OR TIED.
MM INDICATES DATA IS MISSING.
T  INDICATES TRACE AMOUNT.




$$
