000
CDUS43 KILX 010700
CLIMTO


CLIMATE REPORT
NATIONAL WEATHER SERVICE LINCOLN IL
1253 AM CST SUN MAR 1 2015


...................................

...THE MATTOON IL AIRPORT CLIMATE SUMMARY FOR FEBRUARY 28 2015...

CLIMATE NORMAL PERIOD 1981 TO 2010
CLIMATE RECORD PERIOD 9999 TO 9999


WEATHER ITEM   OBSERVED TIME   RECORD YEAR NORMAL DEPARTURE LAST
                VALUE   (LST)  VALUE       VALUE  FROM      YEAR
                                                  NORMAL
..................................................................
TEMPERATURE (F)
 YESTERDAY
  MAXIMUM         26    323 PM  MM      MM  45    -19       39
  MINIMUM          4    225 AM  MM      MM  28    -24        7
  AVERAGE         15                        36    -21       23

PRECIPITATION (IN)
  YESTERDAY        0.25         MM      MM   0.05   0.20     0.00
  MONTH TO DATE    0.82                      1.77  -0.95     1.65
  SINCE DEC 1      2.43                      6.75  -4.32     3.52
  SINCE JAN 1      1.35                      3.98  -2.63     1.93

DEGREE DAYS
 HEATING
  YESTERDAY       50                        28     22       42
  MONTH TO DATE 1268                       928    340     1244
  SINCE DEC 1   3397                      3145    252     3730
  SINCE JUL 1   4693                      4204    489     4847

 COOLING
  YESTERDAY        0                         0      0        0
  MONTH TO DATE    0                         0      0        0
  SINCE DEC 1      0                         0      0        0
  SINCE JAN 1      0                         0      0        0
..................................................................


WIND (MPH)
  HIGHEST WIND SPEED    15   HIGHEST WIND DIRECTION    SE (120)
  HIGHEST GUST SPEED    18   HIGHEST GUST DIRECTION    SE (130)
  AVERAGE WIND SPEED     6.5


SKY COVER
  POSSIBLE SUNSHINE  MM
  AVERAGE SKY COVER 0.8


WEATHER CONDITIONS
 THE FOLLOWING WEATHER WAS RECORDED YESTERDAY.
  SNOW
  LIGHT SNOW
  FOG
  HAZE


RELATIVE HUMIDITY (PERCENT)
 HIGHEST    96          1100 PM
 LOWEST     42           300 PM
 AVERAGE    69

..........................................................


THE MATTOON IL AIRPORT CLIMATE NORMALS FOR TODAY
                         NORMAL    RECORD    YEAR
 MAXIMUM TEMPERATURE (F)   46        MM        MM
 MINIMUM TEMPERATURE (F)   28        MM        MM


SUNRISE AND SUNSET
MARCH  1 2015.........SUNRISE   626 AM CST   SUNSET   545 PM CST
MARCH  2 2015.........SUNRISE   625 AM CST   SUNSET   546 PM CST


-  INDICATES NEGATIVE NUMBERS.
R  INDICATES RECORD WAS SET OR TIED.
MM INDICATES DATA IS MISSING.
T  INDICATES TRACE AMOUNT.




$$
