000
CDUS43 KILX 290635
CLIMTO


CLIMATE REPORT
NATIONAL WEATHER SERVICE LINCOLN IL
135 AM CDT FRI JUL 29 2016


...................................

...THE MATTOON IL AIRPORT CLIMATE SUMMARY FOR JULY 28 2016...

CLIMATE NORMAL PERIOD 1981 TO 2010
CLIMATE RECORD PERIOD 9999 TO 9999


WEATHER ITEM   OBSERVED TIME   RECORD YEAR NORMAL DEPARTURE LAST
                VALUE   (LST)  VALUE       VALUE  FROM      YEAR
                                                  NORMAL
..................................................................
TEMPERATURE (F)
 YESTERDAY
  MAXIMUM         84    340 PM  MM      MM  86     -2       93
  MINIMUM         67   1152 PM  MM      MM  65      2       71
  AVERAGE         76                        75      1       82

PRECIPITATION (IN)
  YESTERDAY        0.69         MM      MM   0.11   0.58     0.02
  MONTH TO DATE    5.08                      3.94   1.14     3.02
  SINCE JUN 1      7.22                      8.18  -0.96    12.32
  SINCE JAN 1     18.96                     22.53  -3.57    22.87

DEGREE DAYS
 HEATING
  YESTERDAY        0                         0      0        0
  MONTH TO DATE    5                         0      5        0
  SINCE JUN 1      5                        17    -12        8
  SINCE JUL 1      5                         0      5        0

 COOLING
  YESTERDAY       11                        10      1       17
  MONTH TO DATE  305                       302      3      260
  SINCE JUN 1    618                       525     93      498
  SINCE JAN 1    693                       613     80      625
..................................................................


WIND (MPH)
  HIGHEST WIND SPEED    41   HIGHEST WIND DIRECTION     N (350)
  HIGHEST GUST SPEED    56   HIGHEST GUST DIRECTION     N (350)
  AVERAGE WIND SPEED     3.3


SKY COVER
  POSSIBLE SUNSHINE  MM
  AVERAGE SKY COVER 0.3


WEATHER CONDITIONS
 THE FOLLOWING WEATHER WAS RECORDED YESTERDAY.
  THUNDERSTORM
  HEAVY RAIN
  LIGHT RAIN
  FOG
  FOG W/VISIBILITY <= 1/4 MILE


RELATIVE HUMIDITY (PERCENT)
 HIGHEST   100           800 PM
 LOWEST     63          1200 PM
 AVERAGE    82

..........................................................


THE MATTOON IL AIRPORT CLIMATE NORMALS FOR TODAY
                         NORMAL    RECORD    YEAR
 MAXIMUM TEMPERATURE (F)   86        MM        MM
 MINIMUM TEMPERATURE (F)   65        MM        MM


SUNRISE AND SUNSET
JULY 29 2016..........SUNRISE   551 AM CDT   SUNSET   808 PM CDT
JULY 30 2016..........SUNRISE   551 AM CDT   SUNSET   807 PM CDT


-  INDICATES NEGATIVE NUMBERS.
R  INDICATES RECORD WAS SET OR TIED.
MM INDICATES DATA IS MISSING.
T  INDICATES TRACE AMOUNT.




$$
