000
CDUS43 KILX 230641
CLIMTO


CLIMATE REPORT
NATIONAL WEATHER SERVICE LINCOLN IL
134 AM CDT WED APR 23 2014


...................................

...THE MATTOON IL AIRPORT CLIMATE SUMMARY FOR APRIL 22 2014...

CLIMATE NORMAL PERIOD 1981 TO 2010
CLIMATE RECORD PERIOD 9999 TO 9999


WEATHER ITEM   OBSERVED TIME   RECORD YEAR NORMAL DEPARTURE LAST
                VALUE   (LST)  VALUE       VALUE  FROM      YEAR
                                                  NORMAL
..................................................................
TEMPERATURE (F)
 YESTERDAY
  MAXIMUM         66    358 PM  MM      MM  66      0       67
  MINIMUM         45   1159 PM  MM      MM  46     -1       40
  AVERAGE         56                        56      0       54

PRECIPITATION (IN)
  YESTERDAY        0.00         MM      MM   0.11  -0.11     0.00
  MONTH TO DATE    2.33                      2.24   0.09     5.80
  SINCE MAR 1      3.33                      4.81  -1.48     6.74
  SINCE JAN 1      5.26                      8.79  -3.53    13.19

DEGREE DAYS
 HEATING
  YESTERDAY        9                        10     -1       11
  MONTH TO DATE  274                       295    -21      307
  SINCE MAR 1   1163                       994    169     1203
  SINCE JUL 1   6010                      5198    812     5166

 COOLING
  YESTERDAY        0                         1     -1        0
  MONTH TO DATE    1                         3     -2        2
  SINCE MAR 1      1                         4     -3        2
  SINCE JAN 1      1                         4     -3        2
..................................................................


WIND (MPH)
  HIGHEST WIND SPEED    24   HIGHEST WIND DIRECTION    NW (320)
  HIGHEST GUST SPEED    29   HIGHEST GUST DIRECTION    NW (320)
  AVERAGE WIND SPEED    13.8


SKY COVER
  POSSIBLE SUNSHINE  MM
  AVERAGE SKY COVER 0.1


WEATHER CONDITIONS
 THE FOLLOWING WEATHER WAS RECORDED YESTERDAY.
  FOG


RELATIVE HUMIDITY (PERCENT)
 HIGHEST    90          1200 AM
 LOWEST     26           400 PM
 AVERAGE    58

..........................................................


THE MATTOON IL AIRPORT CLIMATE NORMALS FOR TODAY
                         NORMAL    RECORD    YEAR
 MAXIMUM TEMPERATURE (F)   66        MM        MM
 MINIMUM TEMPERATURE (F)   46        MM        MM


SUNRISE AND SUNSET
APRIL 23 2014.........SUNRISE   605 AM CDT   SUNSET   739 PM CDT
APRIL 24 2014.........SUNRISE   603 AM CDT   SUNSET   740 PM CDT


-  INDICATES NEGATIVE NUMBERS.
R  INDICATES RECORD WAS SET OR TIED.
MM INDICATES DATA IS MISSING.
T  INDICATES TRACE AMOUNT.




$$
