000
CDUS43 KILX 250636
CLIMTO


CLIMATE REPORT
NATIONAL WEATHER SERVICE LINCOLN IL
136 AM CDT THU MAY 25 2017


...................................

...THE MATTOON IL AIRPORT CLIMATE SUMMARY FOR MAY 24 2017...

CLIMATE NORMAL PERIOD 1981 TO 2010
CLIMATE RECORD PERIOD 9999 TO 9999


WEATHER ITEM   OBSERVED TIME   RECORD YEAR NORMAL DEPARTURE LAST
                VALUE   (LST)  VALUE       VALUE  FROM      YEAR
                                                  NORMAL
..................................................................
TEMPERATURE (F)
 YESTERDAY
  MAXIMUM         60    318 PM  MM      MM  76    -16       81
  MINIMUM         56   1053 AM  MM      MM  55      1       58
  AVERAGE         58                        66     -8       70

PRECIPITATION (IN)
  YESTERDAY        0.12         MM      MM   0.13  -0.01     0.00
  MONTH TO DATE    6.52                      3.58   2.94     1.57
  SINCE MAR 1     14.54                      9.58   4.96    10.05
  SINCE JAN 1     16.37                     13.56   2.81    10.78

DEGREE DAYS
 HEATING
  YESTERDAY        7                         3      4        0
  MONTH TO DATE  135                       114     21      156
  SINCE MAR 1   1022                      1172   -150     1012
  SINCE JUL 1   4403                      5376   -973     4534

 COOLING
  YESTERDAY        0                         3     -3        5
  MONTH TO DATE   57                        48      9       13
  SINCE MAR 1     78                        62     16       20
  SINCE JAN 1     78                        62     16       20
..................................................................


WIND (MPH)
  HIGHEST WIND SPEED    23   HIGHEST WIND DIRECTION     N (350)
  HIGHEST GUST SPEED    28   HIGHEST GUST DIRECTION     N (350)
  AVERAGE WIND SPEED    10.8


SKY COVER
  POSSIBLE SUNSHINE  MM
  AVERAGE SKY COVER 1.0


WEATHER CONDITIONS
 THE FOLLOWING WEATHER WAS RECORDED YESTERDAY.
  LIGHT RAIN
  FOG


RELATIVE HUMIDITY (PERCENT)
 HIGHEST   100          1200 AM
 LOWEST     90           200 PM
 AVERAGE    95

..........................................................


THE MATTOON IL AIRPORT CLIMATE NORMALS FOR TODAY
                         NORMAL    RECORD    YEAR
 MAXIMUM TEMPERATURE (F)   76        MM        MM
 MINIMUM TEMPERATURE (F)   56        MM        MM


SUNRISE AND SUNSET
MAY 25 2017...........SUNRISE   531 AM CDT   SUNSET   809 PM CDT
MAY 26 2017...........SUNRISE   531 AM CDT   SUNSET   810 PM CDT


-  INDICATES NEGATIVE NUMBERS.
R  INDICATES RECORD WAS SET OR TIED.
MM INDICATES DATA IS MISSING.
T  INDICATES TRACE AMOUNT.




$$
