000
CDUS43 KILX 250638
CLIMTO


CLIMATE REPORT
NATIONAL WEATHER SERVICE LINCOLN IL
138 AM CDT TUE APR 25 2017


...................................

...THE MATTOON IL AIRPORT CLIMATE SUMMARY FOR APRIL 24 2017...

CLIMATE NORMAL PERIOD 1981 TO 2010
CLIMATE RECORD PERIOD 9999 TO 9999


WEATHER ITEM   OBSERVED TIME   RECORD YEAR NORMAL DEPARTURE LAST
                VALUE   (LST)  VALUE       VALUE  FROM      YEAR
                                                  NORMAL
..................................................................
TEMPERATURE (F)
 YESTERDAY
  MAXIMUM         76    418 PM  MM      MM  67      9       75
  MINIMUM         38    321 AM  MM      MM  47     -9       47
  AVERAGE         57                        56      1       61

PRECIPITATION (IN)
  YESTERDAY        0.00         MM      MM   0.14  -0.14     0.00
  MONTH TO DATE    1.50                      2.52  -1.02     2.85
  SINCE MAR 1      2.91                      5.09  -2.18     6.66
  SINCE JAN 1      4.74                      9.07  -4.33     7.39

DEGREE DAYS
 HEATING
  YESTERDAY        8                         9     -1        4
  MONTH TO DATE  204                       313   -109      322
  SINCE MAR 1    852                      1012   -160      830
  SINCE JUL 1   4233                      5216   -983     4352

 COOLING
  YESTERDAY        0                         1     -1        0
  MONTH TO DATE   17                         5     12        1
  SINCE MAR 1     17                         6     11        1
  SINCE JAN 1     17                         6     11        1
..................................................................


WIND (MPH)
  HIGHEST WIND SPEED    17   HIGHEST WIND DIRECTION     E (70)
  HIGHEST GUST SPEED    22   HIGHEST GUST DIRECTION     E (70)
  AVERAGE WIND SPEED     5.6


SKY COVER
  POSSIBLE SUNSHINE  MM
  AVERAGE SKY COVER 0.0


WEATHER CONDITIONS
 THE FOLLOWING WEATHER WAS RECORDED YESTERDAY.
  HAZE


RELATIVE HUMIDITY (PERCENT)
 HIGHEST    73           400 AM
 LOWEST     20          1200 PM
 AVERAGE    47

..........................................................


THE MATTOON IL AIRPORT CLIMATE NORMALS FOR TODAY
                         NORMAL    RECORD    YEAR
 MAXIMUM TEMPERATURE (F)   67        MM        MM
 MINIMUM TEMPERATURE (F)   47        MM        MM


SUNRISE AND SUNSET
APRIL 25 2017.........SUNRISE   602 AM CDT   SUNSET   741 PM CDT
APRIL 26 2017.........SUNRISE   600 AM CDT   SUNSET   742 PM CDT


-  INDICATES NEGATIVE NUMBERS.
R  INDICATES RECORD WAS SET OR TIED.
MM INDICATES DATA IS MISSING.
T  INDICATES TRACE AMOUNT.




$$
