000
CDUS41 KBTV 220941
CLIMVL


CLIMATE REPORT
NATIONAL WEATHER SERVICE BURLINGTON VT
539 AM EDT THU JUN 22 2017


...................................

...THE MORRISVILLE VT CLIMATE SUMMARY FOR JUNE 21 2017...

CLIMATE NORMAL PERIOD 1981 TO 2010
CLIMATE RECORD PERIOD 9999 TO 9999


WEATHER ITEM   OBSERVED TIME   NORMAL DEPARTURE LAST
                VALUE   (LST)  VALUE  FROM      YEAR
                                      NORMAL
......................................................
TEMPERATURE (F)
 YESTERDAY
  MAXIMUM         72    302 PM  76     -4       74
  MINIMUM         52   1159 PM  52      0       50
  AVERAGE         62            64     -2       62

PRECIPITATION (IN)
  YESTERDAY        0.05          0.14  -0.09     0.02
  MONTH TO DATE    2.80          2.68   0.12     1.28
  SINCE JUN 1      2.80          2.68   0.12     1.28
  SINCE JAN 1     15.55         14.30   1.25     8.33

DEGREE DAYS
 HEATING
  YESTERDAY        3             3      0        3
  MONTH TO DATE  122           106     16      109
  SINCE JUN 1    122           106     16      109
  SINCE JUL 1   7655          8237   -582     6811

 COOLING
  YESTERDAY        0             2     -2        0
  MONTH TO DATE   36            27      9       15
  SINCE JUN 1     36            27      9       15
  SINCE JAN 1     45            35     10       44
......................................................


WIND (MPH)
  HIGHEST WIND SPEED    15   HIGHEST WIND DIRECTION     W (260)
  HIGHEST GUST SPEED    24   HIGHEST GUST DIRECTION    SW (240)
  AVERAGE WIND SPEED     6.0


SKY COVER
  AVERAGE SKY COVER 0.5


WEATHER CONDITIONS
 THE FOLLOWING WEATHER WAS RECORDED YESTERDAY.
  LIGHT RAIN


RELATIVE HUMIDITY (PERCENT)
 HIGHEST   100           200 AM
 LOWEST     47           300 PM
 AVERAGE    74

..........................................................


THE MORRISVILLE VT CLIMATE NORMALS FOR TODAY
                         NORMAL    RECORD    YEAR
 MAXIMUM TEMPERATURE (F)   76        84      2012
 MINIMUM TEMPERATURE (F)   52        40      1987


SUNRISE AND SUNSET
JUNE 22 2017..........SUNRISE   506 AM EDT   SUNSET   839 PM EDT
JUNE 23 2017..........SUNRISE   506 AM EDT   SUNSET   839 PM EDT


-  INDICATES NEGATIVE NUMBERS.
R  INDICATES RECORD WAS SET OR TIED.
MM INDICATES DATA IS MISSING.
T  INDICATES TRACE AMOUNT.




$$
