000
CDUS41 KBTV 010524
CLIMVL


CLIMATE REPORT
NATIONAL WEATHER SERVICE BURLINGTON VT
123 AM EDT SAT OCT 1 2016


...................................

...THE MORRISVILLE VT CLIMATE SUMMARY FOR SEPTEMBER 30 2016...

CLIMATE NORMAL PERIOD 1981 TO 2010
CLIMATE RECORD PERIOD 9999 TO 9999


WEATHER ITEM   OBSERVED TIME   NORMAL DEPARTURE LAST
                VALUE   (LST)  VALUE  FROM      YEAR
                                      NORMAL
......................................................
TEMPERATURE (F)
 YESTERDAY
  MAXIMUM         64    210 PM  64      0       60
  MINIMUM         40    631 AM  40      0       48
  AVERAGE         52            52      0       54

PRECIPITATION (IN)
  YESTERDAY        0.00          0.11  -0.11     0.71
  MONTH TO DATE    0.89          3.37  -2.48     2.51
  SINCE SEP 1      0.89          3.37  -2.48     2.51
  SINCE JAN 1     16.53         27.13 -10.60    18.44

DEGREE DAYS
 HEATING
  YESTERDAY       13            13      0       11
  MONTH TO DATE  174           238    -64       97
  SINCE SEP 1    174           237    -63       97
  SINCE JUL 1    233           332    -99      127

 COOLING
  YESTERDAY        0             0      0        0
  MONTH TO DATE   34            18     16       90
  SINCE SEP 1     34            18     16       90
  SINCE JAN 1    322           265     57      503
......................................................


WIND (MPH)
  HIGHEST WIND SPEED     6   HIGHEST WIND DIRECTION     S (170)
  HIGHEST GUST SPEED     8   HIGHEST GUST DIRECTION     S (170)
  AVERAGE WIND SPEED     0.8


SKY COVER
  AVERAGE SKY COVER 0.1


WEATHER CONDITIONS
 THE FOLLOWING WEATHER WAS RECORDED YESTERDAY.
  FOG


RELATIVE HUMIDITY (PERCENT)
 HIGHEST    96           300 AM
 LOWEST     43           200 PM
 AVERAGE    70

..........................................................


THE MORRISVILLE VT CLIMATE NORMALS FOR TODAY
                         NORMAL    RECORD    YEAR
 MAXIMUM TEMPERATURE (F)   63        79      2002
 MINIMUM TEMPERATURE (F)   40        29      1989


SUNRISE AND SUNSET
OCTOBER  1 2016.......SUNRISE   649 AM EDT   SUNSET   630 PM EDT
OCTOBER  2 2016.......SUNRISE   650 AM EDT   SUNSET   628 PM EDT


-  INDICATES NEGATIVE NUMBERS.
R  INDICATES RECORD WAS SET OR TIED.
MM INDICATES DATA IS MISSING.
T  INDICATES TRACE AMOUNT.




$$
