000
CDUS41 KBTV 290540
CLIMVL


CLIMATE REPORT
NATIONAL WEATHER SERVICE BURLINGTON VT
136 AM EDT FRI APR 29 2016


...................................

...THE MORRISVILLE VT CLIMATE SUMMARY FOR APRIL 28 2016...

CLIMATE NORMAL PERIOD 1981 TO 2010
CLIMATE RECORD PERIOD 9999 TO 9999


WEATHER ITEM   OBSERVED TIME   NORMAL DEPARTURE LAST
                VALUE   (LST)  VALUE  FROM      YEAR
                                      NORMAL
......................................................
TEMPERATURE (F)
 YESTERDAY
  MAXIMUM         46    307 PM  61    -15       55
  MINIMUM         19    414 AM  35    -16       36
  AVERAGE         33            48    -15       46

PRECIPITATION (IN)
  YESTERDAY        0.00          0.07  -0.07     0.00
  MONTH TO DATE    1.69          2.24  -0.55     1.15
  SINCE MAR 1      2.82          3.91  -1.09     1.50
  SINCE JAN 1      5.97          8.19  -2.22     2.62

DEGREE DAYS
 HEATING
  YESTERDAY       32            17     15       19
  MONTH TO DATE  773           659    114      682
  SINCE MAR 1   1729          1786    -57     1978
  SINCE JUL 1   6302          7746  -1444     7660

 COOLING
  YESTERDAY        0             0      0        0
  MONTH TO DATE    0             0      0        0
  SINCE MAR 1      0             0      0        0
  SINCE JAN 1      0             0      0        0
......................................................


WIND (MPH)
  HIGHEST WIND SPEED    17   HIGHEST WIND DIRECTION     N (10)
  HIGHEST GUST SPEED    24   HIGHEST GUST DIRECTION    NW (310)
  AVERAGE WIND SPEED     5.9


SKY COVER
  AVERAGE SKY COVER 0.0


WEATHER CONDITIONS
 THE FOLLOWING WEATHER WAS RECORDED YESTERDAY.
  LIGHT RAIN


RELATIVE HUMIDITY (PERCENT)
 HIGHEST    91           400 AM
 LOWEST     28           300 PM
 AVERAGE    60

..........................................................


THE MORRISVILLE VT CLIMATE NORMALS FOR TODAY
                         NORMAL    RECORD    YEAR
 MAXIMUM TEMPERATURE (F)   61        78      2004
 MINIMUM TEMPERATURE (F)   35        21      1989


SUNRISE AND SUNSET
APRIL 29 2016.........SUNRISE   543 AM EDT   SUNSET   753 PM EDT
APRIL 30 2016.........SUNRISE   542 AM EDT   SUNSET   754 PM EDT


-  INDICATES NEGATIVE NUMBERS.
R  INDICATES RECORD WAS SET OR TIED.
MM INDICATES DATA IS MISSING.
T  INDICATES TRACE AMOUNT.




$$
