000
CDUS41 KBTV 200546
CLIMVL


CLIMATE REPORT
NATIONAL WEATHER SERVICE BURLINGTON VT
1242 AM EST FRI JAN 20 2017


...................................

...THE MORRISVILLE VT CLIMATE SUMMARY FOR JANUARY 19 2017...

CLIMATE NORMAL PERIOD 1981 TO 2010
CLIMATE RECORD PERIOD 9999 TO 9999


WEATHER ITEM   OBSERVED TIME   NORMAL DEPARTURE LAST
                VALUE   (LST)  VALUE  FROM      YEAR
                                      NORMAL
......................................................
TEMPERATURE (F)
 YESTERDAY
  MAXIMUM         36    218 PM  26     10       17
  MINIMUM         31    856 AM   4     27        6
  AVERAGE         34            15     19       12

PRECIPITATION (IN)
  YESTERDAY        0.02          0.07  -0.05      T
  MONTH TO DATE    0.77          1.65  -0.88     0.69
  SINCE DEC 1      3.98          4.29  -0.31     2.63
  SINCE JAN 1      0.77          1.65  -0.88     0.69

DEGREE DAYS
 HEATING
  YESTERDAY       31            50    -19       53
  MONTH TO DATE  808           928   -120      831
  SINCE DEC 1   2078          2238   -160     1678
  SINCE JUL 1   3669          4066   -397     3093

 COOLING
  YESTERDAY        0             0      0        0
  MONTH TO DATE    0             0      0        0
  SINCE DEC 1      0             0      0        0
  SINCE JAN 1      0             0      0        0
......................................................


WIND (MPH)
  HIGHEST WIND SPEED    13   HIGHEST WIND DIRECTION     N (10)
  HIGHEST GUST SPEED    15   HIGHEST GUST DIRECTION     N (10)
  AVERAGE WIND SPEED     1.5


SKY COVER
  AVERAGE SKY COVER 1.0


WEATHER CONDITIONS
 THE FOLLOWING WEATHER WAS RECORDED YESTERDAY.
  LIGHT RAIN
  LIGHT SNOW
  FOG


RELATIVE HUMIDITY (PERCENT)
 HIGHEST   100           800 AM
 LOWEST     75           500 PM
 AVERAGE    88

..........................................................


THE MORRISVILLE VT CLIMATE NORMALS FOR TODAY
                         NORMAL    RECORD    YEAR
 MAXIMUM TEMPERATURE (F)   26        48      2006
 MINIMUM TEMPERATURE (F)    4       -10      2000


SUNRISE AND SUNSET
JANUARY 20 2017.......SUNRISE   720 AM EST   SUNSET   443 PM EST
JANUARY 21 2017.......SUNRISE   719 AM EST   SUNSET   445 PM EST


-  INDICATES NEGATIVE NUMBERS.
R  INDICATES RECORD WAS SET OR TIED.
MM INDICATES DATA IS MISSING.
T  INDICATES TRACE AMOUNT.




$$
