000
CDUS41 KBTV 240535
CLIMVL


CLIMATE REPORT
NATIONAL WEATHER SERVICE BURLINGTON VT
133 AM EDT FRI MAR 24 2017


...................................

...THE MORRISVILLE VT CLIMATE SUMMARY FOR MARCH 23 2017...

CLIMATE NORMAL PERIOD 1981 TO 2010
CLIMATE RECORD PERIOD 9999 TO 9999


WEATHER ITEM   OBSERVED TIME   NORMAL DEPARTURE LAST
                VALUE   (LST)  VALUE  FROM      YEAR
                                      NORMAL
......................................................
TEMPERATURE (F)
 YESTERDAY
  MAXIMUM         29    458 PM  42    -13       38
  MINIMUM         -7    559 AM  21    -28       27
  AVERAGE         11            31    -20       33

PRECIPITATION (IN)
  YESTERDAY        0.00          0.06  -0.06      T
  MONTH TO DATE    0.55          1.15  -0.60     0.77
  SINCE MAR 1      0.55          1.15  -0.60     0.77
  SINCE JAN 1      3.62          5.43  -1.81     3.92

DEGREE DAYS
 HEATING
  YESTERDAY       54            34     20       32
  MONTH TO DATE 1032           872    160      743
  SINCE MAR 1   1032           872    160      743
  SINCE JUL 1   6255          6832   -577     5316

 COOLING
  YESTERDAY        0             0      0        0
  MONTH TO DATE    0             0      0        0
  SINCE MAR 1      0             0      0        0
  SINCE JAN 1      0             0      0        0
......................................................


WIND (MPH)
  HIGHEST WIND SPEED    18   HIGHEST WIND DIRECTION    NW (330)
  HIGHEST GUST SPEED    28   HIGHEST GUST DIRECTION     N (340)
  AVERAGE WIND SPEED     5.3


SKY COVER
  AVERAGE SKY COVER 0.0


WEATHER CONDITIONS
 THE FOLLOWING WEATHER WAS RECORDED YESTERDAY.
  FOG
  HAZE


RELATIVE HUMIDITY (PERCENT)
 HIGHEST    87           300 AM
 LOWEST     29           100 PM
 AVERAGE    58

..........................................................


THE MORRISVILLE VT CLIMATE NORMALS FOR TODAY
                         NORMAL    RECORD    YEAR
 MAXIMUM TEMPERATURE (F)   42        59      1987
 MINIMUM TEMPERATURE (F)   21       -12      2014


SUNRISE AND SUNSET
MARCH 24 2017.........SUNRISE   646 AM EDT   SUNSET   708 PM EDT
MARCH 25 2017.........SUNRISE   644 AM EDT   SUNSET   709 PM EDT


-  INDICATES NEGATIVE NUMBERS.
R  INDICATES RECORD WAS SET OR TIED.
MM INDICATES DATA IS MISSING.
T  INDICATES TRACE AMOUNT.




$$
