000
CDUS41 KBTV 250533
CLIMVL


CLIMATE REPORT
NATIONAL WEATHER SERVICE BURLINGTON VT
133 AM EDT FRI JUL 25 2014


...................................

...THE MORRISVILLE VT CLIMATE SUMMARY FOR JULY 24 2014...

CLIMATE NORMAL PERIOD 1981 TO 2010
CLIMATE RECORD PERIOD 9999 TO 9999


WEATHER ITEM   OBSERVED TIME   NORMAL DEPARTURE LAST
                VALUE   (LST)  VALUE  FROM      YEAR
                                      NORMAL
......................................................
TEMPERATURE (F)
 YESTERDAY
  MAXIMUM         64   1200 AM  80    -16       67
  MINIMUM         58    500 AM  56      2       53
  AVERAGE         61            68     -7       60

PRECIPITATION (IN)
  YESTERDAY        0.00          0.12  -0.12     0.14
  MONTH TO DATE    4.74          3.30   1.44     4.89
  SINCE JUN 1      8.63          7.28   1.35    13.51
  SINCE JAN 1     22.23         18.90   3.33    25.52

DEGREE DAYS
 HEATING
  YESTERDAY        4             1      3        5
  MONTH TO DATE   16            25     -9        5
  SINCE JUN 1     88           148    -60      135
  SINCE JUL 1     16            25     -9        5

 COOLING
  YESTERDAY        0             4     -4        0
  MONTH TO DATE  105            89     16      171
  SINCE JUN 1    145           137      8      247
  SINCE JAN 1    150           145      5      267
......................................................


WIND (MPH)
  HIGHEST WIND SPEED    12   HIGHEST WIND DIRECTION    NW (330)
  HIGHEST GUST SPEED    16   HIGHEST GUST DIRECTION     N (10)
  AVERAGE WIND SPEED     3.7


SKY COVER
  AVERAGE SKY COVER 0.2


WEATHER CONDITIONS
 THE FOLLOWING WEATHER WAS RECORDED YESTERDAY.
  NO SIGNIFICANT WEATHER WAS OBSERVED.


RELATIVE HUMIDITY (PERCENT)
 HIGHEST    97           200 AM
 LOWEST     80           500 AM
 AVERAGE    89

..........................................................


THE MORRISVILLE VT CLIMATE NORMALS FOR TODAY
                         NORMAL    RECORD    YEAR
 MAXIMUM TEMPERATURE (F)   80        MM        MM
 MINIMUM TEMPERATURE (F)   56        MM        MM


SUNRISE AND SUNSET
JULY 25 2014..........SUNRISE   529 AM EDT   SUNSET   824 PM EDT
JULY 26 2014..........SUNRISE   531 AM EDT   SUNSET   823 PM EDT


-  INDICATES NEGATIVE NUMBERS.
R  INDICATES RECORD WAS SET OR TIED.
MM INDICATES DATA IS MISSING.
T  INDICATES TRACE AMOUNT.




$$
