189
CDUS41 KBTV 180600
CLIMVL


CLIMATE REPORT
NATIONAL WEATHER SERVICE BURLINGTON VT
156 AM EDT WED OCT 18 2017


...................................

...THE MORRISVILLE VT CLIMATE SUMMARY FOR OCTOBER 17 2017...

CLIMATE NORMAL PERIOD 1981 TO 2010
CLIMATE RECORD PERIOD 9999 TO 9999


WEATHER ITEM   OBSERVED TIME   NORMAL DEPARTURE LAST
                VALUE   (LST)  VALUE  FROM      YEAR
                                      NORMAL
......................................................
TEMPERATURE (F)
 YESTERDAY
  MAXIMUM         55    250 PM  56     -1       67
  MINIMUM         25    534 AM  34     -9       47
  AVERAGE         40            45     -5       57

PRECIPITATION (IN)
  YESTERDAY        0.00          0.09  -0.09     0.00
  MONTH TO DATE    1.01          1.78  -0.77     0.04
  SINCE SEP 1      3.75          5.15  -1.40     0.93
  SINCE JAN 1     30.71         28.91   1.80    16.57

DEGREE DAYS
 HEATING
  YESTERDAY       25            20      5        8
  MONTH TO DATE  190           288    -98      222
  SINCE SEP 1    363           525   -162      396
  SINCE JUL 1    525           620    -95      455

 COOLING
  YESTERDAY        0             0      0        0
  MONTH TO DATE    0             0      0        0
  SINCE SEP 1     47            18     29       34
  SINCE JAN 1    191           265    -74      322
......................................................


WIND (MPH)
  HIGHEST WIND SPEED    14   HIGHEST WIND DIRECTION    SW (210)
  HIGHEST GUST SPEED    20   HIGHEST GUST DIRECTION     S (200)
  AVERAGE WIND SPEED     3.9


SKY COVER
  AVERAGE SKY COVER 0.3


WEATHER CONDITIONS
 THE FOLLOWING WEATHER WAS RECORDED YESTERDAY.
  NO SIGNIFICANT WEATHER WAS OBSERVED.


RELATIVE HUMIDITY (PERCENT)
 HIGHEST   100           200 AM
 LOWEST     35           200 PM
 AVERAGE    68

..........................................................


THE MORRISVILLE VT CLIMATE NORMALS FOR TODAY
                         NORMAL    RECORD    YEAR
 MAXIMUM TEMPERATURE (F)   56        77      1998
 MINIMUM TEMPERATURE (F)   34        22      2015
                                             2009


SUNRISE AND SUNSET
OCTOBER 18 2017.......SUNRISE   710 AM EDT   SUNSET   601 PM EDT
OCTOBER 19 2017.......SUNRISE   711 AM EDT   SUNSET   559 PM EDT


-  INDICATES NEGATIVE NUMBERS.
R  INDICATES RECORD WAS SET OR TIED.
MM INDICATES DATA IS MISSING.
T  INDICATES TRACE AMOUNT.




$$
