000
CDUS41 KBTV 210532
CLIMVL


CLIMATE REPORT
NATIONAL WEATHER SERVICE BURLINGTON VT
1231 AM EST WED FEB 21 2018


...................................

...THE MORRISVILLE VT CLIMATE SUMMARY FOR FEBRUARY 20 2018...

CLIMATE NORMAL PERIOD 1981 TO 2010
CLIMATE RECORD PERIOD 9999 TO 9999


WEATHER ITEM   OBSERVED TIME   NORMAL DEPARTURE LAST
                VALUE   (LST)  VALUE  FROM      YEAR
                                      NORMAL
......................................................
TEMPERATURE (F)
 YESTERDAY
  MAXIMUM         43    324 PM  32     11       35
  MINIMUM         32    718 AM   8     24       11
  AVERAGE         38            20     18       23

PRECIPITATION (IN)
  YESTERDAY        0.17          0.06   0.11      T
  MONTH TO DATE    1.50          1.23   0.27     0.46
  SINCE DEC 1      5.62          6.41  -0.79     5.60
  SINCE JAN 1      4.77          3.77   1.00     2.39

DEGREE DAYS
 HEATING
  YESTERDAY       27            45    -18       42
  MONTH TO DATE  881           949    -68      889
  SINCE DEC 1   3718          3783    -65     3401
  SINCE JUL 1   5359          5611   -252     4992

 COOLING
  YESTERDAY        0             0      0        0
  MONTH TO DATE    0             0      0        0
  SINCE DEC 1      0             0      0        0
  SINCE JAN 1      0             0      0        0
......................................................


WIND (MPH)
  HIGHEST WIND SPEED     8   HIGHEST WIND DIRECTION    SW (210)
  HIGHEST GUST SPEED     9   HIGHEST GUST DIRECTION    SW (210)
  AVERAGE WIND SPEED     2.0


SKY COVER
  AVERAGE SKY COVER 1.0


WEATHER CONDITIONS
 THE FOLLOWING WEATHER WAS RECORDED YESTERDAY.
  RAIN
  LIGHT RAIN
  FOG
  FOG W/VISIBILITY <= 1/4 MILE


RELATIVE HUMIDITY (PERCENT)
 HIGHEST   100           100 AM
 LOWEST    100           100 AM
 AVERAGE   100

..........................................................


THE MORRISVILLE VT CLIMATE NORMALS FOR TODAY
                         NORMAL    RECORD    YEAR
 MAXIMUM TEMPERATURE (F)   32        56      1997
 MINIMUM TEMPERATURE (F)    8       -19      2015


SUNRISE AND SUNSET
FEBRUARY 21 2018......SUNRISE   641 AM EST   SUNSET   528 PM EST
FEBRUARY 22 2018......SUNRISE   640 AM EST   SUNSET   529 PM EST


-  INDICATES NEGATIVE NUMBERS.
R  INDICATES RECORD WAS SET OR TIED.
MM INDICATES DATA IS MISSING.
T  INDICATES TRACE AMOUNT.




$$
