000
CDUS41 KBTV 120925
CLIMVL


CLIMATE REPORT
NATIONAL WEATHER SERVICE BURLINGTON VT
423 AM EST TUE DEC 12 2017


...................................

...THE MORRISVILLE VT CLIMATE SUMMARY FOR DECEMBER 11 2017...

CLIMATE NORMAL PERIOD 1981 TO 2010
CLIMATE RECORD PERIOD 9999 TO 9999


WEATHER ITEM   OBSERVED TIME   NORMAL DEPARTURE LAST
                VALUE   (LST)  VALUE  FROM      YEAR
                                      NORMAL
......................................................
TEMPERATURE (F)
 YESTERDAY
  MAXIMUM         26    512 AM  33     -7       26
  MINIMUM         10    933 PM  15     -5       -1
  AVERAGE         18            24     -6       13

PRECIPITATION (IN)
  YESTERDAY        T             0.10  -0.10      T
  MONTH TO DATE    0.39          1.07  -0.68     1.16
  SINCE DEC 1      0.39          1.07  -0.68     1.16
  SINCE JAN 1     35.62         34.43   1.19    19.59

DEGREE DAYS
 HEATING
  YESTERDAY       47            41      6       52
  MONTH TO DATE  393           424    -31      412
  SINCE DEC 1    393           424    -31      412
  SINCE JUL 1   2034          2252   -218     2003

 COOLING
  YESTERDAY        0             0      0        0
  MONTH TO DATE    0             0      0        0
  SINCE DEC 1      0             0      0        0
  SINCE JAN 1    192           265    -73      322
......................................................


WIND (MPH)
  HIGHEST WIND SPEED    13   HIGHEST WIND DIRECTION    NE (30)
  HIGHEST GUST SPEED    16   HIGHEST GUST DIRECTION    NE (30)
  AVERAGE WIND SPEED     4.8


SKY COVER
  AVERAGE SKY COVER 0.7


WEATHER CONDITIONS
 THE FOLLOWING WEATHER WAS RECORDED YESTERDAY.
  LIGHT SNOW
  FOG


RELATIVE HUMIDITY (PERCENT)
 HIGHEST   100           600 AM
 LOWEST     73           100 PM
 AVERAGE    87

..........................................................


THE MORRISVILLE VT CLIMATE NORMALS FOR TODAY
                         NORMAL    RECORD    YEAR
 MAXIMUM TEMPERATURE (F)   33        53      2015
 MINIMUM TEMPERATURE (F)   15       -14      1988


SUNRISE AND SUNSET
DECEMBER 12 2017......SUNRISE   718 AM EST   SUNSET   411 PM EST
DECEMBER 13 2017......SUNRISE   719 AM EST   SUNSET   411 PM EST


-  INDICATES NEGATIVE NUMBERS.
R  INDICATES RECORD WAS SET OR TIED.
MM INDICATES DATA IS MISSING.
T  INDICATES TRACE AMOUNT.




$$
