000
CDUS46 KOTX 270831
CLIMWH


CLIMATE REPORT
NATIONAL WEATHER SERVICE SPOKANE, WA
131 AM PDT MON MAR 27 2017


...................................

...THE MOSES LAKE WA AIRPORT CLIMATE SUMMARY FOR MARCH 26 2017...

CLIMATE NORMAL PERIOD 1981 TO 2010
CLIMATE RECORD PERIOD 9999 TO 9999


WEATHER ITEM   OBSERVED TIME   RECORD YEAR NORMAL DEPARTURE LAST
                VALUE   (LST)  VALUE       VALUE  FROM      YEAR
                                                  NORMAL
..................................................................
TEMPERATURE (F)
 YESTERDAY
  MAXIMUM         47    445 PM  MM      MM  58    -11       59
  MINIMUM         32    557 AM  MM      MM  34     -2       29
  AVERAGE         40                        46     -6       44

PRECIPITATION (IN)
  YESTERDAY        0.04         MM      MM   0.03   0.01     0.00
  MONTH TO DATE    1.11                      0.61   0.50     1.52
  SINCE OCT 1      7.75                      5.84   1.91     6.84
  SINCE JAN 1      3.86                      2.55   1.31     3.58

SNOWFALL (IN)
  YESTERDAY       MM

DEGREE DAYS
 HEATING
  YESTERDAY       25                        19      6       21
  MONTH TO DATE  565                       574     -9      511
  SINCE MAR 1    565                       574     -9      511
  SINCE JUL 1   5416                      5079    337     4544

 COOLING
  YESTERDAY        0                         0      0        0
  MONTH TO DATE    0                         0      0        0
  SINCE MAR 1      0                         0      0        0
  SINCE JAN 1      0                         0      0        0
..................................................................


WIND (MPH)
  HIGHEST WIND SPEED     9   HIGHEST WIND DIRECTION    SE (150)
  HIGHEST GUST SPEED    12   HIGHEST GUST DIRECTION     W (290)
  AVERAGE WIND SPEED     3.5


SKY COVER
  POSSIBLE SUNSHINE  MM
  AVERAGE SKY COVER 0.7


WEATHER CONDITIONS
 THE FOLLOWING WEATHER WAS RECORDED YESTERDAY.
  LIGHT RAIN


RELATIVE HUMIDITY (PERCENT)
 HIGHEST    92           500 AM
 LOWEST     70          1000 AM
 AVERAGE    81

..........................................................


THE MOSES LAKE WA AIRPORT CLIMATE NORMALS FOR TODAY
                         NORMAL    RECORD    YEAR
 MAXIMUM TEMPERATURE (F)   58        MM        MM
 MINIMUM TEMPERATURE (F)   34        MM        MM


SUNRISE AND SUNSET
MARCH 27 2017.........SUNRISE   646 AM PDT   SUNSET   720 PM PDT
MARCH 28 2017.........SUNRISE   644 AM PDT   SUNSET   722 PM PDT


-  INDICATES NEGATIVE NUMBERS.
R  INDICATES RECORD WAS SET OR TIED.
MM INDICATES DATA IS MISSING.
T  INDICATES TRACE AMOUNT.




$$
