000
CDUS46 KOTX 300827
CLIMWH


CLIMATE REPORT
NATIONAL WEATHER SERVICE SPOKANE, WA
125 AM PDT SUN AUG 30 2015


...................................

...THE MOSES LAKE WA AIRPORT CLIMATE SUMMARY FOR AUGUST 29 2015...

CLIMATE NORMAL PERIOD 1981 TO 2010
CLIMATE RECORD PERIOD 9999 TO 9999


WEATHER ITEM   OBSERVED TIME   RECORD YEAR NORMAL DEPARTURE LAST
                VALUE   (LST)  VALUE       VALUE  FROM      YEAR
                                                  NORMAL
..................................................................
TEMPERATURE (F)
 YESTERDAY
  MAXIMUM         79    142 PM  MM      MM  85     -6       87
  MINIMUM         63   1159 PM  MM      MM  53     10       56
  AVERAGE         71                        68      3       72

PRECIPITATION (IN)
  YESTERDAY        0.01         MM      MM   0.00   0.01     0.00
  MONTH TO DATE    0.01                      0.23  -0.22     0.59
  SINCE OCT 1      5.84                      8.70  -2.86     4.52
  SINCE JAN 1      3.18                      5.41  -2.23     3.88

SNOWFALL (IN)
  YESTERDAY       MM

DEGREE DAYS
 HEATING
  YESTERDAY        0                         1     -1        0
  MONTH TO DATE    0                         6     -6        0
  SINCE JUN 1      4                        69    -65       24
  SINCE JUL 1      0                        14    -14        0

 COOLING
  YESTERDAY        6                         4      2        7
  MONTH TO DATE  264                       207     57      314
  SINCE JUN 1    959                       536    423      838
  SINCE JAN 1   1030                       561    469      873
..................................................................


WIND (MPH)
  HIGHEST WIND SPEED    36   HIGHEST WIND DIRECTION    SW (220)
  HIGHEST GUST SPEED    46   HIGHEST GUST DIRECTION    SW (220)
  AVERAGE WIND SPEED    14.3


SKY COVER
  POSSIBLE SUNSHINE  MM
  AVERAGE SKY COVER 0.1


WEATHER CONDITIONS
 THE FOLLOWING WEATHER WAS RECORDED YESTERDAY.
  HAZE
  SANDSTORM


RELATIVE HUMIDITY (PERCENT)
 HIGHEST    60          1100 PM
 LOWEST     31          1200 PM
 AVERAGE    46

..........................................................


THE MOSES LAKE WA AIRPORT CLIMATE NORMALS FOR TODAY
                         NORMAL    RECORD    YEAR
 MAXIMUM TEMPERATURE (F)   84        MM        MM
 MINIMUM TEMPERATURE (F)   52        MM        MM


SUNRISE AND SUNSET
AUGUST 30 2015........SUNRISE   614 AM PDT   SUNSET   741 PM PDT
AUGUST 31 2015........SUNRISE   615 AM PDT   SUNSET   739 PM PDT


-  INDICATES NEGATIVE NUMBERS.
R  INDICATES RECORD WAS SET OR TIED.
MM INDICATES DATA IS MISSING.
T  INDICATES TRACE AMOUNT.




$$
