000
CDUS45 KBOI 160932
CLIMYL


CLIMATE REPORT
NATIONAL WEATHER SERVICE BOISE ID
332 AM MDT MON OCT 16 2017


...................................

...THE MCCALL ID CLIMATE SUMMARY FOR OCTOBER 15 2017...

CLIMATE NORMAL PERIOD 1981 TO 2010
CLIMATE RECORD PERIOD 1930 TO 2017


WEATHER ITEM   OBSERVED TIME   RECORD YEAR NORMAL DEPARTURE LAST
                VALUE   (LST)  VALUE       VALUE  FROM      YEAR
                                                  NORMAL
..................................................................
TEMPERATURE (F)
 YESTERDAY
  MAXIMUM         53    325 PM  78    1991  56     -3       49
                                      1927
  MINIMUM         20    640 AM  14    1992  25     -5       38
                                      1930
  AVERAGE         37                        40     -3       44

PRECIPITATION (IN)
  YESTERDAY        0.00          0.84 1979   0.04  -0.04     0.58
  MONTH TO DATE    0.53                      0.52   0.01     1.37
  SINCE OCT 1      0.53                      0.52   0.01     1.37
  SINCE JAN 1     23.32                     14.44   8.88    17.08

DEGREE DAYS
 HEATING
  YESTERDAY       28                        25      3       21
  MONTH TO DATE  399                       340     59      317
  SINCE SEP 1    719                       777    -58      668
  SINCE JUL 1    749                      1105   -356      861

 COOLING
  YESTERDAY        0                         0      0        0
  MONTH TO DATE    0                         0      0        0
  SINCE SEP 1     31                         0     31        0
  SINCE JAN 1    229                        25    204      108
..................................................................


WIND (MPH)
  HIGHEST WIND SPEED     8   HIGHEST WIND DIRECTION    SW (210)
  HIGHEST GUST SPEED    10   HIGHEST GUST DIRECTION     S (190)
  AVERAGE WIND SPEED     1.8


SKY COVER
  AVERAGE SKY COVER 0.0


WEATHER CONDITIONS
 THE FOLLOWING WEATHER WAS RECORDED YESTERDAY.
  NO SIGNIFICANT WEATHER WAS OBSERVED.


RELATIVE HUMIDITY (PERCENT)
 HIGHEST    92           500 AM
 LOWEST     26           400 PM
 AVERAGE    59

..........................................................


THE MCCALL ID CLIMATE NORMALS FOR TODAY
                         NORMAL    RECORD    YEAR
 MAXIMUM TEMPERATURE (F)   55        80      1991
 MINIMUM TEMPERATURE (F)   25         9      1984


SUNRISE AND SUNSET
OCTOBER 16 2017.......SUNRISE   802 AM MDT   SUNSET   657 PM MDT
OCTOBER 17 2017.......SUNRISE   803 AM MDT   SUNSET   656 PM MDT


-  INDICATES NEGATIVE NUMBERS.
R  INDICATES RECORD WAS SET OR TIED.
MM INDICATES DATA IS MISSING.
T  INDICATES TRACE AMOUNT.




$$
