000
CDUS45 KBOI 130931
CLIMYL


CLIMATE REPORT
NATIONAL WEATHER SERVICE BOISE ID
231 AM MST WED DEC 13 2017


...................................

...THE MCCALL ID CLIMATE SUMMARY FOR DECEMBER 12 2017...

CLIMATE NORMAL PERIOD 1981 TO 2010
CLIMATE RECORD PERIOD 1930 TO 2017


WEATHER ITEM   OBSERVED TIME   RECORD YEAR NORMAL DEPARTURE LAST
                VALUE   (LST)  VALUE       VALUE  FROM      YEAR
                                                  NORMAL
..................................................................
TEMPERATURE (F)
 YESTERDAY
  MAXIMUM         27    316 PM  49    2014  27      0       31
  MINIMUM          2    837 AM -15    1919  10     -8       11
  AVERAGE         15                        18     -3       21

PRECIPITATION (IN)
  YESTERDAY        0.00          1.22 1995   0.05  -0.05     0.13
  MONTH TO DATE    0.42                      0.67  -0.25     1.29
  SINCE OCT 1      5.72                      4.79   0.93     6.02
  SINCE JAN 1     28.51                     18.71   9.80    21.73

DEGREE DAYS
 HEATING
  YESTERDAY       50                        47      3       44
  MONTH TO DATE  546                       542      4      563
  SINCE DEC 1    546                       542      4      563
  SINCE JUL 1   2672                      3180   -508     2600

 COOLING
  YESTERDAY        0                         0      0        0
  MONTH TO DATE    0                         0      0        0
  SINCE DEC 1      0                         0      0        0
  SINCE JAN 1    229                        25    204      108
..................................................................


WIND (MPH)
  HIGHEST WIND SPEED     6   HIGHEST WIND DIRECTION     S (170)
  HIGHEST GUST SPEED     6   HIGHEST GUST DIRECTION    SE (150)
  AVERAGE WIND SPEED     0.5


SKY COVER
  AVERAGE SKY COVER 0.3


WEATHER CONDITIONS
 THE FOLLOWING WEATHER WAS RECORDED YESTERDAY.
  FOG
  FOG W/VISIBILITY <= 1/4 MILE


RELATIVE HUMIDITY (PERCENT)
 HIGHEST   100          1100 AM
 LOWEST     74           400 PM
 AVERAGE    87

..........................................................


THE MCCALL ID CLIMATE NORMALS FOR TODAY
                         NORMAL    RECORD    YEAR
 MAXIMUM TEMPERATURE (F)   27        48      1937
                                             1929
 MINIMUM TEMPERATURE (F)    9       -31      1919


SUNRISE AND SUNSET
DECEMBER 13 2017......SUNRISE   814 AM MST   SUNSET   503 PM MST
DECEMBER 14 2017......SUNRISE   815 AM MST   SUNSET   504 PM MST


-  INDICATES NEGATIVE NUMBERS.
R  INDICATES RECORD WAS SET OR TIED.
MM INDICATES DATA IS MISSING.
T  INDICATES TRACE AMOUNT.




$$
