000
CDUS45 KBOI 220932
CLIMYL


CLIMATE REPORT
NATIONAL WEATHER SERVICE BOISE ID
332 AM MDT FRI AUG 22 2014


...................................

...THE MCCALL ID CLIMATE SUMMARY FOR AUGUST 21 2014...

CLIMATE NORMAL PERIOD 1981 TO 2010
CLIMATE RECORD PERIOD 1930 TO 2014


WEATHER ITEM   OBSERVED TIME   RECORD YEAR NORMAL DEPARTURE LAST
                VALUE   (LST)  VALUE       VALUE  FROM      YEAR
                                                  NORMAL
..................................................................
TEMPERATURE (F)
 YESTERDAY
  MAXIMUM         73    337 PM  94    1967  77     -4       88
  MINIMUM         46    535 AM  30    1974  41      5       48
  AVERAGE         60                        59      1       68

PRECIPITATION (IN)
  YESTERDAY        0.00          0.35 1965   0.02  -0.02     0.00
  MONTH TO DATE    1.08                      0.44   0.64     0.04
  SINCE OCT 1     20.57                     18.98   1.59    24.78
  SINCE JAN 1     16.50                     12.80   3.70    11.29

DEGREE DAYS
 HEATING
  YESTERDAY        5                         6     -1        0
  MONTH TO DATE   22                       100    -78       22
  SINCE JUN 1    354                       617   -263      302
  SINCE JUL 1     40                       250   -210       39

 COOLING
  YESTERDAY        0                         0      0        3
  MONTH TO DATE   54                         7     47       49
  SINCE JUN 1    185                        23    162      172
  SINCE JAN 1    185                        23    162      172
..................................................................


WIND (MPH)
  HIGHEST WIND SPEED    18   HIGHEST WIND DIRECTION     S (170)
  HIGHEST GUST SPEED    22   HIGHEST GUST DIRECTION     S (170)
  AVERAGE WIND SPEED     4.6


SKY COVER
  AVERAGE SKY COVER 0.1


WEATHER CONDITIONS
 THE FOLLOWING WEATHER WAS RECORDED YESTERDAY.
  NO SIGNIFICANT WEATHER WAS OBSERVED.


RELATIVE HUMIDITY (PERCENT)
 HIGHEST    86           300 AM
 LOWEST     20           600 PM
 AVERAGE    53

..........................................................


THE MCCALL ID CLIMATE NORMALS FOR TODAY
                         NORMAL    RECORD    YEAR
 MAXIMUM TEMPERATURE (F)   77        94      1969
 MINIMUM TEMPERATURE (F)   40        23      1988


SUNRISE AND SUNSET
AUGUST 22 2014........SUNRISE   655 AM MDT   SUNSET   839 PM MDT
AUGUST 23 2014........SUNRISE   656 AM MDT   SUNSET   837 PM MDT


-  INDICATES NEGATIVE NUMBERS.
R  INDICATES RECORD WAS SET OR TIED.
MM INDICATES DATA IS MISSING.
T  INDICATES TRACE AMOUNT.




$$
