000
CDUS45 KBOI 010931
CLIMYL


CLIMATE REPORT
NATIONAL WEATHER SERVICE BOISE ID
331 AM MDT WED OCT 1 2014


...................................

...THE MCCALL ID CLIMATE SUMMARY FOR SEPTEMBER 30 2014...

CLIMATE NORMAL PERIOD 1981 TO 2010
CLIMATE RECORD PERIOD 1930 TO 2014


WEATHER ITEM   OBSERVED TIME   RECORD YEAR NORMAL DEPARTURE LAST
                VALUE   (LST)  VALUE       VALUE  FROM      YEAR
                                                  NORMAL
..................................................................
TEMPERATURE (F)
 YESTERDAY
  MAXIMUM         53    217 PM  85    1992  62     -9       50
  MINIMUM         37   1159 PM  18    1954  28      9       31
  AVERAGE         45                        45      0       41

PRECIPITATION (IN)
  YESTERDAY        0.15          1.77 1967   0.03   0.12     0.51
  MONTH TO DATE    0.79                      0.88  -0.09     4.04
  SINCE OCT 1     21.48                     20.10   1.38    29.10
  SINCE JAN 1     17.41                     13.92   3.49    15.61

DEGREE DAYS
 HEATING
  YESTERDAY       20                        20      0       24
  MONTH TO DATE  252                       436   -184      302
  SINCE SEP 1    252                       437   -185      302
  SINCE JUL 1    368                       765   -397      349

 COOLING
  YESTERDAY        0                         0      0        0
  MONTH TO DATE    0                         0      0        6
  SINCE SEP 1      0                         0      0        6
  SINCE JAN 1    185                        25    160      186
..................................................................


WIND (MPH)
  HIGHEST WIND SPEED    16   HIGHEST WIND DIRECTION     W (290)
  HIGHEST GUST SPEED    22   HIGHEST GUST DIRECTION     W (270)
  AVERAGE WIND SPEED     6.1


SKY COVER
  AVERAGE SKY COVER 0.7


WEATHER CONDITIONS
 THE FOLLOWING WEATHER WAS RECORDED YESTERDAY.
  RAIN
  LIGHT RAIN
  FOG


RELATIVE HUMIDITY (PERCENT)
 HIGHEST   100           500 AM
 LOWEST     44           400 PM
 AVERAGE    72

..........................................................


THE MCCALL ID CLIMATE NORMALS FOR TODAY
                         NORMAL    RECORD    YEAR
 MAXIMUM TEMPERATURE (F)   62        85      2010
                                             1992
 MINIMUM TEMPERATURE (F)   28        17      1954


SUNRISE AND SUNSET
OCTOBER  1 2014.......SUNRISE   742 AM MDT   SUNSET   725 PM MDT
OCTOBER  2 2014.......SUNRISE   744 AM MDT   SUNSET   723 PM MDT


-  INDICATES NEGATIVE NUMBERS.
R  INDICATES RECORD WAS SET OR TIED.
MM INDICATES DATA IS MISSING.
T  INDICATES TRACE AMOUNT.




$$
