000
CDUS45 KBOI 250932
CLIMYL


CLIMATE REPORT
NATIONAL WEATHER SERVICE BOISE ID
231 AM MST SUN FEB 25 2018


...................................

...THE MCCALL ID CLIMATE SUMMARY FOR FEBRUARY 24 2018...

CLIMATE NORMAL PERIOD 1981 TO 2010
CLIMATE RECORD PERIOD 1930 TO 2018


WEATHER ITEM   OBSERVED TIME   RECORD YEAR NORMAL DEPARTURE LAST
                VALUE   (LST)  VALUE       VALUE  FROM      YEAR
                                                  NORMAL
..................................................................
TEMPERATURE (F)
 YESTERDAY
  MAXIMUM         24    457 PM  57    1995  35    -11       28
  MINIMUM         13    232 AM -16    1952  12      1       12
  AVERAGE         19                        24     -5       20

PRECIPITATION (IN)
  YESTERDAY        0.26          0.80 1958   0.06   0.20     0.00
                                      1930
  MONTH TO DATE    1.90                      1.50   0.40     4.99
  SINCE OCT 1     12.12                      9.41   2.71    16.68
  SINCE JAN 1      5.27                      3.23   2.04     8.19

DEGREE DAYS
 HEATING
  YESTERDAY       46                        41      5       45
  MONTH TO DATE  997                      1037    -40      845
  SINCE DEC 1   3523                      3873   -350     3988
  SINCE JUL 1   5649                      6511   -862     6025

 COOLING
  YESTERDAY        0                         0      0        0
  MONTH TO DATE    0                         0      0        0
  SINCE DEC 1      0                         0      0        0
  SINCE JAN 1      0                         0      0        0
..................................................................


WIND (MPH)
  HIGHEST WIND SPEED     7   HIGHEST WIND DIRECTION     W (270)
  HIGHEST GUST SPEED    10   HIGHEST GUST DIRECTION    SE (140)
  AVERAGE WIND SPEED     1.4


SKY COVER
  AVERAGE SKY COVER 0.9


WEATHER CONDITIONS
 THE FOLLOWING WEATHER WAS RECORDED YESTERDAY.
  SNOW
  LIGHT SNOW
  FOG
  FOG W/VISIBILITY <= 1/4 MILE


RELATIVE HUMIDITY (PERCENT)
 HIGHEST    92           200 PM
 LOWEST     80           600 AM
 AVERAGE    86

..........................................................


THE MCCALL ID CLIMATE NORMALS FOR TODAY
                         NORMAL    RECORD    YEAR
 MAXIMUM TEMPERATURE (F)   36        59      1995
 MINIMUM TEMPERATURE (F)   12       -14      2002


SUNRISE AND SUNSET
FEBRUARY 25 2018......SUNRISE   729 AM MST   SUNSET   627 PM MST
FEBRUARY 26 2018......SUNRISE   727 AM MST   SUNSET   628 PM MST


-  INDICATES NEGATIVE NUMBERS.
R  INDICATES RECORD WAS SET OR TIED.
MM INDICATES DATA IS MISSING.
T  INDICATES TRACE AMOUNT.




$$
