000
CDUS45 KBOI 110931
CLIMYL


CLIMATE REPORT
NATIONAL WEATHER SERVICE BOISE ID
231 AM MST THU FEB 11 2016


...................................

...THE MCCALL ID CLIMATE SUMMARY FOR FEBRUARY 10 2016...

CLIMATE NORMAL PERIOD 1981 TO 2010
CLIMATE RECORD PERIOD 1930 TO 2016


WEATHER ITEM   OBSERVED TIME   RECORD YEAR NORMAL DEPARTURE LAST
                VALUE   (LST)  VALUE       VALUE  FROM      YEAR
                                                  NORMAL
..................................................................
TEMPERATURE (F)
 YESTERDAY
  MAXIMUM         39    447 PM  54    1963  32      7       42
  MINIMUM         12    554 AM -20    1982  10      2       25
  AVERAGE         26                        21      5       34

PRECIPITATION (IN)
  YESTERDAY        0.00          1.19 1949   0.06  -0.06     0.03
  MONTH TO DATE    0.27                      0.72  -0.45     2.35
  SINCE OCT 1     13.72                      8.63   5.09    12.89
  SINCE JAN 1      3.15                      2.45   0.70     4.13

DEGREE DAYS
 HEATING
  YESTERDAY       39                        44     -5       31
  MONTH TO DATE  434                       440     -6      302
  SINCE DEC 1   3114                      3276   -162     2716
  SINCE JUL 1   5215                      5914   -699     4731

 COOLING
  YESTERDAY        0                         0      0        0
  MONTH TO DATE    0                         0      0        0
  SINCE DEC 1      0                         0      0        0
  SINCE JAN 1      0                         0      0        0
..................................................................


WIND (MPH)
  HIGHEST WIND SPEED     9   HIGHEST WIND DIRECTION    NW (320)
  HIGHEST GUST SPEED    10   HIGHEST GUST DIRECTION    NW (320)
  AVERAGE WIND SPEED     1.1


SKY COVER
  AVERAGE SKY COVER 0.7


WEATHER CONDITIONS
 THE FOLLOWING WEATHER WAS RECORDED YESTERDAY.
  FOG
  FOG W/VISIBILITY <= 1/4 MILE


RELATIVE HUMIDITY (PERCENT)
 HIGHEST   100           200 AM
 LOWEST     70           400 PM
 AVERAGE    85

..........................................................


THE MCCALL ID CLIMATE NORMALS FOR TODAY
                         NORMAL    RECORD    YEAR
 MAXIMUM TEMPERATURE (F)   32        54      1963
 MINIMUM TEMPERATURE (F)   10       -13      1982


SUNRISE AND SUNSET
FEBRUARY 11 2016......SUNRISE   751 AM MST   SUNSET   606 PM MST
FEBRUARY 12 2016......SUNRISE   750 AM MST   SUNSET   608 PM MST


-  INDICATES NEGATIVE NUMBERS.
R  INDICATES RECORD WAS SET OR TIED.
MM INDICATES DATA IS MISSING.
T  INDICATES TRACE AMOUNT.




$$
