000
CDUS45 KBOI 040931
CLIMYL


CLIMATE REPORT
NATIONAL WEATHER SERVICE BOISE ID
231 AM MST WED MAR 4 2015


...................................

...THE MCCALL ID CLIMATE SUMMARY FOR MARCH 3 2015...

CLIMATE NORMAL PERIOD 1981 TO 2010
CLIMATE RECORD PERIOD 1930 TO 2015


WEATHER ITEM   OBSERVED TIME   RECORD YEAR NORMAL DEPARTURE LAST
                VALUE   (LST)  VALUE       VALUE  FROM      YEAR
                                                  NORMAL
..................................................................
TEMPERATURE (F)
 YESTERDAY
  MAXIMUM         32    338 PM  55    1994  37     -5       40
  MINIMUM         17   1121 PM -10    1966  14      3       32
  AVERAGE         25                        26     -1       36

PRECIPITATION (IN)
  YESTERDAY        T             0.47 1991   0.06  -0.06     0.38
  MONTH TO DATE    0.01                      0.17  -0.16     1.07
  SINCE OCT 1     12.96                      9.82   3.14     9.95
  SINCE JAN 1      4.20                      3.64   0.56     5.88

DEGREE DAYS
 HEATING
  YESTERDAY       40                        39      1       29
  MONTH TO DATE  115                       119     -4       91
  SINCE MAR 1    115                       119     -4       91
  SINCE JUL 1   5486                      6794  -1308     6085

 COOLING
  YESTERDAY        0                         0      0        0
  MONTH TO DATE    0                         0      0        0
  SINCE MAR 1      0                         0      0        0
  SINCE JAN 1      0                         0      0        0
..................................................................


WIND (MPH)
  HIGHEST WIND SPEED    16   HIGHEST WIND DIRECTION     N (360)
  HIGHEST GUST SPEED    22   HIGHEST GUST DIRECTION    NW (320)
  AVERAGE WIND SPEED     7.2


SKY COVER
  AVERAGE SKY COVER 0.4


WEATHER CONDITIONS
 THE FOLLOWING WEATHER WAS RECORDED YESTERDAY.
  LIGHT SNOW
  FOG


RELATIVE HUMIDITY (PERCENT)
 HIGHEST    84           300 AM
 LOWEST     35           600 PM
 AVERAGE    60

..........................................................


THE MCCALL ID CLIMATE NORMALS FOR TODAY
                         NORMAL    RECORD    YEAR
 MAXIMUM TEMPERATURE (F)   37        56      1986
 MINIMUM TEMPERATURE (F)   14       -11      1976


SUNRISE AND SUNSET
MARCH  4 2015.........SUNRISE   717 AM MST   SUNSET   636 PM MST
MARCH  5 2015.........SUNRISE   715 AM MST   SUNSET   637 PM MST


-  INDICATES NEGATIVE NUMBERS.
R  INDICATES RECORD WAS SET OR TIED.
MM INDICATES DATA IS MISSING.
T  INDICATES TRACE AMOUNT.




$$
