000
CDUS45 KBOI 180932
CLIMYL


CLIMATE REPORT
NATIONAL WEATHER SERVICE BOISE ID
232 AM MST THU DEC 18 2014


...................................

...THE MCCALL ID CLIMATE SUMMARY FOR DECEMBER 17 2014...

CLIMATE NORMAL PERIOD 1981 TO 2010
CLIMATE RECORD PERIOD 1930 TO 2014


WEATHER ITEM   OBSERVED TIME   RECORD YEAR NORMAL DEPARTURE LAST
                VALUE   (LST)  VALUE       VALUE  FROM      YEAR
                                                  NORMAL
..................................................................
TEMPERATURE (F)
 YESTERDAY
  MAXIMUM         35    332 PM  41    1941  27      8       40
  MINIMUM         24    630 AM -24    1964   9     15        8
  AVERAGE         30                        18     12       24

PRECIPITATION (IN)
  YESTERDAY        0.02          0.97 1973   0.07  -0.05     0.00
  MONTH TO DATE    1.41                      1.00   0.41     0.81
  SINCE OCT 1      6.50                      5.12   1.38     3.15
  SINCE JAN 1     23.91                     19.04   4.87    18.76

DEGREE DAYS
 HEATING
  YESTERDAY       35                        47    -12       41
  MONTH TO DATE  566                       777   -211      826
  SINCE DEC 1    566                       777   -211      826
  SINCE JUL 1   2630                      3415   -785     2916

 COOLING
  YESTERDAY        0                         0      0        0
  MONTH TO DATE    0                         0      0        0
  SINCE DEC 1      0                         0      0        0
  SINCE JAN 1    185                        25    160      186
..................................................................


WIND (MPH)
  HIGHEST WIND SPEED     5   HIGHEST WIND DIRECTION    SW (220)
  HIGHEST GUST SPEED     5   HIGHEST GUST DIRECTION     S (180)
  AVERAGE WIND SPEED     0.1


SKY COVER
  AVERAGE SKY COVER 1.0


WEATHER CONDITIONS
 THE FOLLOWING WEATHER WAS RECORDED YESTERDAY.
  LIGHT SNOW
  FOG


RELATIVE HUMIDITY (PERCENT)
 HIGHEST   100           900 AM
 LOWEST     75           300 PM
 AVERAGE    88

..........................................................


THE MCCALL ID CLIMATE NORMALS FOR TODAY
                         NORMAL    RECORD    YEAR
 MAXIMUM TEMPERATURE (F)   27        48      1979
 MINIMUM TEMPERATURE (F)    9       -15      1948


SUNRISE AND SUNSET
DECEMBER 18 2014......SUNRISE   817 AM MST   SUNSET   505 PM MST
DECEMBER 19 2014......SUNRISE   818 AM MST   SUNSET   505 PM MST


-  INDICATES NEGATIVE NUMBERS.
R  INDICATES RECORD WAS SET OR TIED.
MM INDICATES DATA IS MISSING.
T  INDICATES TRACE AMOUNT.




$$
