000
CDUS45 KBOI 260931
CLIMYL


CLIMATE REPORT
NATIONAL WEATHER SERVICE BOISE ID
231 AM MST WED NOV 26 2014


...................................

...THE MCCALL ID CLIMATE SUMMARY FOR NOVEMBER 25 2014...

CLIMATE NORMAL PERIOD 1981 TO 2010
CLIMATE RECORD PERIOD 1930 TO 2014


WEATHER ITEM   OBSERVED TIME   RECORD YEAR NORMAL DEPARTURE LAST
                VALUE   (LST)  VALUE       VALUE  FROM      YEAR
                                                  NORMAL
..................................................................
TEMPERATURE (F)
 YESTERDAY
  MAXIMUM         35   1159 PM  58    1939  32      3       50
  MINIMUM         29    213 AM -14    2010  16     13       20
  AVERAGE         32                        24      8       35

PRECIPITATION (IN)
  YESTERDAY        0.85          1.19 1977   0.07   0.78     0.00
  MONTH TO DATE    2.52                      2.36   0.16     2.05
  SINCE OCT 1      4.12                      3.76   0.36     2.28
  SINCE JAN 1     21.53                     17.68   3.85    17.89

DEGREE DAYS
 HEATING
  YESTERDAY       33                        41     -8       30
  MONTH TO DATE  931                       885     46      822
  SINCE SEP 1   1785                      2100   -315     1881
  SINCE JUL 1   1901                      2428   -527     1928

 COOLING
  YESTERDAY        0                         0      0        0
  MONTH TO DATE    0                         0      0        0
  SINCE SEP 1      0                         0      0        6
  SINCE JAN 1    185                        25    160      186
..................................................................


WIND (MPH)
  HIGHEST WIND SPEED     8   HIGHEST WIND DIRECTION     N (360)
  HIGHEST GUST SPEED    10   HIGHEST GUST DIRECTION     N (10)
  AVERAGE WIND SPEED     1.3


SKY COVER
  AVERAGE SKY COVER 1.0


WEATHER CONDITIONS
 THE FOLLOWING WEATHER WAS RECORDED YESTERDAY.
  LIGHT RAIN
  LIGHT SNOW
  FOG


RELATIVE HUMIDITY (PERCENT)
 HIGHEST   100          1200 AM
 LOWEST     89          1000 AM
 AVERAGE    95

..........................................................


THE MCCALL ID CLIMATE NORMALS FOR TODAY
                         NORMAL    RECORD    YEAR
 MAXIMUM TEMPERATURE (F)   31        48      1995
 MINIMUM TEMPERATURE (F)   16        -5      1993


SUNRISE AND SUNSET
NOVEMBER 26 2014......SUNRISE   756 AM MST   SUNSET   507 PM MST
NOVEMBER 27 2014......SUNRISE   757 AM MST   SUNSET   507 PM MST


-  INDICATES NEGATIVE NUMBERS.
R  INDICATES RECORD WAS SET OR TIED.
MM INDICATES DATA IS MISSING.
T  INDICATES TRACE AMOUNT.




$$
