743
CDUS45 KBOI 240930
CLIMYL


CLIMATE REPORT
NATIONAL WEATHER SERVICE BOISE ID
330 AM MDT WED AUG 24 2016


...................................

...THE MCCALL ID CLIMATE SUMMARY FOR AUGUST 23 2016...

CLIMATE NORMAL PERIOD 1981 TO 2010
CLIMATE RECORD PERIOD 1930 TO 2016


WEATHER ITEM   OBSERVED TIME   RECORD YEAR NORMAL DEPARTURE LAST
                VALUE   (LST)  VALUE       VALUE  FROM      YEAR
                                                  NORMAL
..................................................................
TEMPERATURE (F)
 YESTERDAY
  MAXIMUM         73    533 PM  95    1969  76     -3       81
  MINIMUM         37    602 AM  29    1988  40     -3       39
  AVERAGE         55                        58     -3       60

PRECIPITATION (IN)
  YESTERDAY        0.00          0.87 1975   0.03  -0.03     0.00
  MONTH TO DATE    T                         0.49  -0.49     0.28
  SINCE OCT 1     25.23                     19.03   6.20    20.87
  SINCE JAN 1     14.66                     12.85   1.81    12.11

DEGREE DAYS
 HEATING
  YESTERDAY       10                         7      3        5
  MONTH TO DATE   58                       114    -56       57
  SINCE JUN 1    398                       631   -233      237
  SINCE JUL 1    172                       264    -92      128

 COOLING
  YESTERDAY        0                         0      0        0
  MONTH TO DATE   33                         7     26       47
  SINCE JUN 1    105                        23     82      160
  SINCE JAN 1    105                        23     82      160
..................................................................


WIND (MPH)
  HIGHEST WIND SPEED    17   HIGHEST WIND DIRECTION     N (10)
  HIGHEST GUST SPEED    22   HIGHEST GUST DIRECTION     N (360)
  AVERAGE WIND SPEED     6.4


SKY COVER
  AVERAGE SKY COVER 0.0


WEATHER CONDITIONS
 THE FOLLOWING WEATHER WAS RECORDED YESTERDAY.
  NO SIGNIFICANT WEATHER WAS OBSERVED.


RELATIVE HUMIDITY (PERCENT)
 HIGHEST    76           600 AM
 LOWEST     14           100 PM
 AVERAGE    45

..........................................................


THE MCCALL ID CLIMATE NORMALS FOR TODAY
                         NORMAL    RECORD    YEAR
 MAXIMUM TEMPERATURE (F)   76        96      1969
 MINIMUM TEMPERATURE (F)   40        25      1992


SUNRISE AND SUNSET
AUGUST 24 2016........SUNRISE   658 AM MDT   SUNSET   835 PM MDT
AUGUST 25 2016........SUNRISE   659 AM MDT   SUNSET   833 PM MDT


-  INDICATES NEGATIVE NUMBERS.
R  INDICATES RECORD WAS SET OR TIED.
MM INDICATES DATA IS MISSING.
T  INDICATES TRACE AMOUNT.




$$
