000
CDUS45 KBOI 190932
CLIMYL


CLIMATE REPORT
NATIONAL WEATHER SERVICE BOISE ID
232 AM MST THU JAN 19 2017


...................................

...THE MCCALL ID CLIMATE SUMMARY FOR JANUARY 18 2017...

CLIMATE NORMAL PERIOD 1981 TO 2010
CLIMATE RECORD PERIOD 1930 TO 2017


WEATHER ITEM   OBSERVED TIME   RECORD YEAR NORMAL DEPARTURE LAST
                VALUE   (LST)  VALUE       VALUE  FROM      YEAR
                                                  NORMAL
..................................................................
TEMPERATURE (F)
 YESTERDAY
  MAXIMUM         33   1159 PM  47    1998  29      4       34
  MINIMUM         15    157 AM -35    1943  11      4       20
  AVERAGE         24                        20      4       27

PRECIPITATION (IN)
  YESTERDAY        1.06          1.10 1953   0.05   1.01     0.14
  MONTH TO DATE    2.55                      1.04   1.51     1.58
  SINCE OCT 1     11.04                      7.22   3.82    12.15
  SINCE JAN 1      2.55                      1.04   1.51     1.58

DEGREE DAYS
 HEATING
  YESTERDAY       41                        45     -4       38
  MONTH TO DATE  970                       819    151      801
  SINCE DEC 1   2533                      2255    278     2142
  SINCE JUL 1   4570                      4893   -323     4243

 COOLING
  YESTERDAY        0                         0      0        0
  MONTH TO DATE    0                         0      0        0
  SINCE DEC 1      0                         0      0        0
  SINCE JAN 1      0                         0      0        0
..................................................................


WIND (MPH)
  HIGHEST WIND SPEED    14   HIGHEST WIND DIRECTION     S (160)
  HIGHEST GUST SPEED    20   HIGHEST GUST DIRECTION     S (170)
  AVERAGE WIND SPEED     4.8


SKY COVER
  AVERAGE SKY COVER 1.0


WEATHER CONDITIONS
 THE FOLLOWING WEATHER WAS RECORDED YESTERDAY.
  SNOW
  LIGHT SNOW
  FOG
  FOG W/VISIBILITY <= 1/4 MILE


RELATIVE HUMIDITY (PERCENT)
 HIGHEST    92           700 AM
 LOWEST     77           100 AM
 AVERAGE    85

..........................................................


THE MCCALL ID CLIMATE NORMALS FOR TODAY
                         NORMAL    RECORD    YEAR
 MAXIMUM TEMPERATURE (F)   29        46      2005
 MINIMUM TEMPERATURE (F)   11       -35      1943


SUNRISE AND SUNSET
JANUARY 19 2017.......SUNRISE   816 AM MST   SUNSET   535 PM MST
JANUARY 20 2017.......SUNRISE   815 AM MST   SUNSET   536 PM MST


-  INDICATES NEGATIVE NUMBERS.
R  INDICATES RECORD WAS SET OR TIED.
MM INDICATES DATA IS MISSING.
T  INDICATES TRACE AMOUNT.




$$
