000
CDUS45 KBOI 250930
CLIMYL


CLIMATE REPORT
NATIONAL WEATHER SERVICE BOISE ID
330 AM MDT MON MAY 25 2015


...................................

...THE MCCALL ID CLIMATE SUMMARY FOR MAY 24 2015...

CLIMATE NORMAL PERIOD 1981 TO 2010
CLIMATE RECORD PERIOD 1930 TO 2015


WEATHER ITEM   OBSERVED TIME   RECORD YEAR NORMAL DEPARTURE LAST
                VALUE   (LST)  VALUE       VALUE  FROM      YEAR
                                                  NORMAL
..................................................................
TEMPERATURE (F)
 YESTERDAY
  MAXIMUM         66    413 PM  84    2001  61      5       68
  MINIMUM         42    526 AM  24    1989  35      7       48
  AVERAGE         54                        48      6       58

PRECIPITATION (IN)
  YESTERDAY        T             0.84 1962   0.08  -0.08     0.02
  MONTH TO DATE    2.09                      1.69   0.40     1.09
  SINCE OCT 1     17.88                     15.46   2.42    18.45
  SINCE JAN 1      9.12                      9.28  -0.16    14.38

DEGREE DAYS
 HEATING
  YESTERDAY       11                        17     -6        7
  MONTH TO DATE  365                       479   -114      392
  SINCE MAR 1   1919                      2439   -520     2192
  SINCE JUL 1   7290                      9114  -1824     8186

 COOLING
  YESTERDAY        0                         0      0        0
  MONTH TO DATE    0                         0      0        0
  SINCE MAR 1      0                         0      0        0
  SINCE JAN 1      0                         0      0        0
..................................................................


WIND (MPH)
  HIGHEST WIND SPEED    17   HIGHEST WIND DIRECTION     W (270)
  HIGHEST GUST SPEED    23   HIGHEST GUST DIRECTION     N (10)
  AVERAGE WIND SPEED     8.1


SKY COVER
  AVERAGE SKY COVER 0.2


WEATHER CONDITIONS
 THE FOLLOWING WEATHER WAS RECORDED YESTERDAY.
  NO SIGNIFICANT WEATHER WAS OBSERVED.


RELATIVE HUMIDITY (PERCENT)
 HIGHEST    83           600 AM
 LOWEST     37           400 PM
 AVERAGE    60

..........................................................


THE MCCALL ID CLIMATE NORMALS FOR TODAY
                         NORMAL    RECORD    YEAR
 MAXIMUM TEMPERATURE (F)   61        86      2001
 MINIMUM TEMPERATURE (F)   35        18      1975


SUNRISE AND SUNSET
MAY 25 2015...........SUNRISE   606 AM MDT   SUNSET   917 PM MDT
MAY 26 2015...........SUNRISE   605 AM MDT   SUNSET   918 PM MDT


-  INDICATES NEGATIVE NUMBERS.
R  INDICATES RECORD WAS SET OR TIED.
MM INDICATES DATA IS MISSING.
T  INDICATES TRACE AMOUNT.




$$
