000
CDUS44 KLIX 190801
CLINEW


CLIMATE REPORT
NATIONAL WEATHER SERVICE NEW ORLEANS
200 AM CST SUN FEB 19 2017


...................................

...THE NEW ORLEANS CLIMATE SUMMARY FOR FEBRUARY 18 2017...

CLIMATE NORMAL PERIOD 1981 TO 2010
CLIMATE RECORD PERIOD 1946 TO 2017


WEATHER ITEM   OBSERVED TIME   RECORD YEAR NORMAL DEPARTURE LAST
                VALUE   (LST)  VALUE       VALUE  FROM      YEAR
                                                  NORMAL
..................................................................
TEMPERATURE (F)
 YESTERDAY
  MAXIMUM         72    109 PM  81    2000  66      6       71
                                      1975
                                      1956
  MINIMUM         50    710 AM  29    1958  49      1       48
  AVERAGE         61                        57      4       60

PRECIPITATION (IN)
  YESTERDAY        T             3.79 1988   0.20  -0.20     0.00
  MONTH TO DATE    1.80                      3.56  -1.76     1.67
  SINCE DEC 1     14.56                     13.95   0.61    12.54
  SINCE JAN 1      6.70                      8.71  -2.01     6.08

SNOWFALL (IN)
  YESTERDAY        0.0
  MONTH TO DATE    0.0
  SINCE DEC 1      0.0
  SINCE JUL 1      0.0
  SNOW DEPTH       0

DEGREE DAYS
 HEATING
  YESTERDAY        4                         8     -4        5
  MONTH TO DATE   66                       179   -113      146
  SINCE DEC 1    481                       871   -390      602
  SINCE JUL 1    552                      1035   -483      660

 COOLING
  YESTERDAY        0                         1     -1        0
  MONTH TO DATE   38                        18     20       19
  SINCE DEC 1    145                        61     84      134
  SINCE JAN 1     90                        34     56       23
..................................................................


WIND (MPH)
  HIGHEST WIND SPEED    14   HIGHEST WIND DIRECTION     E (70)
  HIGHEST GUST SPEED    16   HIGHEST GUST DIRECTION     E (70)
  AVERAGE WIND SPEED     3.8


SKY COVER
  POSSIBLE SUNSHINE  MM
  AVERAGE SKY COVER 0.4


WEATHER CONDITIONS
 THE FOLLOWING WEATHER WAS RECORDED YESTERDAY.
  FOG


RELATIVE HUMIDITY (PERCENT)
 HIGHEST   100           100 AM
 LOWEST     68           100 PM
 AVERAGE    84

..........................................................


THE NEW ORLEANS CLIMATE NORMALS FOR TODAY
                         NORMAL    RECORD    YEAR
 MAXIMUM TEMPERATURE (F)   66        81      1956
 MINIMUM TEMPERATURE (F)   49        31      1978


SUNRISE AND SUNSET
FEBRUARY 19 2017......SUNRISE   637 AM CST   SUNSET   553 PM CST
FEBRUARY 20 2017......SUNRISE   636 AM CST   SUNSET   554 PM CST


-  INDICATES NEGATIVE NUMBERS.
R  INDICATES RECORD WAS SET OR TIED.
MM INDICATES DATA IS MISSING.
T  INDICATES TRACE AMOUNT.




$$
