000
CDUS44 KLIX 250802
CLINEW


CLIMATE REPORT
NATIONAL WEATHER SERVICE NEW ORLEANS
201 AM CST THU DEC 25 2014


...................................

...THE NEW ORLEANS CLIMATE SUMMARY FOR DECEMBER 24 2014...

CLIMATE NORMAL PERIOD 1981 TO 2010
CLIMATE RECORD PERIOD 1946 TO 2014


WEATHER ITEM   OBSERVED TIME   RECORD YEAR NORMAL DEPARTURE LAST
                VALUE   (LST)  VALUE       VALUE  FROM      YEAR
                                                  NORMAL
..................................................................
TEMPERATURE (F)
 YESTERDAY
  MAXIMUM         57    156 PM  81    2008  63     -6       52
  MINIMUM         44   1159 PM  15    1989  46     -2       36
  AVERAGE         51                        54     -3       44

PRECIPITATION (IN)
  YESTERDAY        0.06          0.81 1981   0.18  -0.12     0.00
  MONTH TO DATE    3.24                      4.01  -0.77     1.92
  SINCE DEC 1      3.24                      4.01  -0.77     1.92
  SINCE JAN 1     54.02                     61.22  -7.20    65.09

SNOWFALL (IN)
  YESTERDAY        0.0
  MONTH TO DATE    0.0
  SINCE DEC 1      0.0
  SINCE JUL 1      0.0
  SNOW DEPTH       0

DEGREE DAYS
 HEATING
  YESTERDAY       14                        11      3       21
  MONTH TO DATE  149                       234    -85      229
  SINCE DEC 1    149                       234    -85      229
  SINCE JUL 1    379                       398    -19      429

 COOLING
  YESTERDAY        0                         1     -1        0
  MONTH TO DATE   29                        24      5       42
  SINCE DEC 1     29                        24      5       42
  SINCE JAN 1   2995                      3002     -7     3001
..................................................................


WIND (MPH)
  HIGHEST WIND SPEED    25   HIGHEST WIND DIRECTION    NW (310)
  HIGHEST GUST SPEED    31   HIGHEST GUST DIRECTION    NW (330)
  AVERAGE WIND SPEED    15.0


SKY COVER
  POSSIBLE SUNSHINE  MM
  AVERAGE SKY COVER 0.6


WEATHER CONDITIONS
 THE FOLLOWING WEATHER WAS RECORDED YESTERDAY.
  THUNDERSTORM
  LIGHT RAIN
  FOG


RELATIVE HUMIDITY (PERCENT)
 HIGHEST    89           300 AM
 LOWEST     43           200 PM
 AVERAGE    66

..........................................................


THE NEW ORLEANS CLIMATE NORMALS FOR TODAY
                         NORMAL    RECORD    YEAR
 MAXIMUM TEMPERATURE (F)   63        79      2008
                                             1987
                                             1964
 MINIMUM TEMPERATURE (F)   46        14      1983


SUNRISE AND SUNSET
DECEMBER 25 2014......SUNRISE   654 AM CST   SUNSET   508 PM CST
DECEMBER 26 2014......SUNRISE   655 AM CST   SUNSET   508 PM CST


-  INDICATES NEGATIVE NUMBERS.
R  INDICATES RECORD WAS SET OR TIED.
MM INDICATES DATA IS MISSING.
T  INDICATES TRACE AMOUNT.




$$
