000
CDUS44 KLIX 250701
CLINEW


CLIMATE REPORT
NATIONAL WEATHER SERVICE NEW ORLEANS
200 AM CDT THU MAY 25 2017


...................................

...THE NEW ORLEANS CLIMATE SUMMARY FOR MAY 24 2017...

CLIMATE NORMAL PERIOD 1981 TO 2010
CLIMATE RECORD PERIOD 1946 TO 2017


WEATHER ITEM   OBSERVED TIME   RECORD YEAR NORMAL DEPARTURE LAST
                VALUE   (LST)  VALUE       VALUE  FROM      YEAR
                                                  NORMAL
..................................................................
TEMPERATURE (F)
 YESTERDAY
  MAXIMUM         78    351 PM  94    2005  87     -9       89
  MINIMUM         60   1155 PM  56    1967  70    -10       69
  AVERAGE         69                        78     -9       79

PRECIPITATION (IN)
  YESTERDAY        T             2.04 1973   0.15  -0.15     0.00
  MONTH TO DATE    7.32                      3.39   3.93     4.10
  SINCE MAR 1     15.65                     12.55   3.10    20.35
  SINCE JAN 1     23.29                     23.00   0.29    28.48

SNOWFALL (IN)
  YESTERDAY        0.0
  MONTH TO DATE    0.0
  SINCE MAR 1      0.0
  SINCE JUL 1      0.0
  SNOW DEPTH       0

DEGREE DAYS
 HEATING
  YESTERDAY        0                         0      0        0
  MONTH TO DATE    5                         0      5        0
  SINCE MAR 1     74                       170    -96       41
  SINCE JUL 1    635                      1279   -644      755

 COOLING
  YESTERDAY        4                        13     -9       14
  MONTH TO DATE  203                       261    -58      279
  SINCE MAR 1    550                       481     69      627
  SINCE JAN 1    670                       518    152      663
..................................................................


WIND (MPH)
  HIGHEST WIND SPEED    20   HIGHEST WIND DIRECTION     W (280)
  HIGHEST GUST SPEED    27   HIGHEST GUST DIRECTION     W (290)
  AVERAGE WIND SPEED    10.9


SKY COVER
  POSSIBLE SUNSHINE  MM
  AVERAGE SKY COVER 0.5


WEATHER CONDITIONS
 THE FOLLOWING WEATHER WAS RECORDED YESTERDAY.
  NO SIGNIFICANT WEATHER WAS OBSERVED.


RELATIVE HUMIDITY (PERCENT)
 HIGHEST    87           600 AM
 LOWEST     39           300 PM
 AVERAGE    63

..........................................................


THE NEW ORLEANS CLIMATE NORMALS FOR TODAY
                         NORMAL    RECORD    YEAR
 MAXIMUM TEMPERATURE (F)   87        94      2010
                                             1953
 MINIMUM TEMPERATURE (F)   70        58      1985
                                             1967


SUNRISE AND SUNSET
MAY 25 2017...........SUNRISE   602 AM CDT   SUNSET   754 PM CDT
MAY 26 2017...........SUNRISE   602 AM CDT   SUNSET   754 PM CDT


-  INDICATES NEGATIVE NUMBERS.
R  INDICATES RECORD WAS SET OR TIED.
MM INDICATES DATA IS MISSING.
T  INDICATES TRACE AMOUNT.




$$
