000
CDUS44 KLIX 272226
CLINEW


CLIMATE REPORT
NATIONAL WEATHER SERVICE NEW ORLEANS
425 PM CST TUE JAN 27 2015


...................................

...THE NEW ORLEANS CLIMATE SUMMARY FOR JANUARY 27 2015...
VALID TODAY AS OF 0400 PM LOCAL TIME.

CLIMATE NORMAL PERIOD 1981 TO 2010
CLIMATE RECORD PERIOD 1946 TO 2015


WEATHER ITEM   OBSERVED TIME   RECORD YEAR NORMAL DEPARTURE LAST
                VALUE   (LST)  VALUE       VALUE  FROM      YEAR
                                                  NORMAL
..................................................................
TEMPERATURE (F)
 TODAY
  MAXIMUM         74    346 PM  81    1952  63     11       65
  MINIMUM         45    723 AM  26    1987  45      0       48
                                      1966
  AVERAGE         60                        54      6       57

PRECIPITATION (IN)
  TODAY            0.00          2.31 1952   0.17  -0.17     0.57
  MONTH TO DATE    5.67                      4.46   1.21     2.66
  SINCE DEC 1      9.63                      9.70  -0.07     5.86
  SINCE JAN 1      5.67                      4.46   1.21     2.66

SNOWFALL (IN)
  TODAY            0.0
  MONTH TO DATE    0.0
  SINCE DEC 1      0.0
  SINCE JUL 1      0.0
  SNOW DEPTH       0

DEGREE DAYS
 HEATING
  TODAY            5                        12     -7        8
  MONTH TO DATE  369                       324     45      446
  SINCE DEC 1    582                       641    -59      785
  SINCE JUL 1    812                       805      7      985

 COOLING
  TODAY            0                         0      0        0
  MONTH TO DATE    8                        12     -4        0
  SINCE DEC 1     39                        39      0       42
  SINCE JAN 1      8                        12     -4        0
..................................................................


WIND (MPH)
  HIGHEST WIND SPEED    14   HIGHEST WIND DIRECTION    NW (330)
  HIGHEST GUST SPEED    18   HIGHEST GUST DIRECTION    SW (220)
  AVERAGE WIND SPEED     6.8


SKY COVER
  POSSIBLE SUNSHINE  MM
  AVERAGE SKY COVER 0.1


WEATHER CONDITIONS
 THE FOLLOWING WEATHER WAS RECORDED TODAY.
  NO SIGNIFICANT WEATHER WAS OBSERVED.


RELATIVE HUMIDITY (PERCENT)
 HIGHEST    76           300 AM
 LOWEST     27           400 PM
 AVERAGE    52

..........................................................


THE NEW ORLEANS CLIMATE NORMALS FOR TOMORROW
                         NORMAL    RECORD    YEAR
 MAXIMUM TEMPERATURE (F)   63        82      1957
 MINIMUM TEMPERATURE (F)   45        26      1986
                                             1976


SUNRISE AND SUNSET
JANUARY 27 2015.......SUNRISE   654 AM CST   SUNSET   534 PM CST
JANUARY 28 2015.......SUNRISE   653 AM CST   SUNSET   535 PM CST


-  INDICATES NEGATIVE NUMBERS.
R  INDICATES RECORD WAS SET OR TIED.
MM INDICATES DATA IS MISSING.
T  INDICATES TRACE AMOUNT.




$$
