000
CDUS44 KLIX 280700
CLINEW


CLIMATE REPORT
NATIONAL WEATHER SERVICE NEW ORLEANS
200 AM CDT THU AUG 28 2014


...................................

...THE NEW ORLEANS CLIMATE SUMMARY FOR AUGUST 27 2014...

CLIMATE NORMAL PERIOD 1981 TO 2010
CLIMATE RECORD PERIOD 1946 TO 2014


WEATHER ITEM   OBSERVED TIME   RECORD YEAR NORMAL DEPARTURE LAST
                VALUE   (LST)  VALUE       VALUE  FROM      YEAR
                                                  NORMAL
..................................................................
TEMPERATURE (F)
 YESTERDAY
  MAXIMUM         91    204 PM  99    1989  91      0       87
  MINIMUM         80    335 AM  63    1966  75      5       73
  AVERAGE         86                        83      3       80

PRECIPITATION (IN)
  YESTERDAY        0.00          2.85 1991   0.18  -0.18     0.00
  MONTH TO DATE    3.94                      5.20  -1.26     7.22
  SINCE JUN 1     16.46                     19.19  -2.73    15.58
  SINCE JAN 1     41.40                     43.43  -2.03    50.31

SNOWFALL (IN)
  YESTERDAY        0.0
  MONTH TO DATE    0.0
  SINCE JUN 1      0.0
  SINCE JUL 1      0.0
  SNOW DEPTH       0

DEGREE DAYS
 HEATING
  YESTERDAY        0                         0      0        0
  MONTH TO DATE    0                         0      0        0
  SINCE JUN 1      0                         0      0        0
  SINCE JUL 1      0                         0      0        0

 COOLING
  YESTERDAY       21                        18      3       15
  MONTH TO DATE  535                       486     49      492
  SINCE JUN 1   1589                      1547     42     1579
  SINCE JAN 1   2112                      2166    -54     2072
..................................................................


WIND (MPH)
  HIGHEST WIND SPEED    16   HIGHEST WIND DIRECTION    SE (120)
  HIGHEST GUST SPEED    20   HIGHEST GUST DIRECTION     E (80)
  AVERAGE WIND SPEED     8.0


SKY COVER
  POSSIBLE SUNSHINE  MM
  AVERAGE SKY COVER 0.6


WEATHER CONDITIONS
 THE FOLLOWING WEATHER WAS RECORDED YESTERDAY.
  NO SIGNIFICANT WEATHER WAS OBSERVED.


RELATIVE HUMIDITY (PERCENT)
 HIGHEST    85           500 AM
 LOWEST     56          1200 PM
 AVERAGE    71

..........................................................


THE NEW ORLEANS CLIMATE NORMALS FOR TODAY
                         NORMAL    RECORD    YEAR
 MAXIMUM TEMPERATURE (F)   91        99      1998
 MINIMUM TEMPERATURE (F)   75        67      1971


SUNRISE AND SUNSET
AUGUST 28 2014........SUNRISE   636 AM CDT   SUNSET   728 PM CDT
AUGUST 29 2014........SUNRISE   636 AM CDT   SUNSET   727 PM CDT


-  INDICATES NEGATIVE NUMBERS.
R  INDICATES RECORD WAS SET OR TIED.
MM INDICATES DATA IS MISSING.
T  INDICATES TRACE AMOUNT.




$$
