000
CDUS44 KLIX 270810
CLINEW


CLIMATE REPORT
NATIONAL WEATHER SERVICE NEW ORLEANS
201 AM CST FRI FEB 27 2015


...................................

...THE NEW ORLEANS CLIMATE SUMMARY FOR FEBRUARY 26 2015...

CLIMATE NORMAL PERIOD 1981 TO 2010
CLIMATE RECORD PERIOD 1946 TO 2015


WEATHER ITEM   OBSERVED TIME   RECORD YEAR NORMAL DEPARTURE LAST
                VALUE   (LST)  VALUE       VALUE  FROM      YEAR
                                                  NORMAL
..................................................................
TEMPERATURE (F)
 YESTERDAY
  MAXIMUM         48    842 PM  85    1972  68    -20       66
  MINIMUM         38    755 AM  29    1965  50    -12       41
  AVERAGE         43                        59    -16       54

PRECIPITATION (IN)
  YESTERDAY        0.00          2.35 1966   0.17  -0.17     1.49
  MONTH TO DATE    2.03                      4.97  -2.94     6.31
  SINCE DEC 1     11.66                     15.36  -3.70    12.23
  SINCE JAN 1      7.70                     10.12  -2.42     9.03

SNOWFALL (IN)
  YESTERDAY        0.0
  MONTH TO DATE    0.0
  SINCE DEC 1      0.0
  SINCE JUL 1      0.0
  SNOW DEPTH       0

DEGREE DAYS
 HEATING
  YESTERDAY       22                         7     15       11
  MONTH TO DATE  325                       239     86      232
  SINCE DEC 1    941                       931     10     1119
  SINCE JUL 1   1171                      1095     76     1319

 COOLING
  YESTERDAY        0                         1     -1        0
  MONTH TO DATE   10                        26    -16       24
  SINCE DEC 1     49                        69    -20       66
  SINCE JAN 1     18                        42    -24       24
..................................................................


WIND (MPH)
  HIGHEST WIND SPEED    20   HIGHEST WIND DIRECTION     N (10)
  HIGHEST GUST SPEED    26   HIGHEST GUST DIRECTION     N (360)
  AVERAGE WIND SPEED    13.3


SKY COVER
  POSSIBLE SUNSHINE  MM
  AVERAGE SKY COVER 0.9


WEATHER CONDITIONS
 THE FOLLOWING WEATHER WAS RECORDED YESTERDAY.
  NO SIGNIFICANT WEATHER WAS OBSERVED.


RELATIVE HUMIDITY (PERCENT)
 HIGHEST    85           100 AM
 LOWEST     54           600 PM
 AVERAGE    70

..........................................................


THE NEW ORLEANS CLIMATE NORMALS FOR TODAY
                         NORMAL    RECORD    YEAR
 MAXIMUM TEMPERATURE (F)   68        83      1962
 MINIMUM TEMPERATURE (F)   50        24      1974


SUNRISE AND SUNSET
FEBRUARY 27 2015......SUNRISE   629 AM CST   SUNSET   559 PM CST
FEBRUARY 28 2015......SUNRISE   628 AM CST   SUNSET   559 PM CST


-  INDICATES NEGATIVE NUMBERS.
R  INDICATES RECORD WAS SET OR TIED.
MM INDICATES DATA IS MISSING.
T  INDICATES TRACE AMOUNT.




$$
