000
CDUS44 KLIX 290720
CLINEW


CLIMATE REPORT
NATIONAL WEATHER SERVICE NEW ORLEANS
220 AM CDT SUN MAY 29 2016


...................................

...THE NEW ORLEANS CLIMATE SUMMARY FOR MAY 28 2016...

CLIMATE NORMAL PERIOD 1981 TO 2010
CLIMATE RECORD PERIOD 1946 TO 2016


WEATHER ITEM   OBSERVED TIME   RECORD YEAR NORMAL DEPARTURE LAST
                VALUE   (LST)  VALUE       VALUE  FROM      YEAR
                                                  NORMAL
..................................................................
TEMPERATURE (F)
 YESTERDAY
  MAXIMUM         87   1247 PM  96    1953  88     -1       89
  MINIMUM         72   1159 PM  54    1961  71      1       69
  AVERAGE         80                        79      1       79

PRECIPITATION (IN)
  YESTERDAY        0.07          1.52 2014   0.19  -0.12      T
  MONTH TO DATE    4.17                      4.07   0.10     8.76
  SINCE MAR 1     20.42                     13.23   7.19    27.09
  SINCE JAN 1     28.55                     23.68   4.87    34.79

SNOWFALL (IN)
  YESTERDAY        0.0
  MONTH TO DATE    0.0
  SINCE MAR 1      0.0
  SINCE JUL 1      0.0
  SNOW DEPTH       0

DEGREE DAYS
 HEATING
  YESTERDAY        0                         0      0        0
  MONTH TO DATE    0                         0      0        0
  SINCE MAR 1     41                       170   -129       70
  SINCE JUL 1    755                      1279   -524     1274

 COOLING
  YESTERDAY       15                        14      1       14
  MONTH TO DATE  342                       317     25      373
  SINCE MAR 1    690                       537    153      765
  SINCE JAN 1    726                       574    152      783
..................................................................


WIND (MPH)
  HIGHEST WIND SPEED    15   HIGHEST WIND DIRECTION    SE (120)
  HIGHEST GUST SPEED    27   HIGHEST GUST DIRECTION     E (110)
  AVERAGE WIND SPEED     7.7


SKY COVER
  POSSIBLE SUNSHINE  MM
  AVERAGE SKY COVER 0.6


WEATHER CONDITIONS
 THE FOLLOWING WEATHER WAS RECORDED YESTERDAY.
  THUNDERSTORM
  LIGHT RAIN


RELATIVE HUMIDITY (PERCENT)
 HIGHEST    87           100 AM
 LOWEST     59          1200 PM
 AVERAGE    73

..........................................................


THE NEW ORLEANS CLIMATE NORMALS FOR TODAY
                         NORMAL    RECORD    YEAR
 MAXIMUM TEMPERATURE (F)   88        94      2000
                                             1953
 MINIMUM TEMPERATURE (F)   71        55      1961


SUNRISE AND SUNSET
MAY 29 2016...........SUNRISE   601 AM CDT   SUNSET   756 PM CDT
MAY 30 2016...........SUNRISE   601 AM CDT   SUNSET   757 PM CDT


-  INDICATES NEGATIVE NUMBERS.
R  INDICATES RECORD WAS SET OR TIED.
MM INDICATES DATA IS MISSING.
T  INDICATES TRACE AMOUNT.




$$
