000
CDUS44 KLIX 292116
CLINEW


CLIMATE REPORT
NATIONAL WEATHER SERVICE NEW ORLEANS
415 PM CDT WED MAR 29 2017


...................................

...THE NEW ORLEANS CLIMATE SUMMARY FOR MARCH 29 2017...
VALID TODAY AS OF 0400 PM LOCAL TIME.

CLIMATE NORMAL PERIOD 1981 TO 2010
CLIMATE RECORD PERIOD 1946 TO 2017


WEATHER ITEM   OBSERVED TIME   RECORD YEAR NORMAL DEPARTURE LAST
                VALUE   (LST)  VALUE       VALUE  FROM      YEAR
                                                  NORMAL
..................................................................
TEMPERATURE (F)
 TODAY
  MAXIMUM         83R   135 PM  83    2012  75      8       75
                                      2011
                                      2007
  MINIMUM         69    623 AM  40    1947  56     13       65
  AVERAGE         76                        65     11       70

PRECIPITATION (IN)
  TODAY            0.00          3.59 2011   0.15  -0.15     0.15
  MONTH TO DATE    1.95                      4.25  -2.30     6.36
  SINCE MAR 1      1.95                      4.25  -2.30     6.36
  SINCE JAN 1      9.59                     14.70  -5.11    14.49

SNOWFALL (IN)
  TODAY            0.0
  MONTH TO DATE    0.0
  SINCE MAR 1      0.0
  SINCE JUL 1      0.0
  SNOW DEPTH       0

DEGREE DAYS
 HEATING
  TODAY            0                         3     -3        0
  MONTH TO DATE   59                       131    -72       38
  SINCE MAR 1     59                       131    -72       38
  SINCE JUL 1    620                      1240   -620      752

 COOLING
  TODAY           11                         3      8        5
  MONTH TO DATE  133                        57     76      122
  SINCE MAR 1    133                        57     76      122
  SINCE JAN 1    253                        94    159      158
..................................................................


WIND (MPH)
  HIGHEST WIND SPEED    18   HIGHEST WIND DIRECTION     S (160)
  HIGHEST GUST SPEED    27   HIGHEST GUST DIRECTION    SE (150)
  AVERAGE WIND SPEED    11.3


SKY COVER
  POSSIBLE SUNSHINE  MM
  AVERAGE SKY COVER 0.5


WEATHER CONDITIONS
 THE FOLLOWING WEATHER WAS RECORDED TODAY.
  NO SIGNIFICANT WEATHER WAS OBSERVED.


RELATIVE HUMIDITY (PERCENT)
 HIGHEST    97           100 AM
 LOWEST     58          1200 PM
 AVERAGE    78

..........................................................


THE NEW ORLEANS CLIMATE NORMALS FOR TOMORROW
                         NORMAL    RECORD    YEAR
 MAXIMUM TEMPERATURE (F)   75        86      1974
 MINIMUM TEMPERATURE (F)   56        36      1964


SUNRISE AND SUNSET
MARCH 29 2017.........SUNRISE   654 AM CDT   SUNSET   718 PM CDT
MARCH 30 2017.........SUNRISE   652 AM CDT   SUNSET   719 PM CDT


-  INDICATES NEGATIVE NUMBERS.
R  INDICATES RECORD WAS SET OR TIED.
MM INDICATES DATA IS MISSING.
T  INDICATES TRACE AMOUNT.




$$
