000
CDUS44 KLIX 250702
CLINEW


CLIMATE REPORT
NATIONAL WEATHER SERVICE NEW ORLEANS
202 AM CDT MON JUL 25 2016


...................................

...THE NEW ORLEANS CLIMATE SUMMARY FOR JULY 24 2016...

CLIMATE NORMAL PERIOD 1981 TO 2010
CLIMATE RECORD PERIOD 1946 TO 2016


WEATHER ITEM   OBSERVED TIME   RECORD YEAR NORMAL DEPARTURE LAST
                VALUE   (LST)  VALUE       VALUE  FROM      YEAR
                                                  NORMAL
..................................................................
TEMPERATURE (F)
 YESTERDAY
  MAXIMUM         93   1138 AM  98    1981  91      2       96
  MINIMUM         81    523 AM  67    1947  75      6       78
  AVERAGE         87                        83      4       87

PRECIPITATION (IN)
  YESTERDAY        0.10          2.14 1992   0.17  -0.07     0.00
  MONTH TO DATE    3.62                      4.68  -1.06     3.82
  SINCE JUN 1     13.40                     12.74   0.66     7.57
  SINCE JAN 1     42.73                     36.98   5.75    42.74

SNOWFALL (IN)
  YESTERDAY        0.0
  MONTH TO DATE    0.0
  SINCE JUN 1      0.0
  SINCE JUL 1      0.0
  SNOW DEPTH       0

DEGREE DAYS
 HEATING
  YESTERDAY        0                         0      0        0
  MONTH TO DATE    0                         0      0        0
  SINCE JUN 1      0                         0      0        0
  SINCE JUL 1      0                         0      0        0

 COOLING
  YESTERDAY       22                        18      4       22
  MONTH TO DATE  534                       432    102      491
  SINCE JUN 1   1118                       927    191     1021
  SINCE JAN 1   1898                      1546    352     1850
..................................................................


WIND (MPH)
  HIGHEST WIND SPEED    17   HIGHEST WIND DIRECTION    SE (130)
  HIGHEST GUST SPEED    22   HIGHEST GUST DIRECTION    SE (140)
  AVERAGE WIND SPEED     4.7


SKY COVER
  POSSIBLE SUNSHINE  MM
  AVERAGE SKY COVER 0.7


WEATHER CONDITIONS
 THE FOLLOWING WEATHER WAS RECORDED YESTERDAY.
  THUNDERSTORM
  RAIN
  LIGHT RAIN
  HAZE


RELATIVE HUMIDITY (PERCENT)
 HIGHEST    88           500 PM
 LOWEST     60          1100 AM
 AVERAGE    74

..........................................................


THE NEW ORLEANS CLIMATE NORMALS FOR TODAY
                         NORMAL    RECORD    YEAR
 MAXIMUM TEMPERATURE (F)   92        98      2005
 MINIMUM TEMPERATURE (F)   75        70      1984
                                             1974
                                             1966


SUNRISE AND SUNSET
JULY 25 2016..........SUNRISE   616 AM CDT   SUNSET   758 PM CDT
JULY 26 2016..........SUNRISE   617 AM CDT   SUNSET   758 PM CDT


-  INDICATES NEGATIVE NUMBERS.
R  INDICATES RECORD WAS SET OR TIED.
MM INDICATES DATA IS MISSING.
T  INDICATES TRACE AMOUNT.




$$
