000
CDUS44 KLIX 230723
CLINEW


CLIMATE REPORT
NATIONAL WEATHER SERVICE NEW ORLEANS
223 AM CDT THU OCT 23 2014


...................................

...THE NEW ORLEANS CLIMATE SUMMARY FOR OCTOBER 22 2014...

CLIMATE NORMAL PERIOD 1981 TO 2010
CLIMATE RECORD PERIOD 1946 TO 2014


WEATHER ITEM   OBSERVED TIME   RECORD YEAR NORMAL DEPARTURE LAST
                VALUE   (LST)  VALUE       VALUE  FROM      YEAR
                                                  NORMAL
..................................................................
TEMPERATURE (F)
 YESTERDAY
  MAXIMUM         79    358 PM  88    1991  78      1       79
  MINIMUM         61   1223 AM  39    1976  61      0       62
  AVERAGE         70                        70      0       71

PRECIPITATION (IN)
  YESTERDAY        0.00          6.07 2007   0.12  -0.12     0.00
  MONTH TO DATE    1.84                      2.46  -0.62     1.97
  SINCE SEP 1      5.68                      7.43  -1.75    10.65
  SINCE JAN 1     48.64                     51.64  -3.00    60.96

SNOWFALL (IN)
  YESTERDAY        0.0
  MONTH TO DATE    0.0
  SINCE SEP 1      0.0
  SINCE JUL 1      0.0
  SNOW DEPTH       0

DEGREE DAYS
 HEATING
  YESTERDAY        0                         1     -1        0
  MONTH TO DATE    0                         9     -9        0
  SINCE SEP 1      0                         9     -9        0
  SINCE JUL 1      0                         9     -9        0

 COOLING
  YESTERDAY        5                         6     -1        6
  MONTH TO DATE  204                       179     25      220
  SINCE SEP 1    708                       622     86      731
  SINCE JAN 1   2892                      2868     24     2867
..................................................................


WIND (MPH)
  HIGHEST WIND SPEED    17   HIGHEST WIND DIRECTION    NE (40)
  HIGHEST GUST SPEED    21   HIGHEST GUST DIRECTION    NE (50)
  AVERAGE WIND SPEED     9.4


SKY COVER
  POSSIBLE SUNSHINE  MM
  AVERAGE SKY COVER 0.1


WEATHER CONDITIONS
 THE FOLLOWING WEATHER WAS RECORDED YESTERDAY.
  NO SIGNIFICANT WEATHER WAS OBSERVED.


RELATIVE HUMIDITY (PERCENT)
 HIGHEST    81           600 AM
 LOWEST     39           400 PM
 AVERAGE    60

..........................................................


THE NEW ORLEANS CLIMATE NORMALS FOR TODAY
                         NORMAL    RECORD    YEAR
 MAXIMUM TEMPERATURE (F)   78        87      1995
                                             1949
 MINIMUM TEMPERATURE (F)   60        44      1964
                                             1960


SUNRISE AND SUNSET
OCTOBER 23 2014.......SUNRISE   708 AM CDT   SUNSET   622 PM CDT
OCTOBER 24 2014.......SUNRISE   709 AM CDT   SUNSET   621 PM CDT


-  INDICATES NEGATIVE NUMBERS.
R  INDICATES RECORD WAS SET OR TIED.
MM INDICATES DATA IS MISSING.
T  INDICATES TRACE AMOUNT.




$$
