000
CDUS44 KLIX 250706
CLINEW


CLIMATE REPORT
NATIONAL WEATHER SERVICE NEW ORLEANS
203 AM CDT MON SEP 25 2017


...................................

...THE NEW ORLEANS CLIMATE SUMMARY FOR SEPTEMBER 24 2017...

CLIMATE NORMAL PERIOD 1981 TO 2010
CLIMATE RECORD PERIOD 1946 TO 2017


WEATHER ITEM   OBSERVED TIME   RECORD YEAR NORMAL DEPARTURE LAST
                VALUE   (LST)  VALUE       VALUE  FROM      YEAR
                                                  NORMAL
..................................................................
TEMPERATURE (F)
 YESTERDAY
  MAXIMUM         88    337 PM  94    2016  86      2       94
  MINIMUM         73    132 AM  54    1994  70      3       77
  AVERAGE         81                        78      3       86

PRECIPITATION (IN)
  YESTERDAY        0.06          2.37 1946   0.14  -0.08     0.28
  MONTH TO DATE    0.42                      4.18  -3.76     4.63
  SINCE SEP 1      0.42                      4.18  -3.76     4.63
  SINCE JAN 1     64.07                     48.39  15.68    60.06

SNOWFALL (IN)
  YESTERDAY        0.0
  MONTH TO DATE    0.0
  SINCE SEP 1      0.0
  SINCE JUL 1      0.0
  SNOW DEPTH       0

DEGREE DAYS
 HEATING
  YESTERDAY        0                         0      0        0
  MONTH TO DATE    0                         0      0        0
  SINCE SEP 1      0                         0      0        0
  SINCE JUL 1      0                         0      0        0

 COOLING
  YESTERDAY       16                        13      3       21
  MONTH TO DATE  357                       371    -14      504
  SINCE SEP 1    357                       371    -14      504
  SINCE JAN 1   2710                      2617     93     3206
..................................................................


WIND (MPH)
  HIGHEST WIND SPEED    20   HIGHEST WIND DIRECTION     E (110)
  HIGHEST GUST SPEED    28   HIGHEST GUST DIRECTION     E (100)
  AVERAGE WIND SPEED     9.6


SKY COVER
  POSSIBLE SUNSHINE  MM
  AVERAGE SKY COVER 0.4


WEATHER CONDITIONS
 THE FOLLOWING WEATHER WAS RECORDED YESTERDAY.
  THUNDERSTORM
  HEAVY RAIN
  HAZE


RELATIVE HUMIDITY (PERCENT)
 HIGHEST    82           500 AM
 LOWEST     50           400 PM
 AVERAGE    66

..........................................................


THE NEW ORLEANS CLIMATE NORMALS FOR TODAY
                         NORMAL    RECORD    YEAR
 MAXIMUM TEMPERATURE (F)   86        94      2016
 MINIMUM TEMPERATURE (F)   70        56      1990
                                             1967


SUNRISE AND SUNSET
SEPTEMBER 25 2017.....SUNRISE   651 AM CDT   SUNSET   653 PM CDT
SEPTEMBER 26 2017.....SUNRISE   652 AM CDT   SUNSET   652 PM CDT


-  INDICATES NEGATIVE NUMBERS.
R  INDICATES RECORD WAS SET OR TIED.
MM INDICATES DATA IS MISSING.
T  INDICATES TRACE AMOUNT.




$$
