000
CDUS46 KMTR 210037
CLINUQ


CLIMATE REPORT
NATIONAL WEATHER SERVICE SAN FRANCISCO BAY AREA
537 PM PDT MON OCT 20 2014


...................................

...THE MOFFETT FIELD CLIMATE SUMMARY FOR OCTOBER 20 2014...
VALID TODAY AS OF 0500 PM LOCAL TIME.

CLIMATE NORMAL PERIOD 1981 TO 2010
CLIMATE RECORD PERIOD 1945 TO 2014


WEATHER ITEM   OBSERVED TIME   RECORD YEAR NORMAL DEPARTURE LAST
                VALUE   (LST)  VALUE       VALUE  FROM      YEAR
                                                  NORMAL
..................................................................
TEMPERATURE (F)
 TODAY
  MAXIMUM         70    946 AM  92    1991  73     -3       70
  MINIMUM         60    648 AM  33    1949  53      7       51
  AVERAGE         65                        63      2       61

PRECIPITATION (IN)
  TODAY            0.02          0.64 1985   0.02   0.00     0.00
  MONTH TO DATE    0.02                      0.31  -0.29     0.00
  SINCE JUL 1      0.43                      0.52  -0.09     0.50
  SINCE JAN 1      5.62                     10.15  -4.53     2.32

DEGREE DAYS
 HEATING
  TODAY            0                                         4
  MONTH TO DATE    3                                        43
  SINCE SEP 1      5                                        48
  SINCE JUL 1      5                                        52

 COOLING
  TODAY            0                                         0
  MONTH TO DATE   72                                        14
  SINCE SEP 1    196                                       119
  SINCE JAN 1    638                                       478
..................................................................


WIND (MPH)
  RESULTANT WIND SPEED   2   RESULTANT WIND DIRECTION   S (170)
  HIGHEST WIND SPEED    14   HIGHEST WIND DIRECTION    NW (320)
  HIGHEST GUST SPEED    18   HIGHEST GUST DIRECTION    NW (320)
  AVERAGE WIND SPEED     2.2


SKY COVER
  POSSIBLE SUNSHINE  MM
  AVERAGE SKY COVER 0.7


WEATHER CONDITIONS
 THE FOLLOWING WEATHER WAS RECORDED TODAY.
  LIGHT RAIN
  FOG


RELATIVE HUMIDITY (PERCENT)
 HIGHEST    93           500 AM
 LOWEST     61          1000 AM
 AVERAGE    77

..........................................................


THE MOFFETT FIELD CLIMATE NORMALS FOR TOMORROW
                         NORMAL    RECORD    YEAR
 MAXIMUM TEMPERATURE (F)   73        84      2006
 MINIMUM TEMPERATURE (F)   53        37      1949


SUNRISE AND SUNSET
OCTOBER 20 2014.......SUNRISE   721 AM PDT   SUNSET   624 PM PDT
OCTOBER 21 2014.......SUNRISE   722 AM PDT   SUNSET   623 PM PDT


-  INDICATES NEGATIVE NUMBERS.
R  INDICATES RECORD WAS SET OR TIED.
MM INDICATES DATA IS MISSING.
T  INDICATES TRACE AMOUNT.




$$
