000
CDUS46 KMTR 290845
CLINUQ


CLIMATE REPORT
NATIONAL WEATHER SERVICE SAN FRANCISCO BAY AREA
145 AM PDT WED MAR 29 2017


...................................

...THE MOFFETT FIELD CLIMATE SUMMARY FOR MARCH 28 2017...

CLIMATE NORMAL PERIOD 1981 TO 2010
CLIMATE RECORD PERIOD 1945 TO 2017


WEATHER ITEM   OBSERVED TIME   RECORD YEAR NORMAL DEPARTURE LAST
                VALUE   (LST)  VALUE       VALUE  FROM      YEAR
                                                  NORMAL
..................................................................
TEMPERATURE (F)
 YESTERDAY
  MAXIMUM         73    338 PM  80    1969  66      7       61
  MINIMUM         47    609 AM  35    1950  48     -1       49
  AVERAGE         60                        57      3       55

PRECIPITATION (IN)
  YESTERDAY        0.00          0.39 1946   0.06  -0.06      T
  MONTH TO DATE    1.61                      2.10  -0.49     3.25
  SINCE OCT 1     16.80                     12.76   4.04    11.61
  SINCE JAN 1     12.23                      7.92   4.31     7.21

DEGREE DAYS
 HEATING
  YESTERDAY        5                                        10
  MONTH TO DATE  220                                       184
  SINCE MAR 1    220                                       184
  SINCE JUL 1   1748                                      1569

 COOLING
  YESTERDAY        0                                         0
  MONTH TO DATE    0                                         0
  SINCE MAR 1      0                                         0
  SINCE JAN 1      0                                         2
..................................................................


WIND (MPH)
  RESULTANT WIND SPEED   4   RESULTANT WIND DIRECTION  NW (330)
  HIGHEST WIND SPEED    18   HIGHEST WIND DIRECTION    NW (330)
  HIGHEST GUST SPEED    24   HIGHEST GUST DIRECTION    NW (320)
  AVERAGE WIND SPEED     4.8


SKY COVER
  POSSIBLE SUNSHINE  MM
  AVERAGE SKY COVER 0.0


WEATHER CONDITIONS
 THE FOLLOWING WEATHER WAS RECORDED YESTERDAY.
  NO SIGNIFICANT WEATHER WAS OBSERVED.


RELATIVE HUMIDITY (PERCENT)
 HIGHEST    80           300 AM
 LOWEST     35           200 PM
 AVERAGE    58

..........................................................


THE MOFFETT FIELD CLIMATE NORMALS FOR TODAY
                         NORMAL    RECORD    YEAR
 MAXIMUM TEMPERATURE (F)   66        77      2015
                                             1968
 MINIMUM TEMPERATURE (F)   48        39      1959


SUNRISE AND SUNSET
MARCH 29 2017.........SUNRISE   658 AM PDT   SUNSET   729 PM PDT
MARCH 30 2017.........SUNRISE   656 AM PDT   SUNSET   729 PM PDT


-  INDICATES NEGATIVE NUMBERS.
R  INDICATES RECORD WAS SET OR TIED.
MM INDICATES DATA IS MISSING.
T  INDICATES TRACE AMOUNT.




$$
