000
CDUS46 KMTR 170900
CLINUQ


CLIMATE REPORT
NATIONAL WEATHER SERVICE SAN FRANCISCO BAY AREA
200 AM PDT WED SEP 17 2014


...................................

...THE MOFFETT FIELD CLIMATE SUMMARY FOR SEPTEMBER 16 2014...

CLIMATE NORMAL PERIOD 1981 TO 2010
CLIMATE RECORD PERIOD 1945 TO 2014


WEATHER ITEM   OBSERVED TIME   RECORD YEAR NORMAL DEPARTURE LAST
                VALUE   (LST)  VALUE       VALUE  FROM      YEAR
                                                  NORMAL
..................................................................
TEMPERATURE (F)
 YESTERDAY
  MAXIMUM         82    106 PM  93    1968  78      4       80
  MINIMUM         57    602 AM  47    1948  58     -1       61
  AVERAGE         70                        68      2       71

PRECIPITATION (IN)
  YESTERDAY        0.00          0.39 1989   0.01  -0.01     0.00
  MONTH TO DATE    0.00                      0.06  -0.06      T
  SINCE JUL 1      T                         0.09  -0.09      T
  SINCE JAN 1      5.19                      9.72  -4.53     1.82

DEGREE DAYS
 HEATING
  YESTERDAY        0                                         0
  MONTH TO DATE    2                                         0
  SINCE SEP 1      2                                         0
  SINCE JUL 1      2                                         4

 COOLING
  YESTERDAY        5                                         6
  MONTH TO DATE   68                                        83
  SINCE SEP 1     68                                        83
  SINCE JAN 1    510                                       442
..................................................................


WIND (MPH)
  RESULTANT WIND SPEED   5   RESULTANT WIND DIRECTION   N (350)
  HIGHEST WIND SPEED    18   HIGHEST WIND DIRECTION     N (350)
  HIGHEST GUST SPEED    22   HIGHEST GUST DIRECTION     N (340)
  AVERAGE WIND SPEED     6.0


SKY COVER
  POSSIBLE SUNSHINE  MM
  AVERAGE SKY COVER 0.0


WEATHER CONDITIONS
 THE FOLLOWING WEATHER WAS RECORDED YESTERDAY.
  NO SIGNIFICANT WEATHER WAS OBSERVED.


RELATIVE HUMIDITY (PERCENT)
 HIGHEST    87          1100 PM
 LOWEST     35           100 PM
 AVERAGE    61

..........................................................


THE MOFFETT FIELD CLIMATE NORMALS FOR TODAY
                         NORMAL    RECORD    YEAR
 MAXIMUM TEMPERATURE (F)   78        94      2000
 MINIMUM TEMPERATURE (F)   58        49      1959


SUNRISE AND SUNSET
SEPTEMBER 17 2014.....SUNRISE   652 AM PDT   SUNSET   713 PM PDT
SEPTEMBER 18 2014.....SUNRISE   653 AM PDT   SUNSET   711 PM PDT


-  INDICATES NEGATIVE NUMBERS.
R  INDICATES RECORD WAS SET OR TIED.
MM INDICATES DATA IS MISSING.
T  INDICATES TRACE AMOUNT.




$$
