000
CDUS46 KMTR 020826
CLINUQ


CLIMATE REPORT
NATIONAL WEATHER SERVICE SAN FRANCISCO BAY AREA
126 AM PDT MON MAY 2 2016


...................................

...THE MOFFETT FIELD CLIMATE SUMMARY FOR MAY 1 2016...

CLIMATE NORMAL PERIOD 1981 TO 2010
CLIMATE RECORD PERIOD 1945 TO 2016


WEATHER ITEM   OBSERVED TIME   RECORD YEAR NORMAL DEPARTURE LAST
                VALUE   (LST)  VALUE       VALUE  FROM      YEAR
                                                  NORMAL
..................................................................
TEMPERATURE (F)
 YESTERDAY
  MAXIMUM         83    236 PM  91    1947  71     12       MM
  MINIMUM         54    541 AM  39    1948  51      3       MM
  AVERAGE         69                        61      8       MM

PRECIPITATION (IN)
  YESTERDAY        0.00          0.29 1977   0.03  -0.03     0.00
  MONTH TO DATE    0.00                      0.03  -0.03     0.00
  SINCE OCT 1     13.02                     13.93  -0.91    13.48
  SINCE JAN 1      8.62                      9.09  -0.47     3.49

DEGREE DAYS
 HEATING
  YESTERDAY        0                                        MM
  MONTH TO DATE    0                                        MM
  SINCE MAR 1    334                                       305
  SINCE JUL 1   1719                                      1410

 COOLING
  YESTERDAY        4                                        MM
  MONTH TO DATE    4                                        MM
  SINCE MAR 1     27                                        18
  SINCE JAN 1     29                                        18
..................................................................


WIND (MPH)
  RESULTANT WIND SPEED   4   RESULTANT WIND DIRECTION   N (0)
  HIGHEST WIND SPEED    20   HIGHEST WIND DIRECTION     N (360)
  HIGHEST GUST SPEED    22   HIGHEST GUST DIRECTION     N (360)
  AVERAGE WIND SPEED     5.9


SKY COVER
  POSSIBLE SUNSHINE  MM
  AVERAGE SKY COVER 0.0


WEATHER CONDITIONS
 THE FOLLOWING WEATHER WAS RECORDED YESTERDAY.
  NO SIGNIFICANT WEATHER WAS OBSERVED.


RELATIVE HUMIDITY (PERCENT)
 HIGHEST    66           600 AM
 LOWEST     24           100 PM
 AVERAGE    45

..........................................................


THE MOFFETT FIELD CLIMATE NORMALS FOR TODAY
                         NORMAL    RECORD    YEAR
 MAXIMUM TEMPERATURE (F)   71        91      2013
                                             1990
 MINIMUM TEMPERATURE (F)   52        41      1948


SUNRISE AND SUNSET
MAY  2 2016...........SUNRISE   611 AM PDT   SUNSET   759 PM PDT
MAY  3 2016...........SUNRISE   610 AM PDT   SUNSET   800 PM PDT


-  INDICATES NEGATIVE NUMBERS.
R  INDICATES RECORD WAS SET OR TIED.
MM INDICATES DATA IS MISSING.
T  INDICATES TRACE AMOUNT.




$$
