000
CDUS46 KMTR 110025
CLINUQ


CLIMATE REPORT
NATIONAL WEATHER SERVICE SAN FRANCISCO BAY AREA
425 PM PST SUN DEC 10 2017


...................................

...THE MOFFETT FIELD CLIMATE SUMMARY FOR DECEMBER 10 2017...
VALID TODAY AS OF 0400 PM LOCAL TIME.

CLIMATE NORMAL PERIOD 1981 TO 2010
CLIMATE RECORD PERIOD 1945 TO 2017


WEATHER ITEM   OBSERVED TIME   RECORD YEAR NORMAL DEPARTURE LAST
                VALUE   (LST)  VALUE       VALUE  FROM      YEAR
                                                  NORMAL
..................................................................
TEMPERATURE (F)
 TODAY
  MAXIMUM         68    324 PM  69    2012  59      9       63
                                      1958
  MINIMUM         35    639 AM  29    2013  43     -8       53
                                      1972
  AVERAGE         52                        51      1       58

PRECIPITATION (IN)
  TODAY            0.00          0.72 1992   0.07  -0.07     0.54
  MONTH TO DATE    0.02                      0.69  -0.67     0.60
  SINCE OCT 1      1.89                      2.97  -1.08     3.69
  SINCE JAN 1     15.53                     12.81   2.72    12.44

DEGREE DAYS
 HEATING
  TODAY           13                                         7
  MONTH TO DATE  134                                       117
  SINCE DEC 1    134                                       117
  SINCE JUL 1    416                                       404

 COOLING
  TODAY            0                                         0
  MONTH TO DATE    0                                         0
  SINCE DEC 1      0                                         0
  SINCE JAN 1    689                                       460
..................................................................


WIND (MPH)
  RESULTANT WIND SPEED   0   RESULTANT WIND DIRECTION  SE (150)
  HIGHEST WIND SPEED     6   HIGHEST WIND DIRECTION     N (340)
  HIGHEST GUST SPEED     8   HIGHEST GUST DIRECTION     N (340)
  AVERAGE WIND SPEED     0.6


SKY COVER
  POSSIBLE SUNSHINE  MM
  AVERAGE SKY COVER 0.0


WEATHER CONDITIONS
 THE FOLLOWING WEATHER WAS RECORDED TODAY.
  NO SIGNIFICANT WEATHER WAS OBSERVED.


RELATIVE HUMIDITY (PERCENT)
 HIGHEST    85           600 AM
 LOWEST     27           300 PM
 AVERAGE    56

..........................................................


THE MOFFETT FIELD CLIMATE NORMALS FOR TOMORROW
                         NORMAL    RECORD    YEAR
 MAXIMUM TEMPERATURE (F)   59        74      1958
 MINIMUM TEMPERATURE (F)   43        29      1972


SUNRISE AND SUNSET
DECEMBER 10 2017......SUNRISE   712 AM PST   SUNSET   450 PM PST
DECEMBER 11 2017......SUNRISE   713 AM PST   SUNSET   451 PM PST


-  INDICATES NEGATIVE NUMBERS.
R  INDICATES RECORD WAS SET OR TIED.
MM INDICATES DATA IS MISSING.
T  INDICATES TRACE AMOUNT.




$$
