000
CDUS46 KMTR 280833
CLINUQ


CLIMATE REPORT
NATIONAL WEATHER SERVICE SAN FRANCISCO BAY AREA
132 AM PDT THU AUG 28 2014


...................................

...THE MOFFETT FIELD CLIMATE SUMMARY FOR AUGUST 27 2014...

CLIMATE NORMAL PERIOD 1981 TO 2010
CLIMATE RECORD PERIOD 1945 TO 2014


WEATHER ITEM   OBSERVED TIME   RECORD YEAR NORMAL DEPARTURE LAST
                VALUE   (LST)  VALUE       VALUE  FROM      YEAR
                                                  NORMAL
..................................................................
TEMPERATURE (F)
 YESTERDAY
  MAXIMUM         80    230 PM  98    1993  78      2       77
  MINIMUM         60    438 AM  50    1960  59      1       58
  AVERAGE         70                        68      2       68

PRECIPITATION (IN)
  YESTERDAY        0.00          0.11 1949   0.00   0.00     0.00
  MONTH TO DATE    T                         0.01  -0.01     0.00
  SINCE JUL 1      T                         0.03  -0.03      T
  SINCE JAN 1      5.19                      9.66  -4.47     1.82

DEGREE DAYS
 HEATING
  YESTERDAY        0                                         0
  MONTH TO DATE    0                                         3
  SINCE JUN 1      7                                        17
  SINCE JUL 1      0                                         4

 COOLING
  YESTERDAY        5                                         3
  MONTH TO DATE  105                                        70
  SINCE JUN 1    334                                       261
  SINCE JAN 1    421                                       335
..................................................................


WIND (MPH)
  RESULTANT WIND SPEED   6   RESULTANT WIND DIRECTION   N (340)
  HIGHEST WIND SPEED    21   HIGHEST WIND DIRECTION     N (340)
  HIGHEST GUST SPEED    23   HIGHEST GUST DIRECTION     N (350)
  AVERAGE WIND SPEED     6.0


SKY COVER
  POSSIBLE SUNSHINE  MM
  AVERAGE SKY COVER 0.0


WEATHER CONDITIONS
 THE FOLLOWING WEATHER WAS RECORDED YESTERDAY.
  NO SIGNIFICANT WEATHER WAS OBSERVED.


RELATIVE HUMIDITY (PERCENT)
 HIGHEST    84           300 AM
 LOWEST     45           200 PM
 AVERAGE    65

..........................................................


THE MOFFETT FIELD CLIMATE NORMALS FOR TODAY
                         NORMAL    RECORD    YEAR
 MAXIMUM TEMPERATURE (F)   78       101      2009
 MINIMUM TEMPERATURE (F)   59        50      1957


SUNRISE AND SUNSET
AUGUST 28 2014........SUNRISE   635 AM PDT   SUNSET   743 PM PDT
AUGUST 29 2014........SUNRISE   636 AM PDT   SUNSET   741 PM PDT


-  INDICATES NEGATIVE NUMBERS.
R  INDICATES RECORD WAS SET OR TIED.
MM INDICATES DATA IS MISSING.
T  INDICATES TRACE AMOUNT.




$$
