000
CDUS46 KMTR 270828
CLINUQ


CLIMATE REPORT
NATIONAL WEATHER SERVICE SAN FRANCISCO BAY AREA
128 AM PDT FRI MAY 27 2016


...................................

...THE MOFFETT FIELD CLIMATE SUMMARY FOR MAY 26 2016...

CLIMATE NORMAL PERIOD 1981 TO 2010
CLIMATE RECORD PERIOD 1945 TO 2016


WEATHER ITEM   OBSERVED TIME   RECORD YEAR NORMAL DEPARTURE LAST
                VALUE   (LST)  VALUE       VALUE  FROM      YEAR
                                                  NORMAL
..................................................................
TEMPERATURE (F)
 YESTERDAY
  MAXIMUM         74    109 PM  89    1974  73      1       68
  MINIMUM         53    522 AM  42    1953  54     -1       55
  AVERAGE         64                        64      0       62

PRECIPITATION (IN)
  YESTERDAY        0.00          0.17 1946   0.01  -0.01     0.00
  MONTH TO DATE    0.13                      0.43  -0.30     0.64
  SINCE OCT 1     13.15                     14.33  -1.18    14.12
  SINCE JAN 1      8.75                      9.49  -0.74     4.13

DEGREE DAYS
 HEATING
  YESTERDAY        1                                         3
  MONTH TO DATE   61                                       123
  SINCE MAR 1    395                                       428
  SINCE JUL 1   1780                                      1533

 COOLING
  YESTERDAY        0                                         0
  MONTH TO DATE   18                                         0
  SINCE MAR 1     41                                        18
  SINCE JAN 1     43                                        18
..................................................................


WIND (MPH)
  RESULTANT WIND SPEED   5   RESULTANT WIND DIRECTION   N (350)
  HIGHEST WIND SPEED    23   HIGHEST WIND DIRECTION     N (350)
  HIGHEST GUST SPEED    27   HIGHEST GUST DIRECTION     N (350)
  AVERAGE WIND SPEED     7.4


SKY COVER
  POSSIBLE SUNSHINE  MM
  AVERAGE SKY COVER 0.1


WEATHER CONDITIONS
 THE FOLLOWING WEATHER WAS RECORDED YESTERDAY.
  NO SIGNIFICANT WEATHER WAS OBSERVED.


RELATIVE HUMIDITY (PERCENT)
 HIGHEST    77          1200 AM
 LOWEST     47          1100 AM
 AVERAGE    62

..........................................................


THE MOFFETT FIELD CLIMATE NORMALS FOR TODAY
                         NORMAL    RECORD    YEAR
 MAXIMUM TEMPERATURE (F)   73        97      1984
 MINIMUM TEMPERATURE (F)   55        45      1956


SUNRISE AND SUNSET
MAY 27 2016...........SUNRISE   551 AM PDT   SUNSET   820 PM PDT
MAY 28 2016...........SUNRISE   550 AM PDT   SUNSET   821 PM PDT


-  INDICATES NEGATIVE NUMBERS.
R  INDICATES RECORD WAS SET OR TIED.
MM INDICATES DATA IS MISSING.
T  INDICATES TRACE AMOUNT.




$$
