000
CDUS46 KMTR 050827
CLINUQ


CLIMATE REPORT
NATIONAL WEATHER SERVICE SAN FRANCISCO BAY AREA
1226 AM PST MON DEC 5 2016


...................................

...THE MOFFETT FIELD CLIMATE SUMMARY FOR DECEMBER 4 2016...

CLIMATE NORMAL PERIOD 1981 TO 2010
CLIMATE RECORD PERIOD 1945 TO 2016


WEATHER ITEM   OBSERVED TIME   RECORD YEAR NORMAL DEPARTURE LAST
                VALUE   (LST)  VALUE       VALUE  FROM      YEAR
                                                  NORMAL
..................................................................
TEMPERATURE (F)
 YESTERDAY
  MAXIMUM         59    251 PM  71    2003  60     -1       61
  MINIMUM         40    604 AM  31    2004  44     -4       42
  AVERAGE         50                        52     -2       52

PRECIPITATION (IN)
  YESTERDAY        0.00          0.79 1945   0.07  -0.07      T
  MONTH TO DATE    0.00                      0.26  -0.26     0.11
  SINCE OCT 1      3.09                      2.54   0.55     2.58
  SINCE JAN 1     11.84                     12.38  -0.54     6.84

DEGREE DAYS
 HEATING
  YESTERDAY       15                                        13
  MONTH TO DATE   51                                        56
  SINCE DEC 1     51                                        56
  SINCE JUL 1    338                                       399

 COOLING
  YESTERDAY        0                                         0
  MONTH TO DATE    0                                         0
  SINCE DEC 1      0                                         0
  SINCE JAN 1    460                                       667
..................................................................


WIND (MPH)
  RESULTANT WIND SPEED   2   RESULTANT WIND DIRECTION   N (340)
  HIGHEST WIND SPEED     9   HIGHEST WIND DIRECTION    NW (320)
  HIGHEST GUST SPEED    12   HIGHEST GUST DIRECTION    NW (310)
  AVERAGE WIND SPEED     2.4


SKY COVER
  POSSIBLE SUNSHINE  MM
  AVERAGE SKY COVER 0.0


WEATHER CONDITIONS
 THE FOLLOWING WEATHER WAS RECORDED YESTERDAY.
  NO SIGNIFICANT WEATHER WAS OBSERVED.


RELATIVE HUMIDITY (PERCENT)
 HIGHEST    93          1000 PM
 LOWEST     62           200 PM
 AVERAGE    78

..........................................................


THE MOFFETT FIELD CLIMATE NORMALS FOR TODAY
                         NORMAL    RECORD    YEAR
 MAXIMUM TEMPERATURE (F)   60        78      2003
 MINIMUM TEMPERATURE (F)   44        29      2013


SUNRISE AND SUNSET
DECEMBER  5 2016......SUNRISE   708 AM PST   SUNSET   450 PM PST
DECEMBER  6 2016......SUNRISE   709 AM PST   SUNSET   450 PM PST


-  INDICATES NEGATIVE NUMBERS.
R  INDICATES RECORD WAS SET OR TIED.
MM INDICATES DATA IS MISSING.
T  INDICATES TRACE AMOUNT.




$$
