919
CDUS46 KMTR 070027
CLINUQ


CLIMATE REPORT
NATIONAL WEATHER SERVICE SAN FRANCISCO BAY AREA
427 PM PST SAT FEB 6 2016


...................................

...THE MOFFETT FIELD CLIMATE SUMMARY FOR FEBRUARY 6 2016...
VALID TODAY AS OF 0400 PM LOCAL TIME.

CLIMATE NORMAL PERIOD 1981 TO 2010
CLIMATE RECORD PERIOD 1945 TO 2016


WEATHER ITEM   OBSERVED TIME   RECORD YEAR NORMAL DEPARTURE LAST
                VALUE   (LST)  VALUE       VALUE  FROM      YEAR
                                                  NORMAL
..................................................................
TEMPERATURE (F)
 TODAY
  MAXIMUM         66    241 PM  77    2011  61      5       64
  MINIMUM         43    346 AM  29    1989  44     -1       59
  AVERAGE         55                        53      2       62

PRECIPITATION (IN)
  TODAY            0.00          1.30 2015   0.11  -0.11     1.30
  MONTH TO DATE    0.06                      0.61  -0.55     1.30
  SINCE OCT 1      8.04                      8.20  -0.16    11.29
  SINCE JAN 1      3.64                      3.36   0.28     1.30

DEGREE DAYS
 HEATING
  TODAY           10                                         3
  MONTH TO DATE   82                                        45
  SINCE DEC 1    910                                       725
  SINCE JUL 1   1253                                       952

 COOLING
  TODAY            0                                         0
  MONTH TO DATE    0                                         0
  SINCE DEC 1      0                                         0
  SINCE JAN 1      0                                         0
..................................................................


WIND (MPH)
  RESULTANT WIND SPEED   1   RESULTANT WIND DIRECTION  NW (330)
  HIGHEST WIND SPEED    10   HIGHEST WIND DIRECTION     N (350)
  HIGHEST GUST SPEED    12   HIGHEST GUST DIRECTION     N (350)
  AVERAGE WIND SPEED     1.9


SKY COVER
  POSSIBLE SUNSHINE  MM
  AVERAGE SKY COVER 0.0


WEATHER CONDITIONS
 THE FOLLOWING WEATHER WAS RECORDED TODAY.
  FOG
  HAZE


RELATIVE HUMIDITY (PERCENT)
 HIGHEST    89           300 AM
 LOWEST     52           200 PM
 AVERAGE    71

..........................................................


THE MOFFETT FIELD CLIMATE NORMALS FOR TOMORROW
                         NORMAL    RECORD    YEAR
 MAXIMUM TEMPERATURE (F)   61        73      1987
 MINIMUM TEMPERATURE (F)   45        28      1989


SUNRISE AND SUNSET
FEBRUARY  6 2016......SUNRISE   707 AM PST   SUNSET   538 PM PST
FEBRUARY  7 2016......SUNRISE   706 AM PST   SUNSET   539 PM PST


-  INDICATES NEGATIVE NUMBERS.
R  INDICATES RECORD WAS SET OR TIED.
MM INDICATES DATA IS MISSING.
T  INDICATES TRACE AMOUNT.




$$
