000
CDUS41 KOKX 242141
CLINYC


CLIMATE REPORT
NATIONAL WEATHER SERVICE NEW YORK NY
439 PM EST TUE JAN 24 2017


...................................

...THE CENTRAL PARK NY CLIMATE SUMMARY FOR JANUARY 24 2017...
VALID TODAY AS OF 0400 PM LOCAL TIME.

CLIMATE NORMAL PERIOD 1981 TO 2010
CLIMATE RECORD PERIOD 1869 TO 2017


WEATHER ITEM   OBSERVED TIME   RECORD YEAR NORMAL DEPARTURE LAST
                VALUE   (LST)  VALUE       VALUE  FROM      YEAR
                                                  NORMAL
..................................................................
TEMPERATURE (F)
 TODAY
  MAXIMUM         37    408 AM  68    1967  38     -1       35
  MINIMUM         35    234 PM  -6    1882  27      8       20
  AVERAGE         36                        32      4       28

PRECIPITATION (IN)
  TODAY            0.92          2.18 1979   0.11   0.81      T
  MONTH TO DATE    4.49                      2.87   1.62     4.41
  SINCE DEC 1      7.38                      6.87   0.51     9.13
  SINCE JAN 1      4.49                      2.87   1.62     4.41

SNOWFALL (IN)
  TODAY            T             7.0  1908   0.3   -0.3       T
  MONTH TO DATE    6.9                       5.3    1.6     27.9
  SINCE OCT 1     10.1                      10.4   -0.3     27.9
  SINCE JUL 1     10.1                      10.4   -0.3     27.9
  SNOW DEPTH       0

DEGREE DAYS
 HEATING
  TODAY           29                        33     -4       37
  MONTH TO DATE  649                       783   -134      756
  SINCE DEC 1   1468                      1635   -167     1190
  SINCE JUL 1   2155                      2468   -313     1778

 COOLING
  TODAY            0                         0      0        0
  MONTH TO DATE    0                         0      0        0
  SINCE DEC 1      0                         0      0        3
  SINCE JAN 1      0                         0      0        0
..................................................................


WIND (MPH)
  HIGHEST WIND SPEED    24   HIGHEST WIND DIRECTION    NE (50)
  HIGHEST GUST SPEED    36   HIGHEST GUST DIRECTION    NE (50)
  AVERAGE WIND SPEED    11.7


SKY COVER
  AVERAGE SKY COVER 1.0


WEATHER CONDITIONS
 THE FOLLOWING WEATHER WAS RECORDED TODAY.
  RAIN
  LIGHT RAIN
  FOG


RELATIVE HUMIDITY (PERCENT)
 HIGHEST   100          1200 AM
 LOWEST     92           100 AM
 AVERAGE    96

..........................................................


THE CENTRAL PARK NY CLIMATE NORMALS FOR TOMORROW
                         NORMAL    RECORD    YEAR
 MAXIMUM TEMPERATURE (F)   38        60      1967
 MINIMUM TEMPERATURE (F)   27         2      1945


SUNRISE AND SUNSET
JANUARY 24 2017.......SUNRISE   713 AM EST   SUNSET   504 PM EST
JANUARY 25 2017.......SUNRISE   712 AM EST   SUNSET   505 PM EST


-  INDICATES NEGATIVE NUMBERS.
R  INDICATES RECORD WAS SET OR TIED.
MM INDICATES DATA IS MISSING.
T  INDICATES TRACE AMOUNT.




$$
