000
CDUS41 KOKX 232253
CLINYC


CLIMATE REPORT
NATIONAL WEATHER SERVICE NEW YORK NY
653 PM EDT SAT SEP 23 2017


...................................

...THE CENTRAL PARK NY CLIMATE SUMMARY FOR SEPTEMBER 23 2017...
VALID TODAY AS OF 0500 PM LOCAL TIME.

CLIMATE NORMAL PERIOD 1981 TO 2010
CLIMATE RECORD PERIOD 1869 TO 2017


WEATHER ITEM   OBSERVED TIME   RECORD YEAR NORMAL DEPARTURE LAST
                VALUE   (LST)  VALUE       VALUE  FROM      YEAR
                                                  NORMAL
..................................................................
TEMPERATURE (F)
 TODAY
  MAXIMUM         87    245 PM  97    1895  73     14       87
  MINIMUM         68    605 AM  41    1947  58     10       64
  AVERAGE         78                        65     13       76

PRECIPITATION (IN)
  TODAY            0.00          8.28 1882   0.14  -0.14     0.01
  MONTH TO DATE    2.00                      3.21  -1.21     1.97
  SINCE SEP 1      2.00                      3.21  -1.21     1.97
  SINCE JAN 1     37.07                     36.45   0.62    28.90

SNOWFALL (IN)
  TODAY            0.0           0.0  2002   0.0    0.0      0.0
                                      2001
  MONTH TO DATE    0.0                       0.0    0.0      0.0
  SINCE OCT 1     30.2                      25.8    4.4     32.8
  SINCE JUL 1      0.0                       0.0    0.0      0.0
  SNOW DEPTH       0

DEGREE DAYS
 HEATING
  TODAY            0                         2     -2        0
  MONTH TO DATE    9                        19    -10        0
  SINCE SEP 1      9                        19    -10        0
  SINCE JUL 1      9                        21    -12        0

 COOLING
  TODAY           13                         3     10       11
  MONTH TO DATE  133                       119     14      224
  SINCE SEP 1    133                       119     14      224
  SINCE JAN 1   1127                      1073     54     1456
..................................................................


WIND (MPH)
  HIGHEST WIND SPEED    12   HIGHEST WIND DIRECTION    NE (60)
  HIGHEST GUST SPEED    18   HIGHEST GUST DIRECTION    NE (40)
  AVERAGE WIND SPEED     5.7


SKY COVER
  AVERAGE SKY COVER 0.1


WEATHER CONDITIONS
 THE FOLLOWING WEATHER WAS RECORDED TODAY.
  NO SIGNIFICANT WEATHER WAS OBSERVED.


RELATIVE HUMIDITY (PERCENT)
 HIGHEST    61           100 AM
 LOWEST     27           200 PM
 AVERAGE    44

..........................................................


THE CENTRAL PARK NY CLIMATE NORMALS FOR TOMORROW
                         NORMAL    RECORD    YEAR
 MAXIMUM TEMPERATURE (F)   72        89      1959
 MINIMUM TEMPERATURE (F)   58        40      1963


SUNRISE AND SUNSET
SEPTEMBER 23 2017.....SUNRISE   645 AM EDT   SUNSET   651 PM EDT
SEPTEMBER 24 2017.....SUNRISE   646 AM EDT   SUNSET   649 PM EDT


-  INDICATES NEGATIVE NUMBERS.
R  INDICATES RECORD WAS SET OR TIED.
MM INDICATES DATA IS MISSING.
T  INDICATES TRACE AMOUNT.




$$
