000
CDUS41 KOKX 250620
CLINYC


CLIMATE REPORT
NATIONAL WEATHER SERVICE NEW YORK NY
220 AM EDT THU MAY 25 2017


...................................

...THE CENTRAL PARK NY CLIMATE SUMMARY FOR MAY 24 2017...

CLIMATE NORMAL PERIOD 1981 TO 2010
CLIMATE RECORD PERIOD 1869 TO 2017


WEATHER ITEM   OBSERVED TIME   RECORD YEAR NORMAL DEPARTURE LAST
                VALUE   (LST)  VALUE       VALUE  FROM      YEAR
                                                  NORMAL
..................................................................
TEMPERATURE (F)
 YESTERDAY
  MAXIMUM         69    112 PM  93    1975  73     -4       73
  MINIMUM         56    605 AM  39    1963  56      0       58
  AVERAGE         63                        65     -2       66

PRECIPITATION (IN)
  YESTERDAY        0.04          2.07 1978   0.15  -0.11     0.18
  MONTH TO DATE    5.48                      3.15   2.33     2.10
  SINCE MAR 1     14.57                     12.01   2.56     4.88
  SINCE JAN 1     21.88                     18.75   3.13    13.69

SNOWFALL (IN)
  YESTERDAY        0.0           0.0  2002   0.0    0.0      0.0
                                      2001
  MONTH TO DATE    0.0                       0.0    0.0      0.0
  SINCE OCT 1     30.2                      25.8    4.4     32.8
  SINCE JUL 1     30.2                      25.8    4.4     32.8
  SNOW DEPTH       0

DEGREE DAYS
 HEATING
  YESTERDAY        2                         3     -1        0
  MONTH TO DATE  145                       121     24      161
  SINCE MAR 1   1199                      1192      7     1014
  SINCE JUL 1   4182                      4714   -532     3761

 COOLING
  YESTERDAY        0                         3     -3        1
  MONTH TO DATE   53                        35     18        6
  SINCE MAR 1     87                        47     40       25
  SINCE JAN 1     87                        47     40       25
..................................................................


WIND (MPH)
  HIGHEST WIND SPEED    14   HIGHEST WIND DIRECTION    NE (60)
  HIGHEST GUST SPEED    19   HIGHEST GUST DIRECTION     E (80)
  AVERAGE WIND SPEED     4.9


SKY COVER
  AVERAGE SKY COVER 0.6


WEATHER CONDITIONS
 THE FOLLOWING WEATHER WAS RECORDED YESTERDAY.
  LIGHT RAIN
  FOG


RELATIVE HUMIDITY (PERCENT)
 HIGHEST    87           800 AM
 LOWEST     48           200 PM
 AVERAGE    68

..........................................................


THE CENTRAL PARK NY CLIMATE NORMALS FOR TODAY
                         NORMAL    RECORD    YEAR
 MAXIMUM TEMPERATURE (F)   73        95      1880
 MINIMUM TEMPERATURE (F)   57        41      1925


SUNRISE AND SUNSET
MAY 25 2017...........SUNRISE   530 AM EDT   SUNSET   816 PM EDT
MAY 26 2017...........SUNRISE   530 AM EDT   SUNSET   817 PM EDT


-  INDICATES NEGATIVE NUMBERS.
R  INDICATES RECORD WAS SET OR TIED.
MM INDICATES DATA IS MISSING.
T  INDICATES TRACE AMOUNT.




$$
