000
CDUS45 KPSR 290013
CLINYL

CLIMATE REPORT
NATIONAL WEATHER SERVICE PHOENIX AZ
511 PM MST SUN AUG 28 2016


...................................

...THE YUMA AZ CLIMATE SUMMARY FOR AUGUST 28 2016...
VALID TODAY AS OF 0500 PM LOCAL TIME.

CLIMATE NORMAL PERIOD 1981 TO 2010
CLIMATE RECORD PERIOD 1876 TO 2016


WEATHER ITEM   OBSERVED TIME   RECORD YEAR NORMAL DEPARTURE LAST
                VALUE   (LST)  VALUE       VALUE  FROM      YEAR
                                                  NORMAL
..................................................................
TEMPERATURE (F)
 TODAY
  MAXIMUM        103    459 PM 118    1981 106     -3      111
  MINIMUM         76    623 AM  60    1920  81     -5       89
  AVERAGE         90                        94     -4      100

PRECIPITATION (IN)
  TODAY            0.00          0.68 1951   0.02  -0.02     0.00
  MONTH TO DATE    0.08                      0.43  -0.35      T
  SINCE OCT 1      1.89                      2.99  -1.10     1.68
  SINCE JAN 1      1.75                      2.05  -0.30     1.24

DEGREE DAYS
 HEATING
  TODAY            0                         0      0        0
  MONTH TO DATE    0                         0      0        0
  SINCE JUN 1      0                         0      0        0
  SINCE JUL 1      0                         0      0        0

 COOLING
  TODAY           25                        29     -4       35
  MONTH TO DATE  847                       824     23      922
  SINCE JUN 1   2651                      2458    193     2607
  SINCE JAN 1   3652                      3370    282     3686
..................................................................


WIND (MPH)
  HIGHEST WIND SPEED    12   HIGHEST WIND DIRECTION    SW (210)
  HIGHEST GUST SPEED    14   HIGHEST GUST DIRECTION    SW (210)
  AVERAGE WIND SPEED     2.0


SKY COVER
  AVERAGE SKY COVER 0.0


WEATHER CONDITIONS
 THE FOLLOWING WEATHER WAS RECORDED TODAY.
  NO SIGNIFICANT WEATHER WAS OBSERVED.


RELATIVE HUMIDITY (PERCENT)
 HIGHEST    35
 LOWEST     11
 AVERAGE    23

..........................................................


THE YUMA AZ CLIMATE NORMALS FOR TOMORROW
                         NORMAL    RECORD    YEAR
 MAXIMUM TEMPERATURE (F)  106       117      1954
 MINIMUM TEMPERATURE (F)   81        64      1947


SUNRISE AND SUNSET
AUGUST 28 2016........SUNRISE   611 AM MST   SUNSET   707 PM MST
AUGUST 29 2016........SUNRISE   612 AM MST   SUNSET   706 PM MST


-  INDICATES NEGATIVE NUMBERS.
R  INDICATES RECORD WAS SET OR TIED.
MM INDICATES DATA IS MISSING.
T  INDICATES TRACE AMOUNT.

$$
