000
CDUS45 KPSR 240820 RRA
CLINYL

CLIMATE REPORT
NATIONAL WEATHER SERVICE PHOENIX AZ
119 AM MST FRI FEB 24 2017


...................................

...THE YUMA AZ CLIMATE SUMMARY FOR FEBRUARY 23 2017...

CLIMATE NORMAL PERIOD 1981 TO 2010
CLIMATE RECORD PERIOD 1876 TO 2017


WEATHER ITEM   OBSERVED TIME   RECORD YEAR NORMAL DEPARTURE LAST
                VALUE   (LST)  VALUE       VALUE  FROM      YEAR
                                                  NORMAL
..................................................................
TEMPERATURE (F)
 YESTERDAY
  MAXIMUM         66    419 PM  90    1989  75     -9       78
  MINIMUM         51    741 AM  31    1953  51      0       56
  AVERAGE         59                        63     -4       67

PRECIPITATION (IN)
  YESTERDAY        0.00          1.24 1889   0.01  -0.01     0.00
  MONTH TO DATE    0.86                      0.32   0.54     0.00
  SINCE OCT 1      2.12                      1.63   0.49     0.63
  SINCE JAN 1      1.17                      0.69   0.48     0.49

DEGREE DAYS
 HEATING
  YESTERDAY        6                         3      3        0
  MONTH TO DATE   32                        99    -67       54
  SINCE DEC 1    437                       539   -102      506
  SINCE JUL 1    483                       607   -124      576

 COOLING
  YESTERDAY        0                         2     -2        2
  MONTH TO DATE   41                        24     17      104
  SINCE DEC 1     50                        32     18      108
  SINCE JAN 1     41                        30     11      106
..................................................................


WIND (MPH)
  HIGHEST WIND SPEED    16   HIGHEST WIND DIRECTION     W (290)
  HIGHEST GUST SPEED    22   HIGHEST GUST DIRECTION     W (290)
  AVERAGE WIND SPEED     5.9


SKY COVER
  AVERAGE SKY COVER 0.0


WEATHER CONDITIONS
 THE FOLLOWING WEATHER WAS RECORDED YESTERDAY.
  NO SIGNIFICANT WEATHER WAS OBSERVED.


RELATIVE HUMIDITY (PERCENT)
 HIGHEST    54
 LOWEST     19
 AVERAGE    37

..........................................................


THE YUMA AZ CLIMATE NORMALS FOR TODAY
                         NORMAL    RECORD    YEAR
 MAXIMUM TEMPERATURE (F)   76        93      1986
 MINIMUM TEMPERATURE (F)   52        32      1894


SUNRISE AND SUNSET
FEBRUARY 24 2017......SUNRISE   712 AM MST   SUNSET   632 PM MST
FEBRUARY 25 2017......SUNRISE   710 AM MST   SUNSET   633 PM MST


-  INDICATES NEGATIVE NUMBERS.
R  INDICATES RECORD WAS SET OR TIED.
MM INDICATES DATA IS MISSING.
T  INDICATES TRACE AMOUNT.

$$
