000
CDUS45 KPSR 270825
CLINYL

CLIMATE REPORT
NATIONAL WEATHER SERVICE PHOENIX AZ
112 AM MST TUE JAN 27 2015


...................................

...THE YUMA AZ CLIMATE SUMMARY FOR JANUARY 26 2015...

CLIMATE NORMAL PERIOD 1981 TO 2010
CLIMATE RECORD PERIOD 1876 TO 2015


WEATHER ITEM   OBSERVED TIME   RECORD YEAR NORMAL DEPARTURE LAST
                VALUE   (LST)  VALUE       VALUE  FROM      YEAR
                                                  NORMAL
..................................................................
TEMPERATURE (F)
 YESTERDAY
  MAXIMUM         64    259 PM  83    2003  71     -7       78
                                      1951
  MINIMUM         56   1135 PM  30    1929  48      8       48
  AVERAGE         60                        60      0       63

PRECIPITATION (IN)
  YESTERDAY        0.05          0.66 1918   0.01   0.04      T
  MONTH TO DATE    0.17                      0.32  -0.15      T
  SINCE OCT 1      0.61                      1.26  -0.65     1.11
  SINCE JAN 1      0.17                      0.32  -0.15      T

DEGREE DAYS
 HEATING
  YESTERDAY        5                         6     -1        2
  MONTH TO DATE   32                       176   -144       64
  SINCE DEC 1     32                       412   -380      266
  SINCE JUL 1     47                       480   -433      305

 COOLING
  YESTERDAY        0                         0      0        0
  MONTH TO DATE    0                         0      0        7
  SINCE DEC 1      0                         2     -2        8
  SINCE JAN 1      0                         0      0        7
..................................................................


WIND (MPH)
  HIGHEST WIND SPEED    18   HIGHEST WIND DIRECTION     E (70)
  HIGHEST GUST SPEED    21   HIGHEST GUST DIRECTION     E (80)
  AVERAGE WIND SPEED     9.2


SKY COVER
  AVERAGE SKY COVER 0.8


WEATHER CONDITIONS
 THE FOLLOWING WEATHER WAS RECORDED YESTERDAY.
  LIGHT RAIN


RELATIVE HUMIDITY (PERCENT)
 HIGHEST    80
 LOWEST     27
 AVERAGE    54

..........................................................


THE YUMA AZ CLIMATE NORMALS FOR TODAY
                         NORMAL    RECORD    YEAR
 MAXIMUM TEMPERATURE (F)   71        82      1986
 MINIMUM TEMPERATURE (F)   48        29      1937


SUNRISE AND SUNSET
JANUARY 27 2015.......SUNRISE   736 AM MST   SUNSET   607 PM MST
JANUARY 28 2015.......SUNRISE   736 AM MST   SUNSET   607 PM MST


-  INDICATES NEGATIVE NUMBERS.
R  INDICATES RECORD WAS SET OR TIED.
MM INDICATES DATA IS MISSING.
T  INDICATES TRACE AMOUNT.

$$
