000
CDUS45 KPSR 210820
CLINYL

CLIMATE REPORT
NATIONAL WEATHER SERVICE PHOENIX AZ
117 AM MST SUN SEP 21 2014


...................................

...THE YUMA AZ CLIMATE SUMMARY FOR SEPTEMBER 20 2014...

CLIMATE NORMAL PERIOD 1981 TO 2010
CLIMATE RECORD PERIOD 1876 TO 2014


WEATHER ITEM   OBSERVED TIME   RECORD YEAR NORMAL DEPARTURE LAST
                VALUE   (LST)  VALUE       VALUE  FROM      YEAR
                                                  NORMAL
..................................................................
TEMPERATURE (F)
 YESTERDAY
  MAXIMUM        103    321 PM 108    2012 100      3      103
                                      2010
                                      1958
  MINIMUM         80    603 AM  53    1965  76      4       75
  AVERAGE         92                        88      4       89

PRECIPITATION (IN)
  YESTERDAY        0.00          0.08 1983   0.02  -0.02     0.00
  MONTH TO DATE    1.44                      0.38   1.06     0.51
  SINCE OCT 1      3.39                      3.41  -0.02     2.94
  SINCE JAN 1      2.28                      2.47  -0.19     2.31

DEGREE DAYS
 HEATING
  YESTERDAY        0                         0      0        0
  MONTH TO DATE    0                         0      0        0
  SINCE SEP 1      0                         0      0        0
  SINCE JUL 1      0                         0      0        0

 COOLING
  YESTERDAY       27                        23      4       24
  MONTH TO DATE  583                       516     67      546
  SINCE SEP 1    583                       516     67      546
  SINCE JAN 1   4419                      3969    450     4244
..................................................................


WIND (MPH)
  HIGHEST WIND SPEED    20   HIGHEST WIND DIRECTION     S (160)
  HIGHEST GUST SPEED    25   HIGHEST GUST DIRECTION    SE (150)
  AVERAGE WIND SPEED     8.6


SKY COVER
  AVERAGE SKY COVER 0.3


WEATHER CONDITIONS
 THE FOLLOWING WEATHER WAS RECORDED YESTERDAY.
  NO SIGNIFICANT WEATHER WAS OBSERVED.


RELATIVE HUMIDITY (PERCENT)
 HIGHEST    74
 LOWEST     17
 AVERAGE    46

..........................................................


THE YUMA AZ CLIMATE NORMALS FOR TODAY
                         NORMAL    RECORD    YEAR
 MAXIMUM TEMPERATURE (F)  100       110      1954
                                             1949
 MINIMUM TEMPERATURE (F)   75        56      1965


SUNRISE AND SUNSET
SEPTEMBER 21 2014.....SUNRISE   626 AM MST   SUNSET   636 PM MST
SEPTEMBER 22 2014.....SUNRISE   627 AM MST   SUNSET   635 PM MST


-  INDICATES NEGATIVE NUMBERS.
R  INDICATES RECORD WAS SET OR TIED.
MM INDICATES DATA IS MISSING.
T  INDICATES TRACE AMOUNT.

$$
