000
CDUS45 KPSR 040014
CLINYL

CLIMATE REPORT
NATIONAL WEATHER SERVICE PHOENIX AZ
513 PM MST TUE MAR 3 2015


...................................

...THE YUMA AZ CLIMATE SUMMARY FOR MARCH 3 2015...
VALID TODAY AS OF 0500 PM LOCAL TIME.

CLIMATE NORMAL PERIOD 1981 TO 2010
CLIMATE RECORD PERIOD 1876 TO 2015


WEATHER ITEM   OBSERVED TIME   RECORD YEAR NORMAL DEPARTURE LAST
                VALUE   (LST)  VALUE       VALUE  FROM      YEAR
                                                  NORMAL
..................................................................
TEMPERATURE (F)
 TODAY
  MAXIMUM         67    410 PM  95    1910  77    -10       79
  MINIMUM         50    752 AM  34    1971  53     -3       53
  AVERAGE         59                        65     -6       66

PRECIPITATION (IN)
  TODAY            0.00          0.57 1894   0.01  -0.01     0.00
  MONTH TO DATE    0.31                      0.04   0.27     0.07
  SINCE OCT 1      0.94                      1.74  -0.80     1.18
  SINCE JAN 1      0.50                      0.80  -0.30     0.07

DEGREE DAYS
 HEATING
  TODAY            6                         2      4        0
  MONTH TO DATE   18                         7     11        4
  SINCE MAR 1     18                         7     11        4
  SINCE JUL 1     78                       630   -552      365

 COOLING
  TODAY            0                         2     -2        1
  MONTH TO DATE    0                         6     -6        4
  SINCE MAR 1      0                         6     -6        4
  SINCE JAN 1    111                        42     69      118
..................................................................


WIND (MPH)
  RESULTANT WIND SPEED   2   RESULTANT WIND DIRECTION   N (340)
  HIGHEST WIND SPEED    13   HIGHEST WIND DIRECTION     W (290)
  HIGHEST GUST SPEED    17   HIGHEST GUST DIRECTION     W (260)
  AVERAGE WIND SPEED     3.9


SKY COVER
  AVERAGE SKY COVER 0.4


WEATHER CONDITIONS
 THE FOLLOWING WEATHER WAS RECORDED TODAY.
  NO SIGNIFICANT WEATHER WAS OBSERVED.


RELATIVE HUMIDITY (PERCENT)
 HIGHEST    86
 LOWEST     34
 AVERAGE    60

..........................................................


THE YUMA AZ CLIMATE NORMALS FOR TOMORROW
                         NORMAL    RECORD    YEAR
 MAXIMUM TEMPERATURE (F)   77        98      1910
 MINIMUM TEMPERATURE (F)   53        32      1951


SUNRISE AND SUNSET
MARCH  3 2015.........SUNRISE   704 AM MST   SUNSET   637 PM MST
MARCH  4 2015.........SUNRISE   703 AM MST   SUNSET   638 PM MST


-  INDICATES NEGATIVE NUMBERS.
R  INDICATES RECORD WAS SET OR TIED.
MM INDICATES DATA IS MISSING.
T  INDICATES TRACE AMOUNT.

$$
