000
CDUS45 KPSR 010821 RRA
CLINYL

CLIMATE REPORT
NATIONAL WEATHER SERVICE PHOENIX AZ
119 AM MST TUE SEP 1 2015


...................................

...THE YUMA AZ CLIMATE SUMMARY FOR AUGUST 31 2015...

CLIMATE NORMAL PERIOD 1981 TO 2010
CLIMATE RECORD PERIOD 1876 TO 2015


WEATHER ITEM   OBSERVED TIME   RECORD YEAR NORMAL DEPARTURE LAST
                VALUE   (LST)  VALUE       VALUE  FROM      YEAR
                                                  NORMAL
..................................................................
TEMPERATURE (F)
 YESTERDAY
  MAXIMUM        107    537 PM 118    1950 105      2      111
  MINIMUM         84    520 AM  60    1887  81      3       86
  AVERAGE         96                        93      3       99

PRECIPITATION (IN)
  YESTERDAY        0.00          0.67 1931   0.01  -0.01     0.00
  MONTH TO DATE    T                         0.47  -0.47     0.49
  SINCE OCT 1      1.68                      3.03  -1.35     1.95
  SINCE JAN 1      1.24                      2.09  -0.85     0.84

DEGREE DAYS
 HEATING
  YESTERDAY        0                         0      0        0
  MONTH TO DATE    0                         0      0        0
  SINCE JUN 1      0                         0      0        0
  SINCE JUL 1      0                         0      0        0

 COOLING
  YESTERDAY       31                        28      3       34
  MONTH TO DATE 1023                       907    116      887
  SINCE JUN 1   2708                      2541    167     2674
  SINCE JAN 1   3787                      3453    334     3836
..................................................................


WIND (MPH)
  HIGHEST WIND SPEED    23   HIGHEST WIND DIRECTION    SE (150)
  HIGHEST GUST SPEED    27   HIGHEST GUST DIRECTION    SE (150)
  AVERAGE WIND SPEED     9.9


SKY COVER
  AVERAGE SKY COVER 0.4


WEATHER CONDITIONS
 THE FOLLOWING WEATHER WAS RECORDED YESTERDAY.
  HAZE


RELATIVE HUMIDITY (PERCENT)
 HIGHEST    51
 LOWEST     18
 AVERAGE    35

..........................................................


THE YUMA AZ CLIMATE NORMALS FOR TODAY
                         NORMAL    RECORD    YEAR
 MAXIMUM TEMPERATURE (F)  105       123      1950
 MINIMUM TEMPERATURE (F)   81        62      1902
                                             1887


SUNRISE AND SUNSET
SEPTEMBER  1 2015.....SUNRISE   613 AM MST   SUNSET   703 PM MST
SEPTEMBER  2 2015.....SUNRISE   614 AM MST   SUNSET   702 PM MST


-  INDICATES NEGATIVE NUMBERS.
R  INDICATES RECORD WAS SET OR TIED.
MM INDICATES DATA IS MISSING.
T  INDICATES TRACE AMOUNT.

$$
