000
CDUS45 KPSR 300828 RRA
CLINYL

CLIMATE REPORT
NATIONAL WEATHER SERVICE PHOENIX AZ
127 AM MST SAT APR 30 2016


...................................

...THE YUMA AZ CLIMATE SUMMARY FOR APRIL 29 2016...

CLIMATE NORMAL PERIOD 1981 TO 2010
CLIMATE RECORD PERIOD 1876 TO 2016


WEATHER ITEM   OBSERVED TIME   RECORD YEAR NORMAL DEPARTURE LAST
                VALUE   (LST)  VALUE       VALUE  FROM      YEAR
                                                  NORMAL
..................................................................
TEMPERATURE (F)
 YESTERDAY
  MAXIMUM         86    505 PM 106    1959  90     -4      100
  MINIMUM         58    643 AM  44    1970  63     -5       70
                                      1906
  AVERAGE         72                        77     -5       85

PRECIPITATION (IN)
  YESTERDAY        0.00          0.16 1980   0.00   0.00     0.00
  MONTH TO DATE    0.31                      0.15   0.16      T
  SINCE OCT 1      0.94                      2.18  -1.24     0.95
  SINCE JAN 1      0.80                      1.24  -0.44     0.51

DEGREE DAYS
 HEATING
  YESTERDAY        0                         0      0        0
  MONTH TO DATE    1                        12    -11        0
  SINCE MAR 1     22                        62    -40       23
  SINCE JUL 1    598                       685    -87       83

 COOLING
  YESTERDAY        7                        12     -5       20
  MONTH TO DATE  265                       240     25      263
  SINCE MAR 1    445                       357     88      558
  SINCE JAN 1    581                       393    188      669
..................................................................


WIND (MPH)
  HIGHEST WIND SPEED    18   HIGHEST WIND DIRECTION     S (200)
  HIGHEST GUST SPEED    23   HIGHEST GUST DIRECTION     S (200)
  AVERAGE WIND SPEED     8.8


SKY COVER
  AVERAGE SKY COVER 0.1


WEATHER CONDITIONS
 THE FOLLOWING WEATHER WAS RECORDED YESTERDAY.
  NO SIGNIFICANT WEATHER WAS OBSERVED.


RELATIVE HUMIDITY (PERCENT)
 HIGHEST    57
 LOWEST     16
 AVERAGE    37

..........................................................


THE YUMA AZ CLIMATE NORMALS FOR TODAY
                         NORMAL    RECORD    YEAR
 MAXIMUM TEMPERATURE (F)   90       103      1943
                                             1882
                                             1879
 MINIMUM TEMPERATURE (F)   64        45      1942


SUNRISE AND SUNSET
APRIL 30 2016.........SUNRISE   552 AM MST   SUNSET   720 PM MST
MAY  1 2016...........SUNRISE   551 AM MST   SUNSET   720 PM MST


-  INDICATES NEGATIVE NUMBERS.
R  INDICATES RECORD WAS SET OR TIED.
MM INDICATES DATA IS MISSING.
T  INDICATES TRACE AMOUNT.

$$
