000
CDUS45 KPSR 180815
CLINYL

CLIMATE REPORT
NATIONAL WEATHER SERVICE PHOENIX AZ
113 AM MST WED OCT 18 2017


...................................

...THE YUMA AZ CLIMATE SUMMARY FOR OCTOBER 17 2017...

CLIMATE NORMAL PERIOD 1981 TO 2010
CLIMATE RECORD PERIOD 1876 TO 2017


WEATHER ITEM   OBSERVED TIME   RECORD YEAR NORMAL DEPARTURE LAST
                VALUE   (LST)  VALUE       VALUE  FROM      YEAR
                                                  NORMAL
..................................................................
TEMPERATURE (F)
 YESTERDAY
  MAXIMUM         99    323 PM 104    1959  90      9       89
                                      1958
  MINIMUM         72    708 AM  45    1946  65      7       69
  AVERAGE         86                        77      9       79

PRECIPITATION (IN)
  YESTERDAY        0.00          0.82 1948   0.00   0.00     0.00
  MONTH TO DATE    0.00                      0.13  -0.13     0.00
  SINCE OCT 1      0.00                      0.13  -0.13     0.00
  SINCE JAN 1      2.24                      2.75  -0.51     1.87

DEGREE DAYS
 HEATING
  YESTERDAY        0                         0      0        0
  MONTH TO DATE    0                         0      0        0
  SINCE SEP 1      0                         0      0        0
  SINCE JUL 1      0                         0      0        0

 COOLING
  YESTERDAY       21                        12      9       14
  MONTH TO DATE  271                       257     14      270
  SINCE SEP 1    900                       978    -78      937
  SINCE JAN 1   4668                      4431    237     4684
..................................................................


WIND (MPH)
  HIGHEST WIND SPEED    10   HIGHEST WIND DIRECTION     N (340)
  HIGHEST GUST SPEED    13   HIGHEST GUST DIRECTION     N (20)
  AVERAGE WIND SPEED     4.4


SKY COVER
  AVERAGE SKY COVER 0.3


WEATHER CONDITIONS
 THE FOLLOWING WEATHER WAS RECORDED YESTERDAY.
  NO SIGNIFICANT WEATHER WAS OBSERVED.


RELATIVE HUMIDITY (PERCENT)
 HIGHEST    20
 LOWEST      6
 AVERAGE    13

..........................................................


THE YUMA AZ CLIMATE NORMALS FOR TODAY
                         NORMAL    RECORD    YEAR
 MAXIMUM TEMPERATURE (F)   89       103      1959
 MINIMUM TEMPERATURE (F)   64        46      1908


SUNRISE AND SUNSET
OCTOBER 18 2017.......SUNRISE   645 AM MST   SUNSET   602 PM MST
OCTOBER 19 2017.......SUNRISE   646 AM MST   SUNSET   601 PM MST


-  INDICATES NEGATIVE NUMBERS.
R  INDICATES RECORD WAS SET OR TIED.
MM INDICATES DATA IS MISSING.
T  INDICATES TRACE AMOUNT.

$$
