000
CDUS45 KPSR 150836
CLINYL

CLIMATE REPORT
NATIONAL WEATHER SERVICE PHOENIX AZ
135 AM MST FRI DEC 15 2017


...................................

...THE YUMA AZ CLIMATE SUMMARY FOR DECEMBER 14 2017...

CLIMATE NORMAL PERIOD 1981 TO 2010
CLIMATE RECORD PERIOD 1876 TO 2017


WEATHER ITEM   OBSERVED TIME   RECORD YEAR NORMAL DEPARTURE LAST
                VALUE   (LST)  VALUE       VALUE  FROM      YEAR
                                                  NORMAL
..................................................................
TEMPERATURE (F)
 YESTERDAY
  MAXIMUM         78    306 PM  82    1952  68     10       81
  MINIMUM         44    750 AM  24    1901  46     -2       54
  AVERAGE         61                        57      4       68

PRECIPITATION (IN)
  YESTERDAY        0.00          0.85 1961   0.02  -0.02     0.00
  MONTH TO DATE    0.00                      0.21  -0.21     0.00
  SINCE OCT 1      0.07                      0.64  -0.57     0.04
  SINCE JAN 1      2.31                      3.26  -0.95     1.91

DEGREE DAYS
 HEATING
  YESTERDAY        4                         8     -4        0
  MONTH TO DATE   30                        96    -66       56
  SINCE DEC 1     30                        96    -66       56
  SINCE JUL 1     31                       164   -133      102

 COOLING
  YESTERDAY        0                         0      0        3
  MONTH TO DATE   13                         0     13        3
  SINCE DEC 1     13                         0     13        3
  SINCE JAN 1   5068                      4649    419     5076
..................................................................


WIND (MPH)
  HIGHEST WIND SPEED    26   HIGHEST WIND DIRECTION     N (360)
  HIGHEST GUST SPEED    37   HIGHEST GUST DIRECTION     N (340)
  AVERAGE WIND SPEED     9.8


SKY COVER
  AVERAGE SKY COVER 0.0


WEATHER CONDITIONS
 THE FOLLOWING WEATHER WAS RECORDED YESTERDAY.
  NO SIGNIFICANT WEATHER WAS OBSERVED.


RELATIVE HUMIDITY (PERCENT)
 HIGHEST    34
 LOWEST      9
 AVERAGE    22

..........................................................


THE YUMA AZ CLIMATE NORMALS FOR TODAY
                         NORMAL    RECORD    YEAR
 MAXIMUM TEMPERATURE (F)   68        82      1950
 MINIMUM TEMPERATURE (F)   46        26      1911


SUNRISE AND SUNSET
DECEMBER 15 2017......SUNRISE   733 AM MST   SUNSET   534 PM MST
DECEMBER 16 2017......SUNRISE   734 AM MST   SUNSET   535 PM MST


-  INDICATES NEGATIVE NUMBERS.
R  INDICATES RECORD WAS SET OR TIED.
MM INDICATES DATA IS MISSING.
T  INDICATES TRACE AMOUNT.

$$
