000
CDUS45 KPSR 300806
CLINYL

CLIMATE REPORT
NATIONAL WEATHER SERVICE PHOENIX AZ
105 AM MST WED JUL 30 2014

...................................

...THE YUMA AZ CLIMATE SUMMARY FOR JULY 29 2014...

CLIMATE NORMAL PERIOD 1981 TO 2010
CLIMATE RECORD PERIOD 1876 TO 2014


WEATHER ITEM   OBSERVED TIME   RECORD YEAR NORMAL DEPARTURE LAST
                VALUE   (LST)  VALUE       VALUE  FROM      YEAR
                                                  NORMAL
..................................................................
TEMPERATURE (F)
 YESTERDAY
  MAXIMUM        111    421 PM 118    1878 107      4      107
  MINIMUM         85    542 AM  66    1913  83      2       81
                                      1892
  AVERAGE         98                        95      3       94

PRECIPITATION (IN)
  YESTERDAY        0.00          1.36 1932   0.02  -0.02     0.00
  MONTH TO DATE    0.28                      0.26   0.02     0.47
  SINCE OCT 1      1.46                      2.53  -1.07     2.21
  SINCE JAN 1      0.35                      1.59  -1.24     1.58

DEGREE DAYS
 HEATING
  YESTERDAY        0                         0      0        0
  MONTH TO DATE    0                         0      0        0
  SINCE JUN 1      0                         0      0        0
  SINCE JUL 1      0                         0      0        0

 COOLING
  YESTERDAY       33                        30      3       29
  MONTH TO DATE  908                       854     54      881
  SINCE JUN 1   1717                      1575    142     1686
  SINCE JAN 1   2879                      2487    392     2747
..................................................................


WIND (MPH)
  HIGHEST WIND SPEED    14   HIGHEST WIND DIRECTION     S (190)
  HIGHEST GUST SPEED    18   HIGHEST GUST DIRECTION     W (250)
  AVERAGE WIND SPEED     5.2


SKY COVER
  AVERAGE SKY COVER 0.3


WEATHER CONDITIONS
 THE FOLLOWING WEATHER WAS RECORDED YESTERDAY.
  HAZE


RELATIVE HUMIDITY (PERCENT)
 HIGHEST    45
 LOWEST     13
 AVERAGE    29

..........................................................


THE YUMA AZ CLIMATE NORMALS FOR TODAY
                         NORMAL    RECORD    YEAR
 MAXIMUM TEMPERATURE (F)  107       117      1957
                                             1878
 MINIMUM TEMPERATURE (F)   83        66      1913


SUNRISE AND SUNSET
JULY 30 2014..........SUNRISE   551 AM MST   SUNSET   738 PM MST
JULY 31 2014..........SUNRISE   552 AM MST   SUNSET   737 PM MST


-  INDICATES NEGATIVE NUMBERS.
R  INDICATES RECORD WAS SET OR TIED.
MM INDICATES DATA IS MISSING.
T  INDICATES TRACE AMOUNT.

$$
