000
CDUS45 KPSR 290832 RRA
CLINYL

CLIMATE REPORT
NATIONAL WEATHER SERVICE PHOENIX AZ
131 AM MST SAT APR 29 2017


...................................

...THE YUMA AZ CLIMATE SUMMARY FOR APRIL 28 2017...

CLIMATE NORMAL PERIOD 1981 TO 2010
CLIMATE RECORD PERIOD 1876 TO 2017


WEATHER ITEM   OBSERVED TIME   RECORD YEAR NORMAL DEPARTURE LAST
                VALUE   (LST)  VALUE       VALUE  FROM      YEAR
                                                  NORMAL
..................................................................
TEMPERATURE (F)
 YESTERDAY
  MAXIMUM         88    440 PM 106    1992  90     -2       77
  MINIMUM         68    358 AM  45    1911  63      5       58
  AVERAGE         78                        76      2       68

PRECIPITATION (IN)
  YESTERDAY        0.00          0.86 1933   0.01  -0.01     0.00
  MONTH TO DATE    0.00                      0.15  -0.15     0.31
  SINCE OCT 1      2.51                      2.18   0.33     0.94
  SINCE JAN 1      1.56                      1.24   0.32     0.80

DEGREE DAYS
 HEATING
  YESTERDAY        0                         0      0        0
  MONTH TO DATE    0                        12    -12        1
  SINCE MAR 1     13                        62    -49       22
  SINCE JUL 1    526                       685   -159      598

 COOLING
  YESTERDAY       13                        11      2        3
  MONTH TO DATE  313                       228     85      258
  SINCE MAR 1    543                       345    198      438
  SINCE JAN 1    584                       381    203      574
..................................................................


WIND (MPH)
  HIGHEST WIND SPEED    25   HIGHEST WIND DIRECTION     N (350)
  HIGHEST GUST SPEED    32   HIGHEST GUST DIRECTION     N (10)
  AVERAGE WIND SPEED    11.9


SKY COVER
  AVERAGE SKY COVER 0.3


WEATHER CONDITIONS
 THE FOLLOWING WEATHER WAS RECORDED YESTERDAY.
  NO SIGNIFICANT WEATHER WAS OBSERVED.


RELATIVE HUMIDITY (PERCENT)
 HIGHEST    68
 LOWEST      7
 AVERAGE    38

..........................................................


THE YUMA AZ CLIMATE NORMALS FOR TODAY
                         NORMAL    RECORD    YEAR
 MAXIMUM TEMPERATURE (F)   90       106      1959
 MINIMUM TEMPERATURE (F)   63        44      1970
                                             1906


SUNRISE AND SUNSET
APRIL 29 2017.........SUNRISE   553 AM MST   SUNSET   719 PM MST
APRIL 30 2017.........SUNRISE   552 AM MST   SUNSET   720 PM MST


-  INDICATES NEGATIVE NUMBERS.
R  INDICATES RECORD WAS SET OR TIED.
MM INDICATES DATA IS MISSING.
T  INDICATES TRACE AMOUNT.

$$
