000
CDUS46 KMTR 310042
CLIOAK


CLIMATE REPORT
NATIONAL WEATHER SERVICE SAN FRANCISCO BAY AREA
541 PM PDT MON MAR 30 2015


...................................

...THE OAKLAND AIRPORT CLIMATE SUMMARY FOR MARCH 30 2015...
VALID TODAY AS OF 0500 PM LOCAL TIME.

CLIMATE NORMAL PERIOD 1981 TO 2010
CLIMATE RECORD PERIOD 1948 TO 2015


WEATHER ITEM   OBSERVED TIME   RECORD YEAR NORMAL DEPARTURE LAST
                VALUE   (LST)  VALUE       VALUE  FROM      YEAR
                                                  NORMAL
..................................................................
TEMPERATURE (F)
 TODAY
  MAXIMUM         65    124 PM  81    2011  65      0       61
  MINIMUM         47    557 AM  39    1955  47      0       50
  AVERAGE         56                        56      0       56

PRECIPITATION (IN)
  TODAY            0.00          0.89 1967   0.08  -0.08     0.00
  MONTH TO DATE    0.09                      3.00  -2.91     2.08
  SINCE OCT 1     13.31                     18.25  -4.94     7.24
  SINCE JAN 1      2.09                     10.94  -8.85     5.78

SNOWFALL (IN)
  TODAY            0.0           0.0  1985
  MONTH TO DATE    0.0
  SINCE MAR 1      0.0
  SINCE JUL 1      0.0

DEGREE DAYS
 HEATING
  TODAY            9                         9      0        9
  MONTH TO DATE  196                       323   -127      173
  SINCE MAR 1    196                       323   -127      173
  SINCE JUL 1   1505                      2345   -840     1994

 COOLING
  TODAY            0                         0      0        0
  MONTH TO DATE    1                         0      1        1
  SINCE MAR 1      1                         0      1        1
  SINCE JAN 1      1                         0      1        1
..................................................................


WIND (MPH)
  RESULTANT WIND SPEED   5   RESULTANT WIND DIRECTION   W (270)
  HIGHEST WIND SPEED    21   HIGHEST WIND DIRECTION     W (270)
  HIGHEST GUST SPEED    23   HIGHEST GUST DIRECTION     W (280)
  AVERAGE WIND SPEED     6.4


SKY COVER
  POSSIBLE SUNSHINE  MM
  AVERAGE SKY COVER 0.4


WEATHER CONDITIONS
 THE FOLLOWING WEATHER WAS RECORDED TODAY.
  NO SIGNIFICANT WEATHER WAS OBSERVED.


RELATIVE HUMIDITY (PERCENT)
 HIGHEST    89           200 AM
 LOWEST     60           100 PM
 AVERAGE    75

..........................................................


THE OAKLAND AIRPORT CLIMATE NORMALS FOR TOMORROW
                         NORMAL    RECORD    YEAR
 MAXIMUM TEMPERATURE (F)   65        81      2000
 MINIMUM TEMPERATURE (F)   47        38      1951


SUNRISE AND SUNSET
MARCH 30 2015.........SUNRISE   657 AM PDT   SUNSET   730 PM PDT
MARCH 31 2015.........SUNRISE   656 AM PDT   SUNSET   731 PM PDT


-  INDICATES NEGATIVE NUMBERS.
R  INDICATES RECORD WAS SET OR TIED.
MM INDICATES DATA IS MISSING.
T  INDICATES TRACE AMOUNT.




$$
