000
CDUS46 KMTR 250025
CLIOAK


CLIMATE REPORT
NATIONAL WEATHER SERVICE SAN FRANCISCO BAY AREA
525 PM PDT SUN MAY 24 2015


...................................

...THE OAKLAND AIRPORT CLIMATE SUMMARY FOR MAY 24 2015...
VALID TODAY AS OF 0500 PM LOCAL TIME.

CLIMATE NORMAL PERIOD 1981 TO 2010
CLIMATE RECORD PERIOD 1948 TO 2015


WEATHER ITEM   OBSERVED TIME   RECORD YEAR NORMAL DEPARTURE LAST
                VALUE   (LST)  VALUE       VALUE  FROM      YEAR
                                                  NORMAL
..................................................................
TEMPERATURE (F)
 TODAY
  MAXIMUM         61    102 PM  80    1949  68     -7       67
  MINIMUM         52    440 AM  47    2011  52      0       55
                                      1961
  AVERAGE         57                        60     -3       61

PRECIPITATION (IN)
  TODAY            0.00          0.36 1960   0.01  -0.01     0.00
  MONTH TO DATE    T                         0.58  -0.58      T
  SINCE OCT 1     14.39                     20.25  -5.86     9.44
  SINCE JAN 1      3.17                     12.94  -9.77     7.98

SNOWFALL (IN)
  TODAY            0.0           0.0  1985
  MONTH TO DATE    0.0
  SINCE MAR 1      0.0
  SINCE JUL 1      0.0

DEGREE DAYS
 HEATING
  TODAY            8                         6      2        4
  MONTH TO DATE  164                       147     17       61
  SINCE MAR 1    576                       711   -135      427
  SINCE JUL 1   1885                      2733   -848     2248

 COOLING
  TODAY            0                         0      0        0
  MONTH TO DATE    0                         0      0       31
  SINCE MAR 1      4                         6     -2       44
  SINCE JAN 1      4                         6     -2       44
..................................................................


WIND (MPH)
  RESULTANT WIND SPEED  10   RESULTANT WIND DIRECTION   W (250)
  HIGHEST WIND SPEED    20   HIGHEST WIND DIRECTION     W (270)
  HIGHEST GUST SPEED    23   HIGHEST GUST DIRECTION     W (270)
  AVERAGE WIND SPEED    10.0


SKY COVER
  POSSIBLE SUNSHINE  MM
  AVERAGE SKY COVER 0.9


WEATHER CONDITIONS
 THE FOLLOWING WEATHER WAS RECORDED TODAY.
  NO SIGNIFICANT WEATHER WAS OBSERVED.


RELATIVE HUMIDITY (PERCENT)
 HIGHEST    89           700 AM
 LOWEST     67           300 PM
 AVERAGE    78

..........................................................


THE OAKLAND AIRPORT CLIMATE NORMALS FOR TOMORROW
                         NORMAL    RECORD    YEAR
 MAXIMUM TEMPERATURE (F)   68        94      1951
 MINIMUM TEMPERATURE (F)   52        45      1955


SUNRISE AND SUNSET
MAY 24 2015...........SUNRISE   553 AM PDT   SUNSET   819 PM PDT
MAY 25 2015...........SUNRISE   552 AM PDT   SUNSET   820 PM PDT


-  INDICATES NEGATIVE NUMBERS.
R  INDICATES RECORD WAS SET OR TIED.
MM INDICATES DATA IS MISSING.
T  INDICATES TRACE AMOUNT.




$$
