000
CDUS46 KMTR 260828
CLIOAK


CLIMATE REPORT
NATIONAL WEATHER SERVICE SAN FRANCISCO BAY AREA
126 AM PDT SAT JUL 26 2014


...................................

...THE OAKLAND AIRPORT CLIMATE SUMMARY FOR JULY 25 2014...

CLIMATE NORMAL PERIOD 1981 TO 2010
CLIMATE RECORD PERIOD 1948 TO 2014


WEATHER ITEM   OBSERVED TIME   RECORD YEAR NORMAL DEPARTURE LAST
                VALUE   (LST)  VALUE       VALUE  FROM      YEAR
                                                  NORMAL
..................................................................
TEMPERATURE (F)
 YESTERDAY
  MAXIMUM         90    128 PM  92    1973  70     20       69
  MINIMUM         60    514 AM  51    2008  56      4       55
  AVERAGE         75                        63     12       62

PRECIPITATION (IN)
  YESTERDAY        0.00          0.01 2005   0.00   0.00     0.00
  MONTH TO DATE    0.01                      0.01   0.00      T
  SINCE JUL 1      0.01                      0.01   0.00      T
  SINCE JAN 1      7.99                     13.23  -5.24     2.82

SNOWFALL (IN)
  YESTERDAY        0.0                                       0.0
  MONTH TO DATE    0.0                                       0.0
  SINCE JUN 1      0.0                                       0.0
  SINCE JUL 1      0.0                                       0.0

DEGREE DAYS
 HEATING
  YESTERDAY        0                         3     -3        3
  MONTH TO DATE   21                        75    -54       30
  SINCE JUN 1     92                       178    -86       90
  SINCE JUL 1     21                        75    -54       30

 COOLING
  YESTERDAY       10                         0     10        0
  MONTH TO DATE   54                        21     33       29
  SINCE JUN 1     74                        39     35       64
  SINCE JAN 1    118                        55     63      105
..................................................................


WIND (MPH)
  RESULTANT WIND SPEED   8   RESULTANT WIND DIRECTION   W (290)
  HIGHEST WIND SPEED    18   HIGHEST WIND DIRECTION     W (290)
  HIGHEST GUST SPEED    22   HIGHEST GUST DIRECTION     W (290)
  AVERAGE WIND SPEED     7.9


SKY COVER
  POSSIBLE SUNSHINE  MM
  AVERAGE SKY COVER 0.1


WEATHER CONDITIONS
 THE FOLLOWING WEATHER WAS RECORDED YESTERDAY.
  NO SIGNIFICANT WEATHER WAS OBSERVED.


RELATIVE HUMIDITY (PERCENT)
 HIGHEST    84           300 AM
 LOWEST     22          1200 PM
 AVERAGE    53

..........................................................


THE OAKLAND AIRPORT CLIMATE NORMALS FOR TODAY
                         NORMAL    RECORD    YEAR
 MAXIMUM TEMPERATURE (F)   70        94      1963
 MINIMUM TEMPERATURE (F)   56        51      1953


SUNRISE AND SUNSET
JULY 26 2014..........SUNRISE   608 AM PDT   SUNSET   823 PM PDT
JULY 27 2014..........SUNRISE   608 AM PDT   SUNSET   822 PM PDT


-  INDICATES NEGATIVE NUMBERS.
R  INDICATES RECORD WAS SET OR TIED.
MM INDICATES DATA IS MISSING.
T  INDICATES TRACE AMOUNT.




$$
