000
CDUS46 KMTR 080027
CLIOAK


CLIMATE REPORT
NATIONAL WEATHER SERVICE SAN FRANCISCO BAY AREA
526 PM PDT TUE JUL 7 2015


...................................

...THE OAKLAND AIRPORT CLIMATE SUMMARY FOR JULY 7 2015...
VALID TODAY AS OF 0500 PM LOCAL TIME.

CLIMATE NORMAL PERIOD 1981 TO 2010
CLIMATE RECORD PERIOD 1948 TO 2015


WEATHER ITEM   OBSERVED TIME   RECORD YEAR NORMAL DEPARTURE LAST
                VALUE   (LST)  VALUE       VALUE  FROM      YEAR
                                                  NORMAL
..................................................................
TEMPERATURE (F)
 TODAY
  MAXIMUM         73   1152 AM  82    2008  71      2       70
                                      2006
  MINIMUM         61    259 AM  49    2006  55      6       54
  AVERAGE         67                        63      4       62

PRECIPITATION (IN)
  TODAY            0.00          0.00 2006   0.01  -0.01     0.00
  MONTH TO DATE    T                         0.01  -0.01     0.00
  SINCE OCT 1     14.57                     20.54  -5.97     9.44
  SINCE JAN 1      3.35                     13.23  -9.88     7.98

SNOWFALL (IN)
  TODAY            0.0           0.0  1985
  MONTH TO DATE    0.0
  SINCE JUN 1      0.0
  SINCE JUL 1      0.0

DEGREE DAYS
 HEATING
  TODAY            0                         3     -3        3
  MONTH TO DATE    0                        21    -21       17
  SINCE JUN 1     62                       124    -62       88
  SINCE JUL 1      0                        21    -21       17

 COOLING
  TODAY            2                         1      1        0
  MONTH TO DATE   14                         7      7        0
  SINCE JUN 1     33                        25      8       20
  SINCE JAN 1     37                        41     -4       64
..................................................................


WIND (MPH)
  RESULTANT WIND SPEED  12   RESULTANT WIND DIRECTION   W (270)
  HIGHEST WIND SPEED    20   HIGHEST WIND DIRECTION     W (280)
  HIGHEST GUST SPEED    26   HIGHEST GUST DIRECTION     W (260)
  AVERAGE WIND SPEED    12.3


SKY COVER
  POSSIBLE SUNSHINE  MM
  AVERAGE SKY COVER 0.8


WEATHER CONDITIONS
 THE FOLLOWING WEATHER WAS RECORDED TODAY.
  NO SIGNIFICANT WEATHER WAS OBSERVED.


RELATIVE HUMIDITY (PERCENT)
 HIGHEST    84          1200 AM
 LOWEST     61          1200 PM
 AVERAGE    73

..........................................................


THE OAKLAND AIRPORT CLIMATE NORMALS FOR TOMORROW
                         NORMAL    RECORD    YEAR
 MAXIMUM TEMPERATURE (F)   71        91      2008
                                             1961
 MINIMUM TEMPERATURE (F)   55        50      2002


SUNRISE AND SUNSET
JULY  7 2015..........SUNRISE   554 AM PDT   SUNSET   833 PM PDT
JULY  8 2015..........SUNRISE   554 AM PDT   SUNSET   833 PM PDT


-  INDICATES NEGATIVE NUMBERS.
R  INDICATES RECORD WAS SET OR TIED.
MM INDICATES DATA IS MISSING.
T  INDICATES TRACE AMOUNT.




$$
