000
CDUS46 KMTR 270839
CLIOAK


CLIMATE REPORT
NATIONAL WEATHER SERVICE SAN FRANCISCO BAY AREA
139 AM PDT TUE JUN 27 2017


...................................

...THE OAKLAND AIRPORT CLIMATE SUMMARY FOR JUNE 26 2017...

CLIMATE NORMAL PERIOD 1981 TO 2010
CLIMATE RECORD PERIOD 1948 TO 2017


WEATHER ITEM   OBSERVED TIME   RECORD YEAR NORMAL DEPARTURE LAST
                VALUE   (LST)  VALUE       VALUE  FROM      YEAR
                                                  NORMAL
..................................................................
TEMPERATURE (F)
 YESTERDAY
  MAXIMUM         75    153 PM  99    2003  71      4       78
  MINIMUM         61    516 AM  47    1950  55      6       55
  AVERAGE         68                        63      5       67

PRECIPITATION (IN)
  YESTERDAY        0.00          T    2014   0.00   0.00     0.00
  MONTH TO DATE    0.03                      0.17  -0.14      T
  SINCE OCT 1     28.48                     20.52   7.96    16.56
  SINCE JAN 1     20.05                     13.21   6.84    11.34

SNOWFALL (IN)
  YESTERDAY        0.0                                       0.0
  MONTH TO DATE    0.0                                       0.0
  SINCE JUN 1      0.0                                       0.0
  SINCE JUL 1      0.0                                       0.0

DEGREE DAYS
 HEATING
  YESTERDAY        0                         3     -3        0
  MONTH TO DATE   32                        94    -62       24
  SINCE JUN 1     32                        94    -62       24
  SINCE JUL 1   2021                      2864   -843     1916

 COOLING
  YESTERDAY        3                         1      2        2
  MONTH TO DATE   54                        15     39       32
  SINCE JUN 1     54                        15     39       32
  SINCE JAN 1     90                        31     59       66
..................................................................


WIND (MPH)
  RESULTANT WIND SPEED  14   RESULTANT WIND DIRECTION   W (270)
  HIGHEST WIND SPEED    23   HIGHEST WIND DIRECTION     W (270)
  HIGHEST GUST SPEED    27   HIGHEST GUST DIRECTION     W (260)
  AVERAGE WIND SPEED    14.6


SKY COVER
  POSSIBLE SUNSHINE  MM
  AVERAGE SKY COVER 0.6


WEATHER CONDITIONS
 THE FOLLOWING WEATHER WAS RECORDED YESTERDAY.
  NO SIGNIFICANT WEATHER WAS OBSERVED.


RELATIVE HUMIDITY (PERCENT)
 HIGHEST    84           900 PM
 LOWEST     50           200 PM
 AVERAGE    67

..........................................................


THE OAKLAND AIRPORT CLIMATE NORMALS FOR TODAY
                         NORMAL    RECORD    YEAR
 MAXIMUM TEMPERATURE (F)   71        94      2003
 MINIMUM TEMPERATURE (F)   55        49      1949


SUNRISE AND SUNSET
JUNE 27 2017..........SUNRISE   549 AM PDT   SUNSET   835 PM PDT
JUNE 28 2017..........SUNRISE   550 AM PDT   SUNSET   835 PM PDT


-  INDICATES NEGATIVE NUMBERS.
R  INDICATES RECORD WAS SET OR TIED.
MM INDICATES DATA IS MISSING.
T  INDICATES TRACE AMOUNT.




$$
