000
CDUS46 KMTR 300026
CLIOAK


CLIMATE REPORT
NATIONAL WEATHER SERVICE SAN FRANCISCO BAY AREA
525 PM PDT SAT APR 29 2017


...................................

...THE OAKLAND AIRPORT CLIMATE SUMMARY FOR APRIL 29 2017...
VALID TODAY AS OF 0500 PM LOCAL TIME.

CLIMATE NORMAL PERIOD 1981 TO 2010
CLIMATE RECORD PERIOD 1948 TO 2017


WEATHER ITEM   OBSERVED TIME   RECORD YEAR NORMAL DEPARTURE LAST
                VALUE   (LST)  VALUE       VALUE  FROM      YEAR
                                                  NORMAL
..................................................................
TEMPERATURE (F)
 TODAY
  MAXIMUM         79    117 PM  83    2014  67     12       66
  MINIMUM         53    447 AM  41    1950  50      3       52
  AVERAGE         66                        59      7       59

PRECIPITATION (IN)
  TODAY            0.00          0.14 2002   0.03  -0.03     0.00
  MONTH TO DATE    2.46                      1.31   1.15     1.00
  SINCE OCT 1     28.45                     19.64   8.81    16.54
  SINCE JAN 1     20.02                     12.33   7.69    11.32

SNOWFALL (IN)
  TODAY            0.0           0.0  1985
  MONTH TO DATE    0.0
  SINCE MAR 1      0.0
  SINCE JUL 1      0.0

DEGREE DAYS
 HEATING
  TODAY            0                         7     -7        6
  MONTH TO DATE  155                       227    -72      118
  SINCE MAR 1    365                       558   -193      335
  SINCE JUL 1   1894                      2580   -686     1810

 COOLING
  TODAY            1                         0      1        0
  MONTH TO DATE    1                         0      1       14
  SINCE MAR 1      2                         1      1       14
  SINCE JAN 1      2                         1      1       15
..................................................................


WIND (MPH)
  RESULTANT WIND SPEED   8   RESULTANT WIND DIRECTION  NW (300)
  HIGHEST WIND SPEED    20   HIGHEST WIND DIRECTION     W (290)
  HIGHEST GUST SPEED    24   HIGHEST GUST DIRECTION     W (250)
  AVERAGE WIND SPEED    10.0


SKY COVER
  POSSIBLE SUNSHINE  MM
  AVERAGE SKY COVER 0.0


WEATHER CONDITIONS
 THE FOLLOWING WEATHER WAS RECORDED TODAY.
  NO SIGNIFICANT WEATHER WAS OBSERVED.


RELATIVE HUMIDITY (PERCENT)
 HIGHEST    51           500 AM
 LOWEST     21           900 AM
 AVERAGE    36

..........................................................


THE OAKLAND AIRPORT CLIMATE NORMALS FOR TOMORROW
                         NORMAL    RECORD    YEAR
 MAXIMUM TEMPERATURE (F)   67        89      2014
 MINIMUM TEMPERATURE (F)   50        42      1951


SUNRISE AND SUNSET
APRIL 29 2017.........SUNRISE   615 AM PDT   SUNSET   758 PM PDT
APRIL 30 2017.........SUNRISE   614 AM PDT   SUNSET   759 PM PDT


-  INDICATES NEGATIVE NUMBERS.
R  INDICATES RECORD WAS SET OR TIED.
MM INDICATES DATA IS MISSING.
T  INDICATES TRACE AMOUNT.




$$
