000
CDUS43 KOAX 242154
CLIOAX


CLIMATE REPORT
NATIONAL WEATHER SERVICE OMAHA NEBRASKA
447 PM CDT TUE MAY 24 2016


...................................

...THE VALLEY  NWS, NEBRASKA CLIMATE SUMMARY FOR MAY 24 2016...
VALID TODAY AS OF 400 PM LOCAL TIME.

CLIMATE NORMAL PERIOD 1981 TO 2010
CLIMATE RECORD PERIOD 1997 TO 2016


WEATHER ITEM   OBSERVED TIME   NORMAL DEPARTURE LAST
                VALUE   (LST)  VALUE  FROM      YEAR
                                      NORMAL
......................................................
TEMPERATURE (F)
 TODAY
  MAXIMUM         80    232 PM  75      5       68
  MINIMUM         59    302 AM  55      4       59
  AVERAGE         70            65      5       64

PRECIPITATION (IN)
  TODAY            T             0.15  -0.15     0.05
  MONTH TO DATE    6.07          3.51   2.56     5.50
  SINCE MAR 1     13.86          8.54   5.32     9.68
  SINCE JAN 1     15.60         10.25   5.35    11.25

SNOWFALL (IN)
  TODAY            0.0                           0.0
  MONTH TO DATE    0.0                           0.0
  SINCE JUL 1     28.7                          19.3
  SNOW DEPTH       0

DEGREE DAYS
 HEATING
  TODAY            0             3     -3        1
  MONTH TO DATE  129           136     -7      136
  SINCE MAR 1   1011          1403   -392     1124
  SINCE JUL 1   4999          6234  -1235     5853

 COOLING
  TODAY            5             3      2        0
  MONTH TO DATE   18            40    -22       15
  SINCE MAR 1     18            47    -29       19
  SINCE JAN 1     18            47    -29       19
......................................................


WIND (MPH)
  HIGHEST WIND SPEED    MM   HIGHEST WIND DIRECTION    MM
  HIGHEST GUST SPEED    17   HIGHEST GUST DIRECTION    MM



WEATHER CONDITIONS
 THE FOLLOWING WEATHER WAS RECORDED TODAY.
  LIGHT RAIN


..........................................................


THE VALLEY  NWS, NEBRASKA CLIMATE NORMALS FOR TOMORROW
                         NORMAL
 MAXIMUM TEMPERATURE (F)   76
 MINIMUM TEMPERATURE (F)   56


SUNRISE AND SUNSET
MAY 24 2016...........SUNRISE   559 AM CDT   SUNSET   846 PM CDT
MAY 25 2016...........SUNRISE   558 AM CDT   SUNSET   847 PM CDT


-  INDICATES NEGATIVE NUMBERS.
R  INDICATES RECORD WAS SET OR TIED.
MM INDICATES DATA IS MISSING.
T  INDICATES TRACE AMOUNT.




$$

KLISH
