000
CDUS43 KOAX 220630
CLIOAX


CLIMATE REPORT
NATIONAL WEATHER SERVICE OMAHA NEBRASKA
128 AM CDT TUE AUG 22 2017


...................................

...THE VALLEY  NWS, NEBRASKA CLIMATE SUMMARY FOR AUGUST 21 2017...

CLIMATE NORMAL PERIOD 1981 TO 2010
CLIMATE RECORD PERIOD 1997 TO 2017


WEATHER ITEM   OBSERVED TIME   NORMAL DEPARTURE LAST
                VALUE   (LST)  VALUE  FROM      YEAR
                                      NORMAL
......................................................
TEMPERATURE (F)
 YESTERDAY
  MAXIMUM         84    410 PM  83      1       79
  MINIMUM         66    937 PM  63      3       54
  AVERAGE         75            73      2       67

PRECIPITATION (IN)
  YESTERDAY        0.27          0.15   0.12     0.00
  MONTH TO DATE    3.21          2.78   0.43     4.30
  SINCE JUN 1      8.80         12.32  -3.52    17.50
  SINCE JAN 1     24.15         23.64   0.51    34.00

SNOWFALL (IN)
  YESTERDAY        0.0                           0.0
  MONTH TO DATE    0.0                           0.0
  SINCE JUL 1      0.0                           0.0
  SNOW DEPTH       0

DEGREE DAYS
 HEATING
  YESTERDAY        0             0      0        0
  MONTH TO DATE    0             0      0        0
  SINCE JUN 1      0            17    -17        0
  SINCE JUL 1      0             1     -1        0

 COOLING
  YESTERDAY       10             8      2        2
  MONTH TO DATE  142           211    -69      223
  SINCE JUN 1    885           804     81      967
  SINCE JAN 1    949           876     73     1020
......................................................


WIND (MPH)
  HIGHEST WIND SPEED    MM   HIGHEST WIND DIRECTION    MM
  HIGHEST GUST SPEED    52   HIGHEST GUST DIRECTION    MM


SKY COVER
  POSSIBLE SUNSHINE  MM


WEATHER CONDITIONS
 THE FOLLOWING WEATHER WAS RECORDED YESTERDAY.
  THUNDERSTORM
  RAIN
  LIGHT RAIN


..........................................................


THE VALLEY  NWS, NEBRASKA CLIMATE NORMALS FOR TODAY
                         NORMAL
 MAXIMUM TEMPERATURE (F)   83
 MINIMUM TEMPERATURE (F)   63


SUNRISE AND SUNSET
AUGUST 22 2017........SUNRISE   642 AM CDT   SUNSET   814 PM CDT
AUGUST 23 2017........SUNRISE   643 AM CDT   SUNSET   812 PM CDT


-  INDICATES NEGATIVE NUMBERS.
R  INDICATES RECORD WAS SET OR TIED.
MM INDICATES DATA IS MISSING.
T  INDICATES TRACE AMOUNT.




$$
