000
CDUS43 KOAX 010703
CLIOAX


CLIMATE REPORT
NATIONAL WEATHER SERVICE OMAHA NEBRASKA
203 AM CDT TUE SEP 1 2015


...................................

...THE VALLEY  NWS, NEBRASKA CLIMATE SUMMARY FOR AUGUST 31 2015...

CLIMATE NORMAL PERIOD 1981 TO 2010
CLIMATE RECORD PERIOD 1997 TO 2015


WEATHER ITEM   OBSERVED TIME   NORMAL DEPARTURE LAST
                VALUE   (LST)  VALUE  FROM      YEAR
                                      NORMAL
......................................................
TEMPERATURE (F)
 YESTERDAY
  MAXIMUM         84    359 PM  82      2       83
  MINIMUM         65    336 AM  60      5       67
  AVERAGE         75            71      4       75

PRECIPITATION (IN)
  YESTERDAY        0.00          0.12  -0.12     1.35
  MONTH TO DATE    5.73          4.06   1.67     8.57
  SINCE JUN 1     13.80         13.60   0.20    21.14
  SINCE JAN 1     25.65         24.92   0.73    30.05

SNOWFALL (IN)
  YESTERDAY        0.0                           0.0
  MONTH TO DATE    0.0                           0.0
  SINCE JUL 1      0.0                           0.0
  SNOW DEPTH       0

DEGREE DAYS
 HEATING
  YESTERDAY        0             1     -1        0
  MONTH TO DATE    7             1      6        0
  SINCE JUN 1      8            22    -14        5
  SINCE JUL 1      7             6      1        1

 COOLING
  YESTERDAY       10             7      3       10
  MONTH TO DATE  233           286    -53      308
  SINCE JUN 1    810           879    -69      795
  SINCE JAN 1    841           951   -110      925
......................................................


WIND (MPH)
  HIGHEST WIND SPEED    MM   HIGHEST WIND DIRECTION    MM
  HIGHEST GUST SPEED    20   HIGHEST GUST DIRECTION    MM


SKY COVER
  POSSIBLE SUNSHINE  MM


WEATHER CONDITIONS
 THE FOLLOWING WEATHER WAS RECORDED YESTERDAY.
  FOG
  FOG W/VISIBILITY <= 1/4 MILE


..........................................................


THE VALLEY  NWS, NEBRASKA CLIMATE NORMALS FOR TODAY
                         NORMAL
 MAXIMUM TEMPERATURE (F)   81
 MINIMUM TEMPERATURE (F)   60


SUNRISE AND SUNSET
SEPTEMBER  1 2015.....SUNRISE   652 AM CDT   SUNSET   759 PM CDT
SEPTEMBER  2 2015.....SUNRISE   653 AM CDT   SUNSET   757 PM CDT


-  INDICATES NEGATIVE NUMBERS.
R  INDICATES RECORD WAS SET OR TIED.
MM INDICATES DATA IS MISSING.
T  INDICATES TRACE AMOUNT.




$$
