000
CDUS43 KOAX 250632
CLIOAX


CLIMATE REPORT
NATIONAL WEATHER SERVICE OMAHA NEBRASKA
1228 AM CST SUN JAN 25 2015


...................................

...THE VALLEY  NWS, NEBRASKA CLIMATE SUMMARY FOR JANUARY 24 2015...

CLIMATE NORMAL PERIOD 1981 TO 2010
CLIMATE RECORD PERIOD 1997 TO 2015


WEATHER ITEM   OBSERVED TIME   NORMAL DEPARTURE LAST
                VALUE   (LST)  VALUE  FROM      YEAR
                                      NORMAL
......................................................
TEMPERATURE (F)
 YESTERDAY
  MAXIMUM         53    309 PM  33     20       51
  MINIMUM         30    322 AM  14     16       10
  AVERAGE         42            24     18       31

PRECIPITATION (IN)
  YESTERDAY        0.01          0.03  -0.02      T
  MONTH TO DATE    0.09          0.57  -0.48     0.14
  SINCE DEC 1      1.99          1.68   0.31     0.32
  SINCE JAN 1      0.09          0.57  -0.48     0.14

SNOWFALL (IN)
  YESTERDAY        0.0                           0.0
  MONTH TO DATE    1.9                           1.8
  SINCE JUL 1      6.2                           5.9
  SNOW DEPTH       0

DEGREE DAYS
 HEATING
  YESTERDAY       23            41    -18       34
  MONTH TO DATE  954          1007    -53     1035
  SINCE DEC 1   2002          2217   -215     2347
  SINCE JUL 1   3319          3487   -168     3566

 COOLING
  YESTERDAY        0             0      0        0
  MONTH TO DATE    0             0      0        0
  SINCE DEC 1      0             0      0        0
  SINCE JAN 1      0             0      0        0
......................................................


WIND (MPH)
  HIGHEST WIND SPEED    MM   HIGHEST WIND DIRECTION    MM
  HIGHEST GUST SPEED    36   HIGHEST GUST DIRECTION    MM


SKY COVER
  POSSIBLE SUNSHINE  MM


WEATHER CONDITIONS
 THE FOLLOWING WEATHER WAS RECORDED YESTERDAY.
  LIGHT RAIN


..........................................................


THE VALLEY  NWS, NEBRASKA CLIMATE NORMALS FOR TODAY
                         NORMAL
 MAXIMUM TEMPERATURE (F)   33
 MINIMUM TEMPERATURE (F)   14


SUNRISE AND SUNSET
JANUARY 25 2015.......SUNRISE   743 AM CST   SUNSET   533 PM CST
JANUARY 26 2015.......SUNRISE   742 AM CST   SUNSET   534 PM CST


-  INDICATES NEGATIVE NUMBERS.
R  INDICATES RECORD WAS SET OR TIED.
MM INDICATES DATA IS MISSING.
T  INDICATES TRACE AMOUNT.




$$
