000
CDUS43 KOAX 302125
CLIOAX


CLIMATE REPORT
NATIONAL WEATHER SERVICE OMAHA NEBRASKA
424 PM CDT TUE JUN 30 2015


...................................

...THE VALLEY  NWS, NEBRASKA CLIMATE SUMMARY FOR JUNE 30 2015...
VALID TODAY AS OF 0400 PM LOCAL TIME.

CLIMATE NORMAL PERIOD 1981 TO 2010
CLIMATE RECORD PERIOD 1997 TO 2015


WEATHER ITEM   OBSERVED TIME   NORMAL DEPARTURE LAST
                VALUE   (LST)  VALUE  FROM      YEAR
                                      NORMAL
......................................................
TEMPERATURE (F)
 TODAY
  MAXIMUM         83   1028 AM  85     -2       80
  MINIMUM         65    423 AM  66     -1       66
  AVERAGE         74            76     -2       73

PRECIPITATION (IN)
  TODAY            T             0.14  -0.14     0.08
  MONTH TO DATE    5.10          5.09   0.01    11.67
  SINCE JUN 1      5.10          5.09   0.01    11.67
  SINCE JAN 1     16.95         16.41   0.54    20.58

SNOWFALL (IN)
  TODAY            0.0                           0.0
  MONTH TO DATE    0.0                           0.0
  SINCE JUL 1     19.3                          18.2
  SNOW DEPTH       0

DEGREE DAYS
 HEATING
  TODAY            0             0      0        0
  MONTH TO DATE    1            13    -12        4
  SINCE JUN 1      1            16    -15        4
  SINCE JUL 1   5867          6266   -399     6505

 COOLING
  TODAY            9            11     -2        8
  MONTH TO DATE  237           234      3      240
  SINCE JUN 1    237           234      3      240
  SINCE JAN 1    268           306    -38      370
......................................................


WIND (MPH)
  HIGHEST WIND SPEED    MM   HIGHEST WIND DIRECTION    MM
  HIGHEST GUST SPEED    20   HIGHEST GUST DIRECTION    MM



WEATHER CONDITIONS
 THE FOLLOWING WEATHER WAS RECORDED TODAY.
  LIGHT RAIN
  FOG
  HAZE


..........................................................


THE VALLEY  NWS, NEBRASKA CLIMATE NORMALS FOR TOMORROW
                         NORMAL
 MAXIMUM TEMPERATURE (F)   85
 MINIMUM TEMPERATURE (F)   66


SUNRISE AND SUNSET
JUNE 30 2015..........SUNRISE   555 AM CDT   SUNSET   903 PM CDT
JULY  1 2015..........SUNRISE   556 AM CDT   SUNSET   903 PM CDT


-  INDICATES NEGATIVE NUMBERS.
R  INDICATES RECORD WAS SET OR TIED.
MM INDICATES DATA IS MISSING.
T  INDICATES TRACE AMOUNT.




$$
