000
CDUS43 KOAX 072236
CLIOAX


CLIMATE REPORT
NATIONAL WEATHER SERVICE OMAHA NEBRASKA
435 PM CST SUN FEB 7 2016


...................................

...THE VALLEY  NWS, NEBRASKA CLIMATE SUMMARY FOR FEBRUARY 7 2016...
VALID TODAY AS OF 0400 PM LOCAL TIME.

CLIMATE NORMAL PERIOD 1981 TO 2010
CLIMATE RECORD PERIOD 1997 TO 2016


WEATHER ITEM   OBSERVED TIME   NORMAL DEPARTURE LAST
                VALUE   (LST)  VALUE  FROM      YEAR
                                      NORMAL
......................................................
TEMPERATURE (F)
 TODAY
  MAXIMUM         43    136 PM  35      8       50
  MINIMUM         31    210 AM  16     15       30
  AVERAGE         37            25     12       40

PRECIPITATION (IN)
  TODAY            T             0.03  -0.03     0.00
  MONTH TO DATE    0.92          0.22   0.70     0.76
  SINCE DEC 1      6.78          2.12   4.66     3.38
  SINCE JAN 1      1.67          1.01   0.66     1.48

SNOWFALL (IN)
  TODAY            T                             0.0
  MONTH TO DATE    8.9                           9.0
  SINCE JUL 1     27.7                          18.6
  SNOW DEPTH       3

DEGREE DAYS
 HEATING
  TODAY           28            40    -12       25
  MONTH TO DATE  262           282    -20      321
  SINCE DEC 1   2468          2786   -318     2511
  SINCE JUL 1   3353          4056   -703     3828

 COOLING
  TODAY            0             0      0        0
  MONTH TO DATE    0             0      0        0
  SINCE DEC 1      0             0      0        0
  SINCE JAN 1      0             0      0        0
......................................................


WIND (MPH)
  HIGHEST WIND SPEED    MM   HIGHEST WIND DIRECTION    MM
  HIGHEST GUST SPEED    43   HIGHEST GUST DIRECTION    MM



WEATHER CONDITIONS
 THE FOLLOWING WEATHER WAS RECORDED TODAY.
  NO SIGNIFICANT WEATHER WAS OBSERVED.


..........................................................


THE VALLEY  NWS, NEBRASKA CLIMATE NORMALS FOR TOMORROW
                         NORMAL
 MAXIMUM TEMPERATURE (F)   35
 MINIMUM TEMPERATURE (F)   16


SUNRISE AND SUNSET
FEBRUARY  7 2016......SUNRISE   731 AM CST   SUNSET   549 PM CST
FEBRUARY  8 2016......SUNRISE   730 AM CST   SUNSET   550 PM CST


-  INDICATES NEGATIVE NUMBERS.
R  INDICATES RECORD WAS SET OR TIED.
MM INDICATES DATA IS MISSING.
T  INDICATES TRACE AMOUNT.




$$
