000
CDUS43 KOAX 050646
CLIOAX


CLIMATE REPORT
NATIONAL WEATHER SERVICE OMAHA NEBRASKA
145 AM CDT WED AUG 5 2015


...................................

...THE VALLEY  NWS, NEBRASKA CLIMATE SUMMARY FOR AUGUST 4 2015...

CLIMATE NORMAL PERIOD 1981 TO 2010
CLIMATE RECORD PERIOD 1997 TO 2015


WEATHER ITEM   OBSERVED TIME   NORMAL DEPARTURE LAST
                VALUE   (LST)  VALUE  FROM      YEAR
                                      NORMAL
......................................................
TEMPERATURE (F)
 YESTERDAY
  MAXIMUM         78    459 PM  86     -8       83
  MINIMUM         66    740 AM  66      0       68
  AVERAGE         72            76     -4       76

PRECIPITATION (IN)
  YESTERDAY        0.24          0.12   0.12     0.00
  MONTH TO DATE    0.37          0.49  -0.12      T
  SINCE JUN 1      8.44         10.03  -1.59    12.57
  SINCE JAN 1     20.29         21.35  -1.06    21.48

SNOWFALL (IN)
  YESTERDAY        0.0                           0.0
  MONTH TO DATE    0.0                           0.0
  SINCE JUL 1      0.0                           0.0
  SNOW DEPTH       0

DEGREE DAYS
 HEATING
  YESTERDAY        0             0      0        0
  MONTH TO DATE    0             0      0        0
  SINCE JUN 1      1            17    -16        5
  SINCE JUL 1      0             1     -1        1

 COOLING
  YESTERDAY        7            11     -4       11
  MONTH TO DATE   43            44     -1       40
  SINCE JUN 1    620           637    -17      527
  SINCE JAN 1    651           709    -58      657
......................................................


WIND (MPH)
  HIGHEST WIND SPEED    MM   HIGHEST WIND DIRECTION    MM
  HIGHEST GUST SPEED    22   HIGHEST GUST DIRECTION    MM


SKY COVER
  POSSIBLE SUNSHINE  MM


WEATHER CONDITIONS
 THE FOLLOWING WEATHER WAS RECORDED YESTERDAY.
  THUNDERSTORM
  LIGHT RAIN


..........................................................


THE VALLEY  NWS, NEBRASKA CLIMATE NORMALS FOR TODAY
                         NORMAL
 MAXIMUM TEMPERATURE (F)   85
 MINIMUM TEMPERATURE (F)   66


SUNRISE AND SUNSET
AUGUST  5 2015........SUNRISE   624 AM CDT   SUNSET   838 PM CDT
AUGUST  6 2015........SUNRISE   625 AM CDT   SUNSET   837 PM CDT


-  INDICATES NEGATIVE NUMBERS.
R  INDICATES RECORD WAS SET OR TIED.
MM INDICATES DATA IS MISSING.
T  INDICATES TRACE AMOUNT.




$$
