000
CDUS43 KGID 260652
CLIODX


CLIMATE REPORT
NATIONAL WEATHER SERVICE HASTINGS NE
1252 AM CST WED NOV 26 2014


...................................

...THE ORD NE CLIMATE SUMMARY FOR NOVEMBER 25 2014...

CLIMATE NORMAL PERIOD 1981 TO 2010
CLIMATE RECORD PERIOD 1895 TO 2014


WEATHER ITEM   OBSERVED TIME   NORMAL DEPARTURE LAST
                VALUE   (LST)  VALUE  FROM      YEAR
                                      NORMAL
......................................................
TEMPERATURE (F)
 YESTERDAY
  MAXIMUM         45    319 PM  44      1       45
  MINIMUM         12    239 AM  20     -8       20
  AVERAGE         29            32     -3       33

PRECIPITATION (IN)
  YESTERDAY        T             0.03  -0.03     0.00
  MONTH TO DATE    0.06          0.94  -0.88     0.50
  SINCE SEP 1      2.88          5.31  -2.43     4.92
  SINCE JAN 1     20.52         24.22  -3.70    24.35

DEGREE DAYS
 HEATING
  YESTERDAY       36            33      3       32
  MONTH TO DATE  852           685    167      717
  SINCE SEP 1   1403          1291    112     1284
  SINCE JUL 1   1422          1305    117     1291

 COOLING
  YESTERDAY        0             0      0        0
  MONTH TO DATE    0             0      0        0
  SINCE SEP 1     57            88    -31      147
  SINCE JAN 1    692           845   -153      907
......................................................


WIND (MPH)
  HIGHEST WIND SPEED    28   HIGHEST WIND DIRECTION     W (250)
  HIGHEST GUST SPEED    34   HIGHEST GUST DIRECTION    SW (240)
  AVERAGE WIND SPEED     8.7


SKY COVER
  AVERAGE SKY COVER 0.3


WEATHER CONDITIONS
 THE FOLLOWING WEATHER WAS RECORDED YESTERDAY.
  LIGHT RAIN


RELATIVE HUMIDITY (PERCENT)
 HIGHEST    92           600 AM
 LOWEST     37           200 PM
 AVERAGE    65

..........................................................


THE ORD NE CLIMATE NORMALS FOR TODAY
                         NORMAL
 MAXIMUM TEMPERATURE (F)   43
 MINIMUM TEMPERATURE (F)   19


SUNRISE AND SUNSET
NOVEMBER 26 2014......SUNRISE   738 AM CST   SUNSET   508 PM CST
NOVEMBER 27 2014......SUNRISE   739 AM CST   SUNSET   508 PM CST


-  INDICATES NEGATIVE NUMBERS.
R  INDICATES RECORD WAS SET OR TIED.
MM INDICATES DATA IS MISSING.
T  INDICATES TRACE AMOUNT.




$$
