000
CDUS43 KGID 210704
CLIODX


CLIMATE REPORT
NATIONAL WEATHER SERVICE HASTINGS NE
203 AM CDT TUE OCT 21 2014


...................................

...THE ORD NE CLIMATE SUMMARY FOR OCTOBER 20 2014...

CLIMATE NORMAL PERIOD 1981 TO 2010
CLIMATE RECORD PERIOD 1895 TO 2014


WEATHER ITEM   OBSERVED TIME   NORMAL DEPARTURE LAST
                VALUE   (LST)  VALUE  FROM      YEAR
                                      NORMAL
......................................................
TEMPERATURE (F)
 YESTERDAY
  MAXIMUM         74    346 PM  61     13       62
  MINIMUM         36    550 AM  35      1       31
  AVERAGE         55            48      7       47

PRECIPITATION (IN)
  YESTERDAY        0.00          0.06  -0.06      T
  MONTH TO DATE    1.00          1.36  -0.36     1.51
  SINCE SEP 1      2.68          3.80  -1.12     4.31
  SINCE JAN 1     20.32         22.71  -2.39    23.74

DEGREE DAYS
 HEATING
  YESTERDAY       10            17     -7       18
  MONTH TO DATE  245           270    -25      276
  SINCE SEP 1    382           393    -11      321
  SINCE JUL 1    401           407     -6      328

 COOLING
  YESTERDAY        0             0      0        0
  MONTH TO DATE    0             6     -6        1
  SINCE SEP 1     57            87    -30      147
  SINCE JAN 1    692           844   -152      907
......................................................


WIND (MPH)
  HIGHEST WIND SPEED     9   HIGHEST WIND DIRECTION     S (190)
  HIGHEST GUST SPEED    12   HIGHEST GUST DIRECTION     S (170)
  AVERAGE WIND SPEED     3.7


SKY COVER
  AVERAGE SKY COVER 0.0


WEATHER CONDITIONS
 THE FOLLOWING WEATHER WAS RECORDED YESTERDAY.
  NO SIGNIFICANT WEATHER WAS OBSERVED.


RELATIVE HUMIDITY (PERCENT)
 HIGHEST    92           700 AM
 LOWEST     29           300 PM
 AVERAGE    61

..........................................................


THE ORD NE CLIMATE NORMALS FOR TODAY
                         NORMAL
 MAXIMUM TEMPERATURE (F)   60
 MINIMUM TEMPERATURE (F)   35


SUNRISE AND SUNSET
OCTOBER 21 2014.......SUNRISE   755 AM CDT   SUNSET   645 PM CDT
OCTOBER 22 2014.......SUNRISE   756 AM CDT   SUNSET   644 PM CDT


-  INDICATES NEGATIVE NUMBERS.
R  INDICATES RECORD WAS SET OR TIED.
MM INDICATES DATA IS MISSING.
T  INDICATES TRACE AMOUNT.




$$
