000
CDUS43 KGID 280635
CLIODX


CLIMATE REPORT
NATIONAL WEATHER SERVICE HASTINGS NE
135 AM CDT FRI AUG 28 2015


...................................

...THE ORD NE CLIMATE SUMMARY FOR AUGUST 27 2015...

CLIMATE NORMAL PERIOD 1981 TO 2010
CLIMATE RECORD PERIOD 1895 TO 2015


WEATHER ITEM   OBSERVED TIME   NORMAL DEPARTURE LAST
                VALUE   (LST)  VALUE  FROM      YEAR
                                      NORMAL
......................................................
TEMPERATURE (F)
 YESTERDAY
  MAXIMUM         83    400 PM  84     -1       76
  MINIMUM         65    450 AM  58      7       66
  AVERAGE         74            71      3       71

PRECIPITATION (IN)
  YESTERDAY        T             0.08  -0.08     0.54
  MONTH TO DATE    2.13          2.82  -0.69     5.08
  SINCE JUN 1      8.08          9.91  -1.83    15.23
  SINCE JAN 1     14.54         18.57  -4.03    17.45

DEGREE DAYS
 HEATING
  YESTERDAY        0             0      0        0
  MONTH TO DATE   18             0     18        0
  SINCE JUN 1     29            42    -13       51
  SINCE JUL 1     23             5     18       19

 COOLING
  YESTERDAY        9             7      2        6
  MONTH TO DATE  169           234    -65      214
  SINCE JUN 1    629           693    -64      545
  SINCE JAN 1    638           734    -96      614
......................................................


WIND (MPH)
  HIGHEST WIND SPEED    20   HIGHEST WIND DIRECTION    NE (50)
  HIGHEST GUST SPEED    26   HIGHEST GUST DIRECTION    NE (40)
  AVERAGE WIND SPEED     8.6


SKY COVER
  AVERAGE SKY COVER 0.5


WEATHER CONDITIONS
 THE FOLLOWING WEATHER WAS RECORDED YESTERDAY.
  THUNDERSTORM
  LIGHT RAIN


RELATIVE HUMIDITY (PERCENT)
 HIGHEST    93           400 AM
 LOWEST     65           400 PM
 AVERAGE    79

..........................................................


THE ORD NE CLIMATE NORMALS FOR TODAY
                         NORMAL
 MAXIMUM TEMPERATURE (F)   84
 MINIMUM TEMPERATURE (F)   58


SUNRISE AND SUNSET
AUGUST 28 2015........SUNRISE   657 AM CDT   SUNSET   816 PM CDT
AUGUST 29 2015........SUNRISE   659 AM CDT   SUNSET   814 PM CDT


-  INDICATES NEGATIVE NUMBERS.
R  INDICATES RECORD WAS SET OR TIED.
MM INDICATES DATA IS MISSING.
T  INDICATES TRACE AMOUNT.




$$
