000
CDUS43 KGID 280625
CLIODX


CLIMATE REPORT
NATIONAL WEATHER SERVICE HASTINGS NE
124 AM CDT FRI APR 28 2017


...................................

...THE ORD NE CLIMATE SUMMARY FOR APRIL 27 2017...

CLIMATE NORMAL PERIOD 1981 TO 2010
CLIMATE RECORD PERIOD 1895 TO 2017


WEATHER ITEM   OBSERVED TIME   NORMAL DEPARTURE LAST
                VALUE   (LST)  VALUE  FROM      YEAR
                                      NORMAL
......................................................
TEMPERATURE (F)
 YESTERDAY
  MAXIMUM         53    244 PM  65    -12       49
  MINIMUM         26    540 AM  40    -14       39
  AVERAGE         40            52    -12       44

PRECIPITATION (IN)
  YESTERDAY        0.01          0.11  -0.10     2.07
  MONTH TO DATE    2.04          2.26  -0.22     7.37
  SINCE MAR 1      3.87          3.71   0.16     8.72
  SINCE JAN 1      5.81          4.52   1.29     9.87

DEGREE DAYS
 HEATING
  YESTERDAY       25            13     12       21
  MONTH TO DATE  374           453    -79      372
  SINCE MAR 1   1103          1299   -196     1053
  SINCE JUL 1   5614          6316   -702     5402

 COOLING
  YESTERDAY        0             0      0        0
  MONTH TO DATE    0             0      0        0
  SINCE MAR 1      0             0      0        0
  SINCE JAN 1      0             0      0        0
......................................................


WIND (MPH)
  HIGHEST WIND SPEED    13   HIGHEST WIND DIRECTION     S (170)
  HIGHEST GUST SPEED    17   HIGHEST GUST DIRECTION     S (170)
  AVERAGE WIND SPEED     5.2


SKY COVER
  AVERAGE SKY COVER 0.5


WEATHER CONDITIONS
 THE FOLLOWING WEATHER WAS RECORDED YESTERDAY.
  LIGHT RAIN


RELATIVE HUMIDITY (PERCENT)
 HIGHEST    92           600 AM
 LOWEST     46          1200 PM
 AVERAGE    69

..........................................................


THE ORD NE CLIMATE NORMALS FOR TODAY
                         NORMAL
 MAXIMUM TEMPERATURE (F)   66
 MINIMUM TEMPERATURE (F)   40


SUNRISE AND SUNSET
APRIL 28 2017.........SUNRISE   636 AM CDT   SUNSET   831 PM CDT
APRIL 29 2017.........SUNRISE   635 AM CDT   SUNSET   832 PM CDT


-  INDICATES NEGATIVE NUMBERS.
R  INDICATES RECORD WAS SET OR TIED.
MM INDICATES DATA IS MISSING.
T  INDICATES TRACE AMOUNT.




$$
