137
CDUS43 KGID 270627
CLIODX


CLIMATE REPORT
NATIONAL WEATHER SERVICE HASTINGS NE
126 AM CDT MON MAR 27 2017


...................................

...THE ORD NE CLIMATE SUMMARY FOR MARCH 26 2017...

CLIMATE NORMAL PERIOD 1981 TO 2010
CLIMATE RECORD PERIOD 1895 TO 2017


WEATHER ITEM   OBSERVED TIME   NORMAL DEPARTURE LAST
                VALUE   (LST)  VALUE  FROM      YEAR
                                      NORMAL
......................................................
TEMPERATURE (F)
 YESTERDAY
  MAXIMUM         55    347 PM  55      0       38
  MINIMUM         39    540 AM  29     10       23
  AVERAGE         47            42      5       31

PRECIPITATION (IN)
  YESTERDAY        0.00          0.07  -0.07     0.00
  MONTH TO DATE    1.68          0.96   0.72     1.03
  SINCE MAR 1      1.68          0.96   0.72     1.03
  SINCE JAN 1      3.62          1.77   1.85     2.18

DEGREE DAYS
 HEATING
  YESTERDAY       18            23     -5       34
  MONTH TO DATE  625           735   -110      574
  SINCE MAR 1    625           735   -110      574
  SINCE JUL 1   5136          5752   -616     4923

 COOLING
  YESTERDAY        0             0      0        0
  MONTH TO DATE    0             0      0        0
  SINCE MAR 1      0             0      0        0
  SINCE JAN 1      0             0      0        0
......................................................


WIND (MPH)
  HIGHEST WIND SPEED    10   HIGHEST WIND DIRECTION    NE (30)
  HIGHEST GUST SPEED    12   HIGHEST GUST DIRECTION    NE (40)
  AVERAGE WIND SPEED     2.3


SKY COVER
  AVERAGE SKY COVER 0.9


WEATHER CONDITIONS
 THE FOLLOWING WEATHER WAS RECORDED YESTERDAY.
  FOG


RELATIVE HUMIDITY (PERCENT)
 HIGHEST    92          1200 AM
 LOWEST     66           300 PM
 AVERAGE    79

..........................................................


THE ORD NE CLIMATE NORMALS FOR TODAY
                         NORMAL
 MAXIMUM TEMPERATURE (F)   55
 MINIMUM TEMPERATURE (F)   29


SUNRISE AND SUNSET
MARCH 27 2017.........SUNRISE   727 AM CDT   SUNSET   756 PM CDT
MARCH 28 2017.........SUNRISE   725 AM CDT   SUNSET   757 PM CDT


-  INDICATES NEGATIVE NUMBERS.
R  INDICATES RECORD WAS SET OR TIED.
MM INDICATES DATA IS MISSING.
T  INDICATES TRACE AMOUNT.




$$
