000
CDUS43 KGID 210854
CLIODX


CLIMATE REPORT
NATIONAL WEATHER SERVICE HASTINGS NE
253 AM CST SAT JAN 21 2017


...................................

...THE ORD NE CLIMATE SUMMARY FOR JANUARY 20 2017...

CLIMATE NORMAL PERIOD 1981 TO 2010
CLIMATE RECORD PERIOD 1895 TO 2017


WEATHER ITEM   OBSERVED TIME   NORMAL DEPARTURE LAST
                VALUE   (LST)  VALUE  FROM      YEAR
                                      NORMAL
......................................................
TEMPERATURE (F)
 YESTERDAY
  MAXIMUM         41    123 PM  37      4       32
  MINIMUM         30    759 AM  13     17       24
  AVERAGE         36            25     11       28

PRECIPITATION (IN)
  YESTERDAY        T             0.01  -0.01     0.01
  MONTH TO DATE    0.67          0.21   0.46     0.24
  SINCE DEC 1      1.08          0.80   0.28     0.93
  SINCE JAN 1      0.67          0.21   0.46     0.24

DEGREE DAYS
 HEATING
  YESTERDAY       29            40    -11       37
  MONTH TO DATE  893           813     80      837
  SINCE DEC 1   2173          2056    117     1948
  SINCE JUL 1   3289          3537   -248     3087

 COOLING
  YESTERDAY        0             0      0        0
  MONTH TO DATE    0             0      0        0
  SINCE DEC 1      0             0      0        0
  SINCE JAN 1      0             0      0        0
......................................................


WIND (MPH)
  HIGHEST WIND SPEED    13   HIGHEST WIND DIRECTION     S (200)
  HIGHEST GUST SPEED    15   HIGHEST GUST DIRECTION     S (200)
  AVERAGE WIND SPEED     5.3


SKY COVER
  AVERAGE SKY COVER 0.7


WEATHER CONDITIONS
 THE FOLLOWING WEATHER WAS RECORDED YESTERDAY.
  LIGHT RAIN
  FOG
  FOG W/VISIBILITY <= 1/4 MILE


RELATIVE HUMIDITY (PERCENT)
 HIGHEST   100           700 AM
 LOWEST     85          1200 AM
 AVERAGE    93

..........................................................


THE ORD NE CLIMATE NORMALS FOR TODAY
                         NORMAL
 MAXIMUM TEMPERATURE (F)   37
 MINIMUM TEMPERATURE (F)   13


SUNRISE AND SUNSET
JANUARY 21 2017.......SUNRISE   757 AM CST   SUNSET   538 PM CST
JANUARY 22 2017.......SUNRISE   756 AM CST   SUNSET   539 PM CST


-  INDICATES NEGATIVE NUMBERS.
R  INDICATES RECORD WAS SET OR TIED.
MM INDICATES DATA IS MISSING.
T  INDICATES TRACE AMOUNT.




$$
