000
CDUS43 KGID 230630
CLIODX


CLIMATE REPORT
NATIONAL WEATHER SERVICE HASTINGS NE
129 AM CDT TUE SEP 23 2014


...................................

...THE ORD NE CLIMATE SUMMARY FOR SEPTEMBER 22 2014...

CLIMATE NORMAL PERIOD 1981 TO 2010
CLIMATE RECORD PERIOD 1895 TO 2014


WEATHER ITEM   OBSERVED TIME   NORMAL DEPARTURE LAST
                VALUE   (LST)  VALUE  FROM      YEAR
                                      NORMAL
......................................................
TEMPERATURE (F)
 YESTERDAY
  MAXIMUM         74    224 PM  76     -2       84
  MINIMUM         38    524 AM  46     -8       49
  AVERAGE         56            61     -5       67

PRECIPITATION (IN)
  YESTERDAY        0.17          0.08   0.09     0.00
  MONTH TO DATE    1.37          1.91  -0.54     0.39
  SINCE SEP 1      1.37          1.91  -0.54     0.39
  SINCE JAN 1     19.01         20.82  -1.81    19.82

DEGREE DAYS
 HEATING
  YESTERDAY        9             6      3        0
  MONTH TO DATE  136            62     74       25
  SINCE SEP 1    136            62     74       25
  SINCE JUL 1    155            76     79       32

 COOLING
  YESTERDAY        0             1     -1        2
  MONTH TO DATE   35            74    -39      135
  SINCE SEP 1     35            74    -39      135
  SINCE JAN 1    670           831   -161      895
......................................................


WIND (MPH)
  HIGHEST WIND SPEED    18   HIGHEST WIND DIRECTION     S (180)
  HIGHEST GUST SPEED    26   HIGHEST GUST DIRECTION     S (170)
  AVERAGE WIND SPEED     6.9


SKY COVER
  AVERAGE SKY COVER 0.3


WEATHER CONDITIONS
 THE FOLLOWING WEATHER WAS RECORDED YESTERDAY.
  LIGHT RAIN
  FOG


RELATIVE HUMIDITY (PERCENT)
 HIGHEST   100           700 AM
 LOWEST     41           300 PM
 AVERAGE    71

..........................................................


THE ORD NE CLIMATE NORMALS FOR TODAY
                         NORMAL
 MAXIMUM TEMPERATURE (F)   75
 MINIMUM TEMPERATURE (F)   45


SUNRISE AND SUNSET
SEPTEMBER 23 2014.....SUNRISE   724 AM CDT   SUNSET   731 PM CDT
SEPTEMBER 24 2014.....SUNRISE   725 AM CDT   SUNSET   729 PM CDT


-  INDICATES NEGATIVE NUMBERS.
R  INDICATES RECORD WAS SET OR TIED.
MM INDICATES DATA IS MISSING.
T  INDICATES TRACE AMOUNT.




$$
