000
CDUS43 KGID 300630
CLIODX


CLIMATE REPORT
NATIONAL WEATHER SERVICE HASTINGS NE
129 AM CDT FRI SEP 30 2016


...................................

...THE ORD NE CLIMATE SUMMARY FOR SEPTEMBER 29 2016...

CLIMATE NORMAL PERIOD 1981 TO 2010
CLIMATE RECORD PERIOD 1895 TO 2016


WEATHER ITEM   OBSERVED TIME   NORMAL DEPARTURE LAST
                VALUE   (LST)  VALUE  FROM      YEAR
                                      NORMAL
......................................................
TEMPERATURE (F)
 YESTERDAY
  MAXIMUM         69    436 PM  72     -3       68
  MINIMUM         34    655 AM  43     -9       50
  AVERAGE         52            57     -5       59

PRECIPITATION (IN)
  YESTERDAY        0.00          0.06  -0.06     0.11
  MONTH TO DATE    1.70          2.39  -0.69     3.90
  SINCE SEP 1      1.70          2.39  -0.69     3.90
  SINCE JAN 1     28.86         21.30   7.56    18.44

DEGREE DAYS
 HEATING
  YESTERDAY       13             9      4        6
  MONTH TO DATE   80           114    -34       31
  SINCE SEP 1     80           114    -34       31
  SINCE JUL 1     94           128    -34       54

 COOLING
  YESTERDAY        0             1     -1        0
  MONTH TO DATE   77            81     -4      150
  SINCE SEP 1     77            81     -4      150
  SINCE JAN 1    883           838     45      813
......................................................


WIND (MPH)
  HIGHEST WIND SPEED    12   HIGHEST WIND DIRECTION    SE (140)
  HIGHEST GUST SPEED    16   HIGHEST GUST DIRECTION     E (90)
  AVERAGE WIND SPEED     2.7


SKY COVER
  AVERAGE SKY COVER 0.0


WEATHER CONDITIONS
 THE FOLLOWING WEATHER WAS RECORDED YESTERDAY.
  HAZE


RELATIVE HUMIDITY (PERCENT)
 HIGHEST    96           600 AM
 LOWEST     37           200 PM
 AVERAGE    67

..........................................................


THE ORD NE CLIMATE NORMALS FOR TODAY
                         NORMAL
 MAXIMUM TEMPERATURE (F)   71
 MINIMUM TEMPERATURE (F)   42


SUNRISE AND SUNSET
SEPTEMBER 30 2016.....SUNRISE   732 AM CDT   SUNSET   718 PM CDT
OCTOBER  1 2016.......SUNRISE   733 AM CDT   SUNSET   717 PM CDT


-  INDICATES NEGATIVE NUMBERS.
R  INDICATES RECORD WAS SET OR TIED.
MM INDICATES DATA IS MISSING.
T  INDICATES TRACE AMOUNT.




$$
