000
CDUS43 KOAX 240646
CLIOFK


CLIMATE REPORT
NATIONAL WEATHER SERVICE OMAHA NEBRASKA
142 AM CDT MON JUL 24 2017


...................................

...THE NORFOLK, NEBRASKA CLIMATE SUMMARY FOR JULY 23 2017...

CLIMATE NORMAL PERIOD 1981 TO 2010
CLIMATE RECORD PERIOD 1888 TO 2017


WEATHER ITEM   OBSERVED TIME   RECORD YEAR NORMAL DEPARTURE LAST
                VALUE   (LST)  VALUE       VALUE  FROM      YEAR
                                                  NORMAL
..................................................................
TEMPERATURE (F)
 YESTERDAY
  MAXIMUM         89    237 PM 104    2012  87      2       92
                                      1936
                                      1901
  MINIMUM         57    525 AM  48    1909  64     -7       73
                                      1906
                                      1904
  AVERAGE         73                        75     -2       83

PRECIPITATION (IN)
  YESTERDAY        0.00          1.33 1896   0.10  -0.10     0.01
  MONTH TO DATE    0.87                      2.50  -1.63     2.69
  SINCE JUN 1      3.34                      6.76  -3.42     5.90
  SINCE JAN 1     14.95                     16.46  -1.51    22.35

SNOWFALL (IN)
  YESTERDAY        0.0                       0.0    0.0      0.0
  MONTH TO DATE    0.0                       0.0    0.0      0.0
  SINCE JUL 1      0.0                       0.0    0.0      0.0
  SNOW DEPTH       0

DEGREE DAYS
 HEATING
  YESTERDAY        0                         0      0        0
  MONTH TO DATE    0                         0      0        7
  SINCE JUN 1     12                        30    -18       10
  SINCE JUL 1      0                         0      0        7

 COOLING
  YESTERDAY        8                        10     -2       18
  MONTH TO DATE  296                       228     68      231
  SINCE JUN 1    533                       414    119      507
  SINCE JAN 1    561                       475     86      545
..................................................................


WIND (MPH)
  HIGHEST WIND SPEED    16   HIGHEST WIND DIRECTION     N (360)
  HIGHEST GUST SPEED    29   HIGHEST GUST DIRECTION     N (010)
  AVERAGE WIND SPEED     6.1


SKY COVER
  POSSIBLE SUNSHINE  MM
  AVERAGE SKY COVER 0.1


WEATHER CONDITIONS
 THE FOLLOWING WEATHER WAS RECORDED YESTERDAY.
  FOG
  FOG W/VISIBILITY <= 1/4 MILE


RELATIVE HUMIDITY (PERCENT)
 HIGHEST   100           200 AM
 LOWEST     29           300 PM
 AVERAGE    65

..........................................................


THE NORFOLK, NEBRASKA CLIMATE NORMALS FOR TODAY
                         NORMAL    RECORD    YEAR
 MAXIMUM TEMPERATURE (F)   86       113      1936
 MINIMUM TEMPERATURE (F)   64        45      1905


SUNRISE AND SUNSET
JULY 24 2017..........SUNRISE   616 AM CDT   SUNSET   856 PM CDT
JULY 25 2017..........SUNRISE   617 AM CDT   SUNSET   855 PM CDT


-  INDICATES NEGATIVE NUMBERS.
R  INDICATES RECORD WAS SET OR TIED.
MM INDICATES DATA IS MISSING.
T  INDICATES TRACE AMOUNT.




$$
