000
CDUS43 KOAX 250641
CLIOFK


CLIMATE REPORT
NATIONAL WEATHER SERVICE OMAHA NEBRASKA
139 AM CDT SAT OCT 25 2014


...................................

...THE NORFOLK, NEBRASKA CLIMATE SUMMARY FOR OCTOBER 24 2014...

CLIMATE NORMAL PERIOD 1981 TO 2010
CLIMATE RECORD PERIOD 1888 TO 2014


WEATHER ITEM   OBSERVED TIME   RECORD YEAR NORMAL DEPARTURE LAST
                VALUE   (LST)  VALUE       VALUE  FROM      YEAR
                                                  NORMAL
..................................................................
TEMPERATURE (F)
 YESTERDAY
  MAXIMUM         74    404 PM  86    1927  60     14       50
  MINIMUM         44   1159 PM  14    1926  36      8       27
  AVERAGE         59                        48     11       39

PRECIPITATION (IN)
  YESTERDAY        0.00          0.45 1916   0.06  -0.06     0.00
  MONTH TO DATE    0.97                      1.72  -0.75     4.34
  SINCE SEP 1      2.97                      4.41  -1.44     5.19
  SINCE JAN 1     28.19                     24.94   3.25    23.60

SNOWFALL (IN)
  YESTERDAY        0.0                       0.0    0.0      0.0
  MONTH TO DATE    0.0                       0.4   -0.4      0.0
  SINCE JUL 1      0.0                       0.4   -0.4      0.0
  SNOW DEPTH       0

DEGREE DAYS
 HEATING
  YESTERDAY        6                        17    -11       26
  MONTH TO DATE  258                       310    -52      323
  SINCE SEP 1    375                       436    -61      352
  SINCE JUL 1    387                       452    -65      368

 COOLING
  YESTERDAY        0                         0      0        0
  MONTH TO DATE    4                         8     -4        9
  SINCE SEP 1     85                        98    -13      181
  SINCE JAN 1    812                       914   -102     1005
..................................................................


WIND (MPH)
  HIGHEST WIND SPEED    16   HIGHEST WIND DIRECTION     S (180)
  HIGHEST GUST SPEED    20   HIGHEST GUST DIRECTION     S (190)
  AVERAGE WIND SPEED     3.3


SKY COVER
  POSSIBLE SUNSHINE  MM
  AVERAGE SKY COVER 0.0


WEATHER CONDITIONS
 THE FOLLOWING WEATHER WAS RECORDED YESTERDAY.
  FOG


RELATIVE HUMIDITY (PERCENT)
 HIGHEST   100           800 AM
 LOWEST     38           200 PM
 AVERAGE    69

..........................................................


THE NORFOLK, NEBRASKA CLIMATE NORMALS FOR TODAY
                         NORMAL    RECORD    YEAR
 MAXIMUM TEMPERATURE (F)   59        90      1927
 MINIMUM TEMPERATURE (F)   35        17      1942


SUNRISE AND SUNSET
OCTOBER 25 2014.......SUNRISE   754 AM CDT   SUNSET   633 PM CDT
OCTOBER 26 2014.......SUNRISE   755 AM CDT   SUNSET   632 PM CDT


-  INDICATES NEGATIVE NUMBERS.
R  INDICATES RECORD WAS SET OR TIED.
MM INDICATES DATA IS MISSING.
T  INDICATES TRACE AMOUNT.




$$
