000
CDUS43 KOAX 312148
CLIOFK


CLIMATE REPORT
NATIONAL WEATHER SERVICE OMAHA NEBRASKA
449 PM CDT TUE MAY 31 2016


...................................

...THE NORFOLK, NEBRASKA CLIMATE SUMMARY FOR MAY 31 2016...
VALID TODAY AS OF 400 PM LOCAL TIME.

CLIMATE NORMAL PERIOD 1981 TO 2010
CLIMATE RECORD PERIOD 1888 TO 2016


WEATHER ITEM   OBSERVED TIME   RECORD YEAR NORMAL DEPARTURE LAST
                VALUE   (LST)  VALUE       VALUE  FROM      YEAR
                                                  NORMAL
..................................................................
TEMPERATURE (F)
 TODAY
  MAXIMUM         73    247 PM 101    1934  77     -4       70
  MINIMUM         58    738 AM  36    1964  54      4       39
  AVERAGE         66                        65      1       55

PRECIPITATION (IN)
  TODAY            0.14          2.07 1945   0.15  -0.01     0.00
  MONTH TO DATE    6.68                      3.93   2.75     3.32
  SINCE MAR 1     14.30                      8.35   5.95     6.08
  SINCE JAN 1     16.45                      9.70   6.75     6.96

SNOWFALL (IN)
  TODAY            0.0                       0.0    0.0      0.0
  MONTH TO DATE    0.0                       0.0    0.0      0.0
  SINCE JUL 1     53.0                      30.5   22.5     20.7
  SNOW DEPTH       0

DEGREE DAYS
 HEATING
  TODAY            0                         3     -3       10
  MONTH TO DATE  193                       189      4      189
  SINCE MAR 1   1275                      1520   -245     1243
  SINCE JUL 1   5576                      6613  -1037     6289

 COOLING
  TODAY            1                         3     -2        0
  MONTH TO DATE   38                        49    -11       28
  SINCE MAR 1     38                        61    -23       33
  SINCE JAN 1     38                        61    -23       33
..................................................................


WIND (MPH)
  HIGHEST WIND SPEED    17   HIGHEST WIND DIRECTION     N (360)
  HIGHEST GUST SPEED    22   HIGHEST GUST DIRECTION     N (360)
  AVERAGE WIND SPEED     9.2


SKY COVER
  POSSIBLE SUNSHINE  MM
  AVERAGE SKY COVER 0.3


WEATHER CONDITIONS
 THE FOLLOWING WEATHER WAS RECORDED TODAY.
  THUNDERSTORM
  HEAVY RAIN
  RAIN
  LIGHT RAIN
  FOG


RELATIVE HUMIDITY (PERCENT)
 HIGHEST    90           200 AM
 LOWEST     41           200 PM
 AVERAGE    66

..........................................................


THE NORFOLK, NEBRASKA CLIMATE NORMALS FOR TOMORROW
                         NORMAL    RECORD    YEAR
 MAXIMUM TEMPERATURE (F)   77        98      1955
 MINIMUM TEMPERATURE (F)   54        38      1910


SUNRISE AND SUNSET
MAY 31 2016...........SUNRISE   557 AM CDT   SUNSET   858 PM CDT
JUNE  1 2016..........SUNRISE   557 AM CDT   SUNSET   859 PM CDT


-  INDICATES NEGATIVE NUMBERS.
R  INDICATES RECORD WAS SET OR TIED.
MM INDICATES DATA IS MISSING.
T  INDICATES TRACE AMOUNT.




$$

KLISH
