000
CDUS42 KCAE 270644
CLIOGB


CLIMATE REPORT
NATIONAL WEATHER SERVICE COLUMBIA SC
144 AM EST MON FEB 27 2017


...................................

...THE ORANGEBURG AIRPORT SC CLIMATE SUMMARY FOR FEBRUARY 26 2017...

CLIMATE NORMAL PERIOD 1981 TO 2010
CLIMATE RECORD PERIOD 9999 TO 9999


WEATHER ITEM   OBSERVED TIME   NORMAL DEPARTURE LAST
                VALUE   (LST)  VALUE  FROM      YEAR
                                      NORMAL
......................................................
TEMPERATURE (F)
 YESTERDAY
  MAXIMUM         65    402 PM  64      1       57
  MINIMUM         40   1145 PM  40      0       37
  AVERAGE         53            52      1       47

PRECIPITATION (IN)
  YESTERDAY        0.00          0.16  -0.16     0.00
  MONTH TO DATE    1.41          3.29  -1.88     5.08
  SINCE DEC 1     11.05         10.59   0.46    11.96
  SINCE JAN 1      6.65          7.27  -0.62     7.17

DEGREE DAYS
 HEATING
  YESTERDAY       12            13     -1       18
  MONTH TO DATE  211           409   -198      384
  SINCE DEC 1    993          1537   -544     1139
  SINCE JUL 1   1298          1906   -608     1360

 COOLING
  YESTERDAY        0             0      0        0
  MONTH TO DATE   14             0     14        6
  SINCE DEC 1     25             5     20       75
  SINCE JAN 1     21             1     20        6
......................................................


WIND (MPH)
  HIGHEST WIND SPEED    15   HIGHEST WIND DIRECTION    NW (300)
  HIGHEST GUST SPEED    21   HIGHEST GUST DIRECTION     W (290)
  AVERAGE WIND SPEED     4.6


SKY COVER
  AVERAGE SKY COVER 0.0


WEATHER CONDITIONS
 THE FOLLOWING WEATHER WAS RECORDED YESTERDAY.
  NO SIGNIFICANT WEATHER WAS OBSERVED.


RELATIVE HUMIDITY (PERCENT)
 HIGHEST    67          1100 PM
 LOWEST     13           400 PM

..........................................................


THE ORANGEBURG AIRPORT SC CLIMATE NORMALS FOR TODAY
                         NORMAL    RECORD    YEAR
 MAXIMUM TEMPERATURE (F)   64        MM        MM
 MINIMUM TEMPERATURE (F)   40        MM        MM


SUNRISE AND SUNSET
FEBRUARY 27 2017......SUNRISE   654 AM EST   SUNSET   619 PM EST
FEBRUARY 28 2017......SUNRISE   653 AM EST   SUNSET   620 PM EST


-  INDICATES NEGATIVE NUMBERS.
R  INDICATES RECORD WAS SET OR TIED.
MM INDICATES DATA IS MISSING.
T  INDICATES TRACE AMOUNT.




$$
