000
CDUS42 KCAE 302130
CLIOGB


CLIMATE REPORT
NATIONAL WEATHER SERVICE COLUMBIA SC
530 PM EDT WED JUL 30 2014


...................................

...THE ORANGEBURG AIRPORT SC CLIMATE SUMMARY FOR JULY 30 2014...
VALID TODAY AS OF 0500 PM LOCAL TIME.

CLIMATE NORMAL PERIOD 1981 TO 2010
CLIMATE RECORD PERIOD 9999 TO 9999


WEATHER ITEM   OBSERVED TIME   RECORD YEAR NORMAL DEPARTURE LAST
                VALUE   (LST)  VALUE       VALUE  FROM      YEAR
                                                  NORMAL
..................................................................
TEMPERATURE (F)
 TODAY
  MAXIMUM         87    125 PM  MM      MM  92     -5       90
  MINIMUM         71    547 AM  MM      MM  72     -1       71
  AVERAGE         79                        82     -3       81

PRECIPITATION (IN)
  TODAY            0.05         MM      MM   0.14  -0.09      T
  MONTH TO DATE    5.38                      5.15   0.23    13.22
  SINCE JUN 1     12.29                     10.27   2.02    20.11
  SINCE JAN 1     31.12                     27.89   3.23    37.49

DEGREE DAYS
 HEATING
  TODAY            0                         0      0        0
  MONTH TO DATE    0                         0      0        0
  SINCE JUN 1      0                         1     -1        0
  SINCE JUL 1      0                         0      0        0

 COOLING
  TODAY           14                        17     -3       16
  MONTH TO DATE  495                       503     -8      463
  SINCE JUN 1    937                       901     36      887
  SINCE JAN 1   1292                      1204     88     1149
..................................................................


WIND (MPH)
  HIGHEST WIND SPEED    22   HIGHEST WIND DIRECTION    SW (230)
  HIGHEST GUST SPEED    27   HIGHEST GUST DIRECTION    SW (220)
  AVERAGE WIND SPEED     5.8


SKY COVER
  AVERAGE SKY COVER 0.7


WEATHER CONDITIONS
 THE FOLLOWING WEATHER WAS RECORDED TODAY.
  RAIN
  LIGHT RAIN
  FOG


RELATIVE HUMIDITY (PERCENT)
 HIGHEST    73           100 AM
 LOWEST     50          1200 PM

..........................................................


THE ORANGEBURG AIRPORT SC CLIMATE NORMALS FOR TOMORROW
                         NORMAL    RECORD    YEAR
 MAXIMUM TEMPERATURE (F)   92        MM        MM
 MINIMUM TEMPERATURE (F)   72        MM        MM


SUNRISE AND SUNSET
JULY 30 2014..........SUNRISE   635 AM EDT   SUNSET   825 PM EDT
JULY 31 2014..........SUNRISE   635 AM EDT   SUNSET   824 PM EDT


-  INDICATES NEGATIVE NUMBERS.
R  INDICATES RECORD WAS SET OR TIED.
MM INDICATES DATA IS MISSING.
T  INDICATES TRACE AMOUNT.




$$
