337
CDUS42 KCAE 040525
CLIOGB


CLIMATE REPORT
NATIONAL WEATHER SERVICE COLUMBIA SC
125 AM EDT WED MAY 4 2016


...................................

...THE ORANGEBURG AIRPORT SC CLIMATE SUMMARY FOR MAY 3 2016...

CLIMATE NORMAL PERIOD 1981 TO 2010
CLIMATE RECORD PERIOD 9999 TO 9999


WEATHER ITEM   OBSERVED TIME   NORMAL DEPARTURE LAST
                VALUE   (LST)  VALUE  FROM      YEAR
                                      NORMAL
......................................................
TEMPERATURE (F)
 YESTERDAY
  MAXIMUM         85    243 PM  81      4       81
  MINIMUM         68   1159 PM  55     13       50
  AVERAGE         77            68      9       66

PRECIPITATION (IN)
  YESTERDAY        T             0.07  -0.07     0.00
  MONTH TO DATE    0.30          0.22   0.08     0.00
  SINCE MAR 1      3.91          7.05  -3.14     6.09
  SINCE JAN 1     11.08         14.62  -3.54    12.94

DEGREE DAYS
 HEATING
  YESTERDAY        0             1     -1        0
  MONTH TO DATE    0             3     -3        7
  SINCE MAR 1    220           388   -168      252
  SINCE JUL 1   1621          2320   -699     2326

 COOLING
  YESTERDAY       12             4      8        1
  MONTH TO DATE   36            12     24        1
  SINCE MAR 1    197            94    103      123
  SINCE JAN 1    203            97    106      123
......................................................


WIND (MPH)
  HIGHEST WIND SPEED    17   HIGHEST WIND DIRECTION     W (260)
  HIGHEST GUST SPEED    24   HIGHEST GUST DIRECTION    SW (240)
  AVERAGE WIND SPEED     7.6


SKY COVER
  AVERAGE SKY COVER 0.6


WEATHER CONDITIONS
 THE FOLLOWING WEATHER WAS RECORDED YESTERDAY.
  THUNDERSTORM
  HEAVY RAIN
  LIGHT RAIN
  FOG


RELATIVE HUMIDITY (PERCENT)
 HIGHEST    97          1200 AM
 LOWEST     51           200 PM

..........................................................


THE ORANGEBURG AIRPORT SC CLIMATE NORMALS FOR TODAY
                         NORMAL    RECORD    YEAR
 MAXIMUM TEMPERATURE (F)   81        MM        MM
 MINIMUM TEMPERATURE (F)   55        MM        MM


SUNRISE AND SUNSET
MAY  4 2016...........SUNRISE   632 AM EDT   SUNSET   809 PM EDT
MAY  5 2016...........SUNRISE   631 AM EDT   SUNSET   810 PM EDT


-  INDICATES NEGATIVE NUMBERS.
R  INDICATES RECORD WAS SET OR TIED.
MM INDICATES DATA IS MISSING.
T  INDICATES TRACE AMOUNT.




$$
