000
CDHW42 PHFO 301245
CLIOGG


CLIMATE REPORT
NATIONAL WEATHER SERVICE HONOLULU HI
245 AM HST TUE AUG 30 2016


...................................

...THE KAHULUI HI CLIMATE SUMMARY FOR AUGUST 29 2016...

CLIMATE NORMAL PERIOD 1981 TO 2010
CLIMATE RECORD PERIOD 1946 TO 2016


WEATHER ITEM   OBSERVED TIME   RECORD YEAR NORMAL DEPARTURE LAST
                VALUE   (LST)  VALUE       VALUE  FROM      YEAR
                                                  NORMAL
..................................................................
TEMPERATURE (F)
 YESTERDAY
  MAXIMUM         88   1222 PM  92    1984  88      0       MM
                                      1970
                                      1953
  MINIMUM         75   1107 PM  62    1952  71      4       MM
  AVERAGE         82                        80      2       MM

PRECIPITATION (IN)
  YESTERDAY        0.00          0.43 1972   0.01  -0.01    MM
  MONTH TO DATE    0.44                      0.47  -0.03     0.64
  SINCE JUN 1      1.96                      1.17   0.79     1.60
  SINCE JAN 1      9.69                     10.67  -0.98    20.56

SNOWFALL (IN)
  YESTERDAY        0.0
  MONTH TO DATE    0.0
  SINCE JUN 1      0.0
  SINCE JUL 1      0.0
  SNOW DEPTH       0

DEGREE DAYS
 HEATING
  YESTERDAY        0                         0      0       MM
  MONTH TO DATE    0                         0      0        0
  SINCE JUN 1      0                         0      0        0
  SINCE JUL 1      0                         0      0        0

 COOLING
  YESTERDAY       17                        15      2       MM
  MONTH TO DATE  466                       435     31      403
  SINCE JUN 1   1379                      1262    117     1313
  SINCE JAN 1   2868                      2521    347     2635
..................................................................


WIND (MPH)
  HIGHEST WIND SPEED    28   HIGHEST WIND DIRECTION    NE (60)
  HIGHEST GUST SPEED    34   HIGHEST GUST DIRECTION    NE (60)
  AVERAGE WIND SPEED    14.6


SKY COVER
  POSSIBLE SUNSHINE  MM
  AVERAGE SKY COVER 0.5


WEATHER CONDITIONS
 THE FOLLOWING WEATHER WAS RECORDED YESTERDAY.
  HAZE


RELATIVE HUMIDITY (PERCENT)
 HIGHEST    82           200 AM
 LOWEST     48           300 PM
 AVERAGE    65

..........................................................


THE KAHULUI HI CLIMATE NORMALS FOR TODAY
                         NORMAL    RECORD    YEAR
 MAXIMUM TEMPERATURE (F)   88        94      1968
 MINIMUM TEMPERATURE (F)   71        59      1953


SUNRISE AND SUNSET
AUGUST 30 2016........SUNRISE   609 AM HST   SUNSET   643 PM HST
AUGUST 31 2016........SUNRISE   609 AM HST   SUNSET   642 PM HST


-  INDICATES NEGATIVE NUMBERS.
R  INDICATES RECORD WAS SET OR TIED.
MM INDICATES DATA IS MISSING.
T  INDICATES TRACE AMOUNT.




$$
