000
CDHW42 PHFO 201245
CLIOGG


CLIMATE REPORT
NATIONAL WEATHER SERVICE HONOLULU HI
245 AM HST WED AUG 20 2014


...................................

...THE KAHULUI HI CLIMATE SUMMARY FOR AUGUST 19 2014...

CLIMATE NORMAL PERIOD 1981 TO 2010
CLIMATE RECORD PERIOD 1946 TO 2014


WEATHER ITEM   OBSERVED TIME   RECORD YEAR NORMAL DEPARTURE LAST
                VALUE   (LST)  VALUE       VALUE  FROM      YEAR
                                                  NORMAL
..................................................................
TEMPERATURE (F)
 YESTERDAY
  MAXIMUM         90    240 PM  98    1951  88      2       89
  MINIMUM         73    635 AM  63    1952  71      2       68
  AVERAGE         82                        80      2       79

PRECIPITATION (IN)
  YESTERDAY        T             0.36 2005   0.01  -0.01     0.00
  MONTH TO DATE    0.30                      0.33  -0.03     0.53
  SINCE JUN 1      1.52                      1.03   0.49     1.66
  SINCE JAN 1     15.48                     10.53   4.95     8.65

SNOWFALL (IN)
  YESTERDAY        0.0
  MONTH TO DATE    0.0
  SINCE JUN 1      0.0
  SINCE JUL 1      0.0
  SNOW DEPTH       0

DEGREE DAYS
 HEATING
  YESTERDAY        0                         0      0        0
  MONTH TO DATE    0                         0      0        0
  SINCE JUN 1      0                         0      0        0
  SINCE JUL 1      0                         0      0        0

 COOLING
  YESTERDAY       17                        15      2       14
  MONTH TO DATE  309                       285     24      298
  SINCE JUN 1   1207                      1112     95     1216
  SINCE JAN 1   2703                      2371    332     2600
..................................................................


WIND (MPH)
  HIGHEST WIND SPEED    26   HIGHEST WIND DIRECTION    NE (40)
  HIGHEST GUST SPEED    33   HIGHEST GUST DIRECTION    NE (40)
  AVERAGE WIND SPEED    13.4


SKY COVER
  POSSIBLE SUNSHINE  MM
  AVERAGE SKY COVER 0.3


WEATHER CONDITIONS
 THE FOLLOWING WEATHER WAS RECORDED YESTERDAY.
  FOG


RELATIVE HUMIDITY (PERCENT)
 HIGHEST    84           600 AM
 LOWEST     41           200 PM
 AVERAGE    63

..........................................................


THE KAHULUI HI CLIMATE NORMALS FOR TODAY
                         NORMAL    RECORD    YEAR
 MAXIMUM TEMPERATURE (F)   88        92      2013
                                             1997
                                             1979
 MINIMUM TEMPERATURE (F)   71        62      1964


SUNRISE AND SUNSET
AUGUST 20 2014........SUNRISE   606 AM HST   SUNSET   651 PM HST
AUGUST 21 2014........SUNRISE   607 AM HST   SUNSET   651 PM HST


-  INDICATES NEGATIVE NUMBERS.
R  INDICATES RECORD WAS SET OR TIED.
MM INDICATES DATA IS MISSING.
T  INDICATES TRACE AMOUNT.




$$
