000
CDHW42 PHFO 051245
CLIOGG


CLIMATE REPORT
NATIONAL WEATHER SERVICE HONOLULU HI
245 AM HST THU MAY 5 2016


...................................

...THE KAHULUI HI CLIMATE SUMMARY FOR MAY 4 2016...

CLIMATE NORMAL PERIOD 1981 TO 2010
CLIMATE RECORD PERIOD 1946 TO 2016


WEATHER ITEM   OBSERVED TIME   RECORD YEAR NORMAL DEPARTURE LAST
                VALUE   (LST)  VALUE       VALUE  FROM      YEAR
                                                  NORMAL
..................................................................
TEMPERATURE (F)
 YESTERDAY
  MAXIMUM         84    119 PM  89    2013  84      0       84
                                      1995
                                      1984
  MINIMUM         67    638 AM  59    1972  66      1       66
  AVERAGE         76                        75      1       75

PRECIPITATION (IN)
  YESTERDAY        T             1.04 1978   0.03  -0.03     0.00
  MONTH TO DATE    0.01                      0.14  -0.13     0.05
  SINCE MAR 1      3.16                      4.14  -0.98    12.47
  SINCE JAN 1      4.71                      8.90  -4.19    16.78

SNOWFALL (IN)
  YESTERDAY        0.0
  MONTH TO DATE    0.0
  SINCE MAR 1      0.0
  SINCE JUL 1      0.0
  SNOW DEPTH       0

DEGREE DAYS
 HEATING
  YESTERDAY        0                         0      0        0
  MONTH TO DATE    0                         0      0        0
  SINCE MAR 1      0                         0      0        0
  SINCE JUL 1      0                         0      0        0

 COOLING
  YESTERDAY       11                        10      1       10
  MONTH TO DATE   52                        40     12       44
  SINCE MAR 1    689                       557    132      621
  SINCE JAN 1   1157                       966    191     1025
..................................................................


WIND (MPH)
  HIGHEST WIND SPEED    24   HIGHEST WIND DIRECTION     E (90)
  HIGHEST GUST SPEED    38   HIGHEST GUST DIRECTION     E (90)
  AVERAGE WIND SPEED    12.5


SKY COVER
  POSSIBLE SUNSHINE  MM
  AVERAGE SKY COVER 0.4


WEATHER CONDITIONS
 THE FOLLOWING WEATHER WAS RECORDED YESTERDAY.
  NO SIGNIFICANT WEATHER WAS OBSERVED.


RELATIVE HUMIDITY (PERCENT)
 HIGHEST    84           500 AM
 LOWEST     54           400 PM
 AVERAGE    69

..........................................................


THE KAHULUI HI CLIMATE NORMALS FOR TODAY
                         NORMAL    RECORD    YEAR
 MAXIMUM TEMPERATURE (F)   84        90      2007
                                             1984
 MINIMUM TEMPERATURE (F)   66        58      1985


SUNRISE AND SUNSET
MAY  5 2016...........SUNRISE   553 AM HST   SUNSET   652 PM HST
MAY  6 2016...........SUNRISE   552 AM HST   SUNSET   653 PM HST


-  INDICATES NEGATIVE NUMBERS.
R  INDICATES RECORD WAS SET OR TIED.
MM INDICATES DATA IS MISSING.
T  INDICATES TRACE AMOUNT.




$$
