000
CDHW42 PHFO 211245
CLIOGG


CLIMATE REPORT
NATIONAL WEATHER SERVICE HONOLULU HI
245 AM HST FRI NOV 21 2014


...................................

...THE KAHULUI HI CLIMATE SUMMARY FOR NOVEMBER 20 2014...

CLIMATE NORMAL PERIOD 1981 TO 2010
CLIMATE RECORD PERIOD 1946 TO 2014


WEATHER ITEM   OBSERVED TIME   RECORD YEAR NORMAL DEPARTURE LAST
                VALUE   (LST)  VALUE       VALUE  FROM      YEAR
                                                  NORMAL
..................................................................
TEMPERATURE (F)
 YESTERDAY
  MAXIMUM         87   1206 PM  90    1957  84      3       85
  MINIMUM         67    326 AM  57    1949  68     -1       64
  AVERAGE         77                        76      1       75

PRECIPITATION (IN)
  YESTERDAY        T             1.51 1970   0.07  -0.07     0.00
  MONTH TO DATE    0.82                      1.30  -0.48     4.62
  SINCE SEP 1      2.42                      2.88  -0.46     4.91
  SINCE JAN 1     18.07                     13.58   4.49    13.57

SNOWFALL (IN)
  YESTERDAY        0.0
  MONTH TO DATE    0.0
  SINCE SEP 1      0.0
  SINCE JUL 1      0.0
  SNOW DEPTH       0

DEGREE DAYS
 HEATING
  YESTERDAY        0                         0      0        0
  MONTH TO DATE    0                         0      0        0
  SINCE SEP 1      0                         0      0        0
  SINCE JUL 1      0                         0      0        0

 COOLING
  YESTERDAY       12                        11      1       10
  MONTH TO DATE  250                       230     20      231
  SINCE SEP 1   1198                      1064    134     1097
  SINCE JAN 1   4086                      3606    480     3884
..................................................................


WIND (MPH)
  HIGHEST WIND SPEED    26   HIGHEST WIND DIRECTION     E (70)
  HIGHEST GUST SPEED    35   HIGHEST GUST DIRECTION     E (90)
  AVERAGE WIND SPEED    12.9


SKY COVER
  POSSIBLE SUNSHINE  MM
  AVERAGE SKY COVER 0.3


WEATHER CONDITIONS
 THE FOLLOWING WEATHER WAS RECORDED YESTERDAY.
  NO SIGNIFICANT WEATHER WAS OBSERVED.


RELATIVE HUMIDITY (PERCENT)
 HIGHEST    84           700 AM
 LOWEST     55          1100 AM
 AVERAGE    70

..........................................................


THE KAHULUI HI CLIMATE NORMALS FOR TODAY
                         NORMAL    RECORD    YEAR
 MAXIMUM TEMPERATURE (F)   84        92      2011
 MINIMUM TEMPERATURE (F)   68        56      1953


SUNRISE AND SUNSET
NOVEMBER 21 2014......SUNRISE   640 AM HST   SUNSET   543 PM HST
NOVEMBER 22 2014......SUNRISE   640 AM HST   SUNSET   543 PM HST


-  INDICATES NEGATIVE NUMBERS.
R  INDICATES RECORD WAS SET OR TIED.
MM INDICATES DATA IS MISSING.
T  INDICATES TRACE AMOUNT.




$$
