000
CDHW42 PHFO 290231
CLIOGG


CLIMATE REPORT
NATIONAL WEATHER SERVICE HONOLULU HI
431 PM HST THU JUL 28 2016


...................................

...THE KAHULUI HI CLIMATE SUMMARY FOR JULY 28 2016...
VALID TODAY AS OF 0400 PM LOCAL TIME.

CLIMATE NORMAL PERIOD 1981 TO 2010
CLIMATE RECORD PERIOD 1946 TO 2016


WEATHER ITEM   OBSERVED TIME   RECORD YEAR NORMAL DEPARTURE LAST
                VALUE   (LST)  VALUE       VALUE  FROM      YEAR
                                                  NORMAL
..................................................................
TEMPERATURE (F)
 TODAY
  MAXIMUM         90    125 PM  95    2015  88      2       95
                                      1949
  MINIMUM         77    513 AM  61    1952  72      5       71
  AVERAGE         84                        80      4       83

PRECIPITATION (IN)
  TODAY            T             0.12 2005   0.02  -0.02     0.01
  MONTH TO DATE    1.01                      0.44   0.57     0.84
  SINCE JUN 1      1.37                      0.64   0.73     0.94
  SINCE JAN 1      9.10                     10.14  -1.04    19.90

SNOWFALL (IN)
  TODAY            0.0
  MONTH TO DATE    0.0
  SINCE JUN 1      0.0
  SINCE JUL 1      0.0
  SNOW DEPTH       0

DEGREE DAYS
 HEATING
  TODAY            0                         0      0        0
  MONTH TO DATE    0                         0      0        0
  SINCE JUN 1      0                         0      0        0
  SINCE JUL 1      0                         0      0        0

 COOLING
  TODAY           19                        15      4       18
  MONTH TO DATE  440                       394     46      439
  SINCE JUN 1    866                       782     84      855
  SINCE JAN 1   2355                      2041    314     2177
..................................................................


WIND (MPH)
  HIGHEST WIND SPEED    32   HIGHEST WIND DIRECTION    NE (50)
  HIGHEST GUST SPEED    40   HIGHEST GUST DIRECTION    NE (40)
  AVERAGE WIND SPEED    22.2


SKY COVER
  POSSIBLE SUNSHINE  MM
  AVERAGE SKY COVER 0.3


WEATHER CONDITIONS
 THE FOLLOWING WEATHER WAS RECORDED TODAY.
  NO SIGNIFICANT WEATHER WAS OBSERVED.


RELATIVE HUMIDITY (PERCENT)
 HIGHEST    74          1200 AM
 LOWEST     43           100 PM
 AVERAGE    59

..........................................................


THE KAHULUI HI CLIMATE NORMALS FOR TOMORROW
                         NORMAL    RECORD    YEAR
 MAXIMUM TEMPERATURE (F)   88        93      2015
 MINIMUM TEMPERATURE (F)   72        62      1965


SUNRISE AND SUNSET
JULY 28 2016..........SUNRISE   559 AM HST   SUNSET   706 PM HST
JULY 29 2016..........SUNRISE   559 AM HST   SUNSET   705 PM HST


-  INDICATES NEGATIVE NUMBERS.
R  INDICATES RECORD WAS SET OR TIED.
MM INDICATES DATA IS MISSING.
T  INDICATES TRACE AMOUNT.




$$
