000
CDHW42 PHFO 240242
CLIOGG


CLIMATE REPORT
NATIONAL WEATHER SERVICE HONOLULU HI
432 PM HST SAT MAY 23 2015


...................................

...THE KAHULUI HI CLIMATE SUMMARY FOR MAY 23 2015...
VALID TODAY AS OF 0400 PM LOCAL TIME.

CLIMATE NORMAL PERIOD 1981 TO 2010
CLIMATE RECORD PERIOD 1946 TO 2015


WEATHER ITEM   OBSERVED TIME   RECORD YEAR NORMAL DEPARTURE LAST
                VALUE   (LST)  VALUE       VALUE  FROM      YEAR
                                                  NORMAL
..................................................................
TEMPERATURE (F)
 TODAY
  MAXIMUM         82    117 PM  92    1996  85     -3       90
  MINIMUM         69    524 AM  60    1951  68      1       69
  AVERAGE         76                        76      0       80

PRECIPITATION (IN)
  TODAY            0.51          0.74 1978   0.01   0.50     0.00
  MONTH TO DATE    1.06                      0.63   0.43     1.01
  SINCE MAR 1     13.48                      4.63   8.85     7.29
  SINCE JAN 1     17.79                      9.39   8.40    13.94

SNOWFALL (IN)
  TODAY            0.0
  MONTH TO DATE    0.0
  SINCE MAR 1      0.0
  SINCE JUL 1      0.0
  SNOW DEPTH       0

DEGREE DAYS
 HEATING
  TODAY            0                         0      0        0
  MONTH TO DATE    0                         0      0        0
  SINCE MAR 1      0                         0      0        0
  SINCE JUL 1      0                         0      0        0

 COOLING
  TODAY           11                        11      0       15
  MONTH TO DATE  259                       240     19      274
  SINCE MAR 1    836                       757     79      873
  SINCE JAN 1   1240                      1166     74     1384
..................................................................


WIND (MPH)
  HIGHEST WIND SPEED    18   HIGHEST WIND DIRECTION     N (20)
  HIGHEST GUST SPEED    24   HIGHEST GUST DIRECTION     N (20)
  AVERAGE WIND SPEED     9.2


SKY COVER
  POSSIBLE SUNSHINE  MM
  AVERAGE SKY COVER 0.9


WEATHER CONDITIONS
 THE FOLLOWING WEATHER WAS RECORDED TODAY.
  FOG


RELATIVE HUMIDITY (PERCENT)
 HIGHEST   100           500 AM
 LOWEST     54          1200 PM
 AVERAGE    77

..........................................................


THE KAHULUI HI CLIMATE NORMALS FOR TOMORROW
                         NORMAL    RECORD    YEAR
 MAXIMUM TEMPERATURE (F)   85        90      2013
                                             1968
                                             1952
 MINIMUM TEMPERATURE (F)   68        58      1952


SUNRISE AND SUNSET
MAY 23 2015...........SUNRISE   546 AM HST   SUNSET   700 PM HST
MAY 24 2015...........SUNRISE   545 AM HST   SUNSET   700 PM HST


-  INDICATES NEGATIVE NUMBERS.
R  INDICATES RECORD WAS SET OR TIED.
MM INDICATES DATA IS MISSING.
T  INDICATES TRACE AMOUNT.




$$
