000
CDUS43 KEAX 090648
CLIOJC


CLIMATE REPORT
NATIONAL WEATHER SERVICE KANSAS CITY/PLEASANT HILL MO
1247 AM CST TUE FEB 9 2016


...................................

...THE JOHNSON COUNTY EXECUTIVE KS CLIMATE SUMMARY FOR FEBRUARY 8 2016...

CLIMATE NORMAL PERIOD 1981 TO 2010
CLIMATE RECORD PERIOD 9999 TO 9999


WEATHER ITEM   OBSERVED TIME   NORMAL DEPARTURE LAST
                VALUE   (LST)  VALUE  FROM      YEAR
                                      NORMAL
......................................................
TEMPERATURE (F)
 YESTERDAY
  MAXIMUM         37   1241 AM  42     -5       67
  MINIMUM         27   1151 PM  23      4       43
  AVERAGE         32            33     -1       55

PRECIPITATION (IN)
  YESTERDAY        T             0.06  -0.06     0.00
  MONTH TO DATE    0.41          0.43  -0.02     0.29
  SINCE DEC 1      4.99          3.19   1.80     3.17
  SINCE JAN 1      1.19          1.55  -0.36     1.06

DEGREE DAYS
 HEATING
  YESTERDAY       33            32      1       10
  MONTH TO DATE  227           263    -36      256
  SINCE DEC 1   2066          2356   -290     2171
  SINCE JUL 1   2841          3311   -470     3229

 COOLING
  YESTERDAY        0             0      0        0
  MONTH TO DATE    0             0      0        0
  SINCE DEC 1      0             0      0        0
  SINCE JAN 1      0             0      0        0
......................................................


WIND (MPH)
  HIGHEST WIND SPEED    32   HIGHEST WIND DIRECTION    NW (320)
  HIGHEST GUST SPEED    45   HIGHEST GUST DIRECTION    NW (320)
  AVERAGE WIND SPEED    17.9


SKY COVER
  AVERAGE SKY COVER 0.8


WEATHER CONDITIONS
 THE FOLLOWING WEATHER WAS RECORDED YESTERDAY.
  LIGHT SNOW


RELATIVE HUMIDITY (PERCENT)
 HIGHEST    70          1200 AM
 LOWEST     47           400 PM
 AVERAGE    59

..........................................................


THE JOHNSON COUNTY EXECUTIVE KS CLIMATE NORMALS FOR TODAY
                         NORMAL
 MAXIMUM TEMPERATURE (F)   43
 MINIMUM TEMPERATURE (F)   24


SUNRISE AND SUNSET
FEBRUARY  9 2016......SUNRISE   718 AM CST   SUNSET   549 PM CST
FEBRUARY 10 2016......SUNRISE   716 AM CST   SUNSET   550 PM CST


-  INDICATES NEGATIVE NUMBERS.
R  INDICATES RECORD WAS SET OR TIED.
MM INDICATES DATA IS MISSING.
T  INDICATES TRACE AMOUNT.




$$
