000
CDUS43 KEAX 260632
CLIOJC


CLIMATE REPORT
NATIONAL WEATHER SERVICE KANSAS CITY/PLEASANT HILL MO
131 AM CDT FRI MAY 26 2017


...................................

...THE JOHNSON COUNTY EXECUTIVE KS CLIMATE SUMMARY FOR MAY 25 2017...

CLIMATE NORMAL PERIOD 1981 TO 2010
CLIMATE RECORD PERIOD 9999 TO 9999


WEATHER ITEM   OBSERVED TIME   NORMAL DEPARTURE LAST
                VALUE   (LST)  VALUE  FROM      YEAR
                                      NORMAL
......................................................
TEMPERATURE (F)
 YESTERDAY
  MAXIMUM         75    340 PM  77     -2       80
  MINIMUM         45    521 AM  58    -13       62
  AVERAGE         60            68     -8       71

PRECIPITATION (IN)
  YESTERDAY        0.00          0.15  -0.15     0.22
  MONTH TO DATE    3.14          4.41  -1.27     5.06
  SINCE MAR 1     11.25         11.03   0.22    11.65
  SINCE JAN 1     12.17         13.72  -1.55    12.90

DEGREE DAYS
 HEATING
  YESTERDAY        5             2      3        0
  MONTH TO DATE  100            87     13      131
  SINCE MAR 1    878          1025   -147      794
  SINCE JUL 1   4018          4918   -900     4139

 COOLING
  YESTERDAY        0             4     -4        6
  MONTH TO DATE   50            56     -6       22
  SINCE MAR 1     76            74      2       28
  SINCE JAN 1     76            74      2       28
......................................................


WIND (MPH)
  HIGHEST WIND SPEED    22   HIGHEST WIND DIRECTION    SE (150)
  HIGHEST GUST SPEED    27   HIGHEST GUST DIRECTION    SE (150)
  AVERAGE WIND SPEED     8.9


SKY COVER
  AVERAGE SKY COVER 0.0


WEATHER CONDITIONS
 THE FOLLOWING WEATHER WAS RECORDED YESTERDAY.
  FOG


RELATIVE HUMIDITY (PERCENT)
 HIGHEST   100           100 AM
 LOWEST     49           200 PM
 AVERAGE    75

..........................................................


THE JOHNSON COUNTY EXECUTIVE KS CLIMATE NORMALS FOR TODAY
                         NORMAL
 MAXIMUM TEMPERATURE (F)   78
 MINIMUM TEMPERATURE (F)   58


SUNRISE AND SUNSET
MAY 26 2017...........SUNRISE   558 AM CDT   SUNSET   834 PM CDT
MAY 27 2017...........SUNRISE   558 AM CDT   SUNSET   835 PM CDT


-  INDICATES NEGATIVE NUMBERS.
R  INDICATES RECORD WAS SET OR TIED.
MM INDICATES DATA IS MISSING.
T  INDICATES TRACE AMOUNT.




$$
