000
CDUS43 KEAX 100031
CLIOJC


CLIMATE REPORT
NATIONAL WEATHER SERVICE KANSAS CITY/PLEASANT HILL MO
631 PM CST FRI DEC 9 2016


...................................

...THE JOHNSON COUNTY EXECUTIVE KS CLIMATE SUMMARY FOR DECEMBER 9 2016...
VALID TODAY AS OF 0600 PM LOCAL TIME.

CLIMATE NORMAL PERIOD 1981 TO 2010
CLIMATE RECORD PERIOD 9999 TO 9999


WEATHER ITEM   OBSERVED TIME   NORMAL DEPARTURE LAST
                VALUE   (LST)  VALUE  FROM      YEAR
                                      NORMAL
......................................................
TEMPERATURE (F)
 TODAY
  MAXIMUM         26    409 PM  42    -16       63
  MINIMUM          9    609 AM  25    -16       39
  AVERAGE         18            34    -16       51

PRECIPITATION (IN)
  TODAY            0.00          0.04  -0.04     0.00
  MONTH TO DATE    0.54          0.47   0.07      T
  SINCE DEC 1      0.54          0.47   0.07      T
  SINCE JAN 1     37.38         38.87  -1.49    43.35

DEGREE DAYS
 HEATING
  TODAY           47            31     16       14
  MONTH TO DATE  297           268     29      203
  SINCE DEC 1    297           268     29      203
  SINCE JUL 1    879          1223   -344      978

 COOLING
  TODAY            0             0      0        0
  MONTH TO DATE    0             0      0        0
  SINCE DEC 1      0             0      0        0
  SINCE JAN 1   1468          1349    119     1359
......................................................


WIND (MPH)
  HIGHEST WIND SPEED    12   HIGHEST WIND DIRECTION    SE (150)
  HIGHEST GUST SPEED    14   HIGHEST GUST DIRECTION    SE (140)
  AVERAGE WIND SPEED     4.3


SKY COVER
  AVERAGE SKY COVER 0.5


WEATHER CONDITIONS
 THE FOLLOWING WEATHER WAS RECORDED TODAY.
  NO SIGNIFICANT WEATHER WAS OBSERVED.


RELATIVE HUMIDITY (PERCENT)
 HIGHEST    88           800 AM
 LOWEST     50           200 PM
 AVERAGE    69

..........................................................


THE JOHNSON COUNTY EXECUTIVE KS CLIMATE NORMALS FOR TOMORROW
                         NORMAL
 MAXIMUM TEMPERATURE (F)   42
 MINIMUM TEMPERATURE (F)   25


SUNRISE AND SUNSET
DECEMBER  9 2016......SUNRISE   726 AM CST   SUNSET   457 PM CST
DECEMBER 10 2016......SUNRISE   727 AM CST   SUNSET   457 PM CST


-  INDICATES NEGATIVE NUMBERS.
R  INDICATES RECORD WAS SET OR TIED.
MM INDICATES DATA IS MISSING.
T  INDICATES TRACE AMOUNT.




$$
