000
CDUS43 KEAX 180632
CLIOJC


CLIMATE REPORT
NATIONAL WEATHER SERVICE KANSAS CITY/PLEASANT HILL MO
1232 AM CST SAT NOV 18 2017


...................................

...THE JOHNSON COUNTY EXECUTIVE KS CLIMATE SUMMARY FOR NOVEMBER 17 2017...

CLIMATE NORMAL PERIOD 1981 TO 2010
CLIMATE RECORD PERIOD 9999 TO 9999


WEATHER ITEM   OBSERVED TIME   NORMAL DEPARTURE LAST
                VALUE   (LST)  VALUE  FROM      YEAR
                                      NORMAL
......................................................
TEMPERATURE (F)
 YESTERDAY
  MAXIMUM         68    344 PM  53     15       75
  MINIMUM         50   1242 AM  34     16       64
  AVERAGE         59            43     16       70

PRECIPITATION (IN)
  YESTERDAY        0.00          0.08  -0.08     0.00
  MONTH TO DATE    0.04          1.56  -1.52     1.52
  SINCE SEP 1      6.05          9.51  -3.46     6.81
  SINCE JAN 1     44.65         37.47   7.18    36.69

DEGREE DAYS
 HEATING
  YESTERDAY        6            22    -16        0
  MONTH TO DATE  360           304     56      153
  SINCE SEP 1    637           628      9      312
  SINCE JUL 1    640           629     11      312

 COOLING
  YESTERDAY        0             0      0        5
  MONTH TO DATE    0             0      0       11
  SINCE SEP 1    229           184     45      249
  SINCE JAN 1   1236          1349   -113     1468
......................................................


WIND (MPH)
  HIGHEST WIND SPEED    22   HIGHEST WIND DIRECTION    SW (210)
  HIGHEST GUST SPEED    30   HIGHEST GUST DIRECTION    SW (210)
  AVERAGE WIND SPEED    10.7


SKY COVER
  AVERAGE SKY COVER 0.7


WEATHER CONDITIONS
 THE FOLLOWING WEATHER WAS RECORDED YESTERDAY.
  FOG


RELATIVE HUMIDITY (PERCENT)
 HIGHEST   100          1000 AM
 LOWEST     56          1200 AM
 AVERAGE    78

..........................................................


THE JOHNSON COUNTY EXECUTIVE KS CLIMATE NORMALS FOR TODAY
                         NORMAL
 MAXIMUM TEMPERATURE (F)   52
 MINIMUM TEMPERATURE (F)   33


SUNRISE AND SUNSET
NOVEMBER 18 2017......SUNRISE   705 AM CST   SUNSET   503 PM CST
NOVEMBER 19 2017......SUNRISE   706 AM CST   SUNSET   502 PM CST


-  INDICATES NEGATIVE NUMBERS.
R  INDICATES RECORD WAS SET OR TIED.
MM INDICATES DATA IS MISSING.
T  INDICATES TRACE AMOUNT.




$$
