164
CDUS46 KSGX 241507
CLIOKB


CLIMATE REPORT
NATIONAL WEATHER SERVICE SAN DIEGO, CA
756 AM PDT SAT SEP 24 2016


...................................

...THE OCEANSIDE AIRPORT CA CLIMATE SUMMARY FOR SEPTEMBER 23 2016...

CLIMATE NORMAL PERIOD 1981 TO 2010
CLIMATE RECORD PERIOD 1999 TO 2016


WEATHER ITEM   OBSERVED TIME   RECORD YEAR NORMAL DEPARTURE LAST
                VALUE   (LST)  VALUE       VALUE  FROM      YEAR
                                                  NORMAL
..................................................................
TEMPERATURE (F)
 YESTERDAY
  MAXIMUM         74    243 PM  93    2009  76     -2       82
  MINIMUM         53    417 AM  49    2004  58     -5       65
  AVERAGE         64                        67     -3       74

PRECIPITATION (IN)
  YESTERDAY        0.00          0.01 2007   0.00   0.00     0.00
  MONTH TO DATE    0.24                      0.19   0.05     1.14
  SINCE OCT 1      7.36                     13.61  -6.25     9.31
  SINCE JAN 1      5.19                      9.73  -4.54     4.91

DEGREE DAYS
 HEATING
  YESTERDAY        1                         0      1        0
  MONTH TO DATE   12                         0     12        0
  SINCE SEP 1     12                         0     12        0
  SINCE JUL 1     12                         5      7        0

 COOLING
  YESTERDAY        0                         2     -2        9
  MONTH TO DATE   67                        80    -13      229
  SINCE SEP 1     67                        80    -13      229
  SINCE JAN 1    524                       380    144      834
..................................................................


WIND (MPH)
  RESULTANT WIND SPEED   3   RESULTANT WIND DIRECTION   W (280)
  HIGHEST WIND SPEED    18   HIGHEST WIND DIRECTION     W (280)
  HIGHEST GUST SPEED    29   HIGHEST GUST DIRECTION     E (90)
  AVERAGE WIND SPEED     5.5


SKY COVER
  POSSIBLE SUNSHINE  MM
  AVERAGE SKY COVER 0.2


WEATHER CONDITIONS
 THE FOLLOWING WEATHER WAS RECORDED YESTERDAY.
  FOG
  HAZE


RELATIVE HUMIDITY (PERCENT)
 HIGHEST    93           400 AM
 LOWEST     49          1000 AM
 AVERAGE    71

..........................................................


THE OCEANSIDE AIRPORT CA CLIMATE NORMALS FOR TODAY
                         NORMAL    RECORD    YEAR
 MAXIMUM TEMPERATURE (F)   76        88      2009
 MINIMUM TEMPERATURE (F)   58        48      2004


SUNRISE AND SUNSET
SEPTEMBER 24 2016.....SUNRISE   639 AM PDT   SUNSET   643 PM PDT
SEPTEMBER 25 2016.....SUNRISE   640 AM PDT   SUNSET   641 PM PDT


-  INDICATES NEGATIVE NUMBERS.
R  INDICATES RECORD WAS SET OR TIED.
MM INDICATES DATA IS MISSING.
T  INDICATES TRACE AMOUNT.




$$
