000
CDUS46 KSGX 230019
CLIOKB


CLIMATE REPORT
NATIONAL WEATHER SERVICE SAN DIEGO, CA
519 PM PDT FRI MAY 22 2015


...................................

...THE OCEANSIDE AIRPORT CA CLIMATE SUMMARY FOR MAY 22 2015...
VALID TODAY AS OF 0500 PM LOCAL TIME.

CLIMATE NORMAL PERIOD 1981 TO 2010
CLIMATE RECORD PERIOD 1999 TO 2015


WEATHER ITEM   OBSERVED TIME   RECORD YEAR NORMAL DEPARTURE LAST
                VALUE   (LST)  VALUE       VALUE  FROM      YEAR
                                                  NORMAL
..................................................................
TEMPERATURE (F)
 TODAY
  MAXIMUM         69   1245 PM  73    2005  70     -1       67
  MINIMUM         59    520 AM  42    2002  55      4       55
  AVERAGE         64                        62      2       61

PRECIPITATION (IN)
  TODAY            0.01          0.57 2006   0.00   0.01      T
  MONTH TO DATE    1.32                      0.24   1.08      T
  SINCE OCT 1      7.24                     13.02  -5.78     4.19
  SINCE JAN 1      2.84                      9.14  -6.30     2.60

SNOWFALL (IN)
  TODAY            0.0
  MONTH TO DATE    0.0
  SINCE MAR 1      0.0
  SINCE JUL 1      0.0
  SNOW DEPTH       0

DEGREE DAYS
 HEATING
  TODAY            1                         3     -2        4
  MONTH TO DATE   77                        86     -9       34
  SINCE MAR 1    327                       572   -245      363
  SINCE JUL 1   1201                      1980   -779     1535

 COOLING
  TODAY            0                         0      0        0
  MONTH TO DATE    0                         0      0       64
  SINCE MAR 1     34                         3     31       80
  SINCE JAN 1     34                         3     31       80
..................................................................


WIND (MPH)
  RESULTANT WIND SPEED   6   RESULTANT WIND DIRECTION   W (260)
  HIGHEST WIND SPEED    16   HIGHEST WIND DIRECTION    SW (230)
  HIGHEST GUST SPEED    24   HIGHEST GUST DIRECTION    SW (240)
  AVERAGE WIND SPEED     7.4


SKY COVER
  POSSIBLE SUNSHINE  MM
  AVERAGE SKY COVER 0.5


WEATHER CONDITIONS
 THE FOLLOWING WEATHER WAS RECORDED TODAY.
  LIGHT RAIN


RELATIVE HUMIDITY (PERCENT)
 HIGHEST    72          1200 AM
 LOWEST     52          1000 AM
 AVERAGE    62

..........................................................


THE OCEANSIDE AIRPORT CA CLIMATE NORMALS FOR TOMORROW
                         NORMAL    RECORD    YEAR
 MAXIMUM TEMPERATURE (F)   70        73      2006
 MINIMUM TEMPERATURE (F)   55        47      2002


SUNRISE AND SUNSET
MAY 22 2015...........SUNRISE   545 AM PDT   SUNSET   747 PM PDT
MAY 23 2015...........SUNRISE   545 AM PDT   SUNSET   748 PM PDT


-  INDICATES NEGATIVE NUMBERS.
R  INDICATES RECORD WAS SET OR TIED.
MM INDICATES DATA IS MISSING.
T  INDICATES TRACE AMOUNT.




$$
