000
CDUS46 KSGX 100139
CLIOKB


CLIMATE REPORT
NATIONAL WEATHER SERVICE SAN DIEGO, CA
529 PM PST TUE FEB 9 2016


...................................

...THE OCEANSIDE AIRPORT CA CLIMATE SUMMARY FOR FEBRUARY 9 2016...
VALID TODAY AS OF 0500 PM LOCAL TIME.

CLIMATE NORMAL PERIOD 1981 TO 2010
CLIMATE RECORD PERIOD 1999 TO 2016


WEATHER ITEM   OBSERVED TIME   RECORD YEAR NORMAL DEPARTURE LAST
                VALUE   (LST)  VALUE       VALUE  FROM      YEAR
                                                  NORMAL
..................................................................
TEMPERATURE (F)
 TODAY
  MAXIMUM         84R  1253 PM  83    2002  66     18       70
  MINIMUM         45    251 AM  33    2013  43      2       48
  AVERAGE         65                        54     11       59

PRECIPITATION (IN)
  TODAY            0.00          0.38 2009   0.10  -0.10     0.00
  MONTH TO DATE    0.02                      0.64  -0.62     0.00
  SINCE OCT 1      4.80                      7.17  -2.37     4.89
  SINCE JAN 1      2.63                      3.29  -0.66     0.49

DEGREE DAYS
 HEATING
  TODAY            0                        11    -11        6
  MONTH TO DATE   80                        99    -19       69
  SINCE DEC 1    820                       854    -34      621
  SINCE JUL 1   1051                      1204   -153      755

 COOLING
  TODAY            0                         0      0        0
  MONTH TO DATE    0                         0      0        0
  SINCE DEC 1      0                         0      0        0
  SINCE JAN 1      0                         0      0        0
..................................................................


WIND (MPH)
  RESULTANT WIND SPEED   2   RESULTANT WIND DIRECTION  NW (330)
  HIGHEST WIND SPEED    13   HIGHEST WIND DIRECTION     W (250)
  HIGHEST GUST SPEED    15   HIGHEST GUST DIRECTION     W (260)
  AVERAGE WIND SPEED     5.3


SKY COVER
  POSSIBLE SUNSHINE  MM
  AVERAGE SKY COVER 0.0


WEATHER CONDITIONS
 THE FOLLOWING WEATHER WAS RECORDED TODAY.
  NO SIGNIFICANT WEATHER WAS OBSERVED.


RELATIVE HUMIDITY (PERCENT)
 HIGHEST    58           200 AM
 LOWEST     18           300 PM
 AVERAGE    38

..........................................................


THE OCEANSIDE AIRPORT CA CLIMATE NORMALS FOR TOMORROW
                         NORMAL    RECORD    YEAR
 MAXIMUM TEMPERATURE (F)   65        81      2002
 MINIMUM TEMPERATURE (F)   43        30      2002


SUNRISE AND SUNSET
FEBRUARY  9 2016......SUNRISE   639 AM PST   SUNSET   529 PM PST
FEBRUARY 10 2016......SUNRISE   638 AM PST   SUNSET   529 PM PST


-  INDICATES NEGATIVE NUMBERS.
R  INDICATES RECORD WAS SET OR TIED.
MM INDICATES DATA IS MISSING.
T  INDICATES TRACE AMOUNT.




$$
