000
CDUS46 KSGX 301417
CLIOKB


CLIMATE REPORT
NATIONAL WEATHER SERVICE SAN DIEGO, CA
717 AM PDT TUE SEP 30 2014


...................................

...THE OCEANSIDE AIRPORT CA CLIMATE SUMMARY FOR SEPTEMBER 29 2014...

CLIMATE NORMAL PERIOD 1981 TO 2010
CLIMATE RECORD PERIOD 1999 TO 2014


WEATHER ITEM   OBSERVED TIME   RECORD YEAR NORMAL DEPARTURE LAST
                VALUE   (LST)  VALUE       VALUE  FROM      YEAR
                                                  NORMAL
..................................................................
TEMPERATURE (F)
 YESTERDAY
  MAXIMUM         77   1254 PM  92    1999  75      2       81
  MINIMUM         56    345 AM  46    2013  57     -1       46
  AVERAGE         67                        66      1       64

PRECIPITATION (IN)
  YESTERDAY        0.00          0.24 2002   0.00   0.00     0.00
  MONTH TO DATE    0.00                      0.23  -0.23     0.00
  SINCE JUL 1      0.14                      0.50  -0.36     0.01
  SINCE JAN 1      2.74                      9.77  -7.03     2.33

SNOWFALL (IN)
  YESTERDAY        0.0
  MONTH TO DATE    0.0
  SINCE JAN 1      0.0
  SINCE JUL 1      0.0
  SNOW DEPTH       0

DEGREE DAYS
 HEATING
  YESTERDAY        0                         1     -1        1
  MONTH TO DATE    0                         6     -6        6
  SINCE SEP 1      0                         6     -6        6
  SINCE JUL 1      0                        11    -11        6

 COOLING
  YESTERDAY        2                         2      0        0
  MONTH TO DATE  248                        92    156      114
  SINCE SEP 1    248                        92    156      114
  SINCE JAN 1    755                       392    363      515
..................................................................


WIND (MPH)
  RESULTANT WIND SPEED   3   RESULTANT WIND DIRECTION   W (280)
  HIGHEST WIND SPEED    18   HIGHEST WIND DIRECTION    NW (300)
  HIGHEST GUST SPEED    26   HIGHEST GUST DIRECTION    NW (300)
  AVERAGE WIND SPEED     4.3


SKY COVER
  POSSIBLE SUNSHINE  MM
  AVERAGE SKY COVER 0.0


WEATHER CONDITIONS
 THE FOLLOWING WEATHER WAS RECORDED YESTERDAY.
  NO SIGNIFICANT WEATHER WAS OBSERVED.


RELATIVE HUMIDITY (PERCENT)
 HIGHEST    86          1200 AM
 LOWEST     53          1000 AM
 AVERAGE    70

..........................................................


THE OCEANSIDE AIRPORT CA CLIMATE NORMALS FOR TODAY
                         NORMAL    RECORD    YEAR
 MAXIMUM TEMPERATURE (F)   75        87      2008
                                             1999
 MINIMUM TEMPERATURE (F)   56        46      2013


SUNRISE AND SUNSET
SEPTEMBER 30 2014.....SUNRISE   643 AM PDT   SUNSET   635 PM PDT
OCTOBER  1 2014.......SUNRISE   644 AM PDT   SUNSET   634 PM PDT


-  INDICATES NEGATIVE NUMBERS.
R  INDICATES RECORD WAS SET OR TIED.
MM INDICATES DATA IS MISSING.
T  INDICATES TRACE AMOUNT.




$$
