000
CDUS46 KSGX 150018
CLIOKB


CLIMATE REPORT
NATIONAL WEATHER SERVICE SAN DIEGO, CA
418 PM PST THU DEC 14 2017


...................................

...THE OCEANSIDE AIRPORT CA CLIMATE SUMMARY FOR DECEMBER 14 2017...
VALID TODAY AS OF 0400 PM LOCAL TIME.

CLIMATE NORMAL PERIOD 1981 TO 2010
CLIMATE RECORD PERIOD 1999 TO 2017


WEATHER ITEM   OBSERVED TIME   RECORD YEAR NORMAL DEPARTURE LAST
                VALUE   (LST)  VALUE       VALUE  FROM      YEAR
                                                  NORMAL
..................................................................
TEMPERATURE (F)
 TODAY
  MAXIMUM         MM        MM  74    2013  65     MM       69
  MINIMUM         MM        MM  29    2013  40     MM       43
  AVERAGE         MM                        52     MM       56

PRECIPITATION (IN)
  TODAY            0.00          0.10 2012   0.05  -0.05     0.00
  MONTH TO DATE    0.00                      0.57  -0.57      T
  SINCE OCT 1      0.04                      2.30  -2.26     1.34
  SINCE JAN 1      9.88                     12.08  -2.20     6.53

DEGREE DAYS
 HEATING
  TODAY           MM                        13     MM        9
  MONTH TO DATE   67                       166    -99      127
  SINCE DEC 1     67                       166    -99      127
  SINCE JUL 1    236                       516   -280      313

 COOLING
  TODAY           MM                         0     MM        0
  MONTH TO DATE    2                         0      2        0
  SINCE DEC 1      2                         0      2        0
  SINCE JAN 1    761                       419    342      657
..................................................................


WIND (MPH)
  RESULTANT WIND SPEED   0   RESULTANT WIND DIRECTION  MM
  HIGHEST WIND SPEED    MM   HIGHEST WIND DIRECTION    MM
  HIGHEST GUST SPEED    MM   HIGHEST GUST DIRECTION    MM
  AVERAGE WIND SPEED     0.0


SKY COVER
  POSSIBLE SUNSHINE  MM
  AVERAGE SKY COVER 0.0


WEATHER CONDITIONS
 THE FOLLOWING WEATHER WAS RECORDED TODAY.
  NO SIGNIFICANT WEATHER WAS OBSERVED.


RELATIVE HUMIDITY (PERCENT)
 HIGHEST    59           200 AM
 LOWEST     59           200 AM
 AVERAGE    59

..........................................................


THE OCEANSIDE AIRPORT CA CLIMATE NORMALS FOR TOMORROW
                         NORMAL    RECORD    YEAR
 MAXIMUM TEMPERATURE (F)   65        74      2013
 MINIMUM TEMPERATURE (F)   40        33      2015


SUNRISE AND SUNSET
DECEMBER 14 2017......SUNRISE   645 AM PST   SUNSET   443 PM PST
DECEMBER 15 2017......SUNRISE   646 AM PST   SUNSET   444 PM PST


-  INDICATES NEGATIVE NUMBERS.
R  INDICATES RECORD WAS SET OR TIED.
MM INDICATES DATA IS MISSING.
T  INDICATES TRACE AMOUNT.




$$
