000
CDUS46 KSGX 250015
CLIOKB


CLIMATE REPORT
NATIONAL WEATHER SERVICE SAN DIEGO, CA
515 PM PDT FRI OCT 24 2014


...................................

...THE OCEANSIDE AIRPORT CA CLIMATE SUMMARY FOR OCTOBER 24 2014...
VALID TODAY AS OF 0500 PM LOCAL TIME.

CLIMATE NORMAL PERIOD 1981 TO 2010
CLIMATE RECORD PERIOD 1999 TO 2014


WEATHER ITEM   OBSERVED TIME   RECORD YEAR NORMAL DEPARTURE LAST
                VALUE   (LST)  VALUE       VALUE  FROM      YEAR
                                                  NORMAL
..................................................................
TEMPERATURE (F)
 TODAY
  MAXIMUM         85   1205 PM  89    2007  73     12       70
  MINIMUM         47    443 AM  43    2008  50     -3       51
  AVERAGE         66                        61      5       61

PRECIPITATION (IN)
  TODAY            0.00          0.02 2010   0.03  -0.03     0.00
  MONTH TO DATE    T                         0.48  -0.48     0.17
  SINCE JUL 1      0.14                      0.99  -0.85     0.18
  SINCE JAN 1      2.74                     10.26  -7.52     2.50

SNOWFALL (IN)
  TODAY            0.0
  MONTH TO DATE    0.0
  SINCE JAN 1      0.0
  SINCE JUL 1      0.0
  SNOW DEPTH       0

DEGREE DAYS
 HEATING
  TODAY            0                         4     -4        4
  MONTH TO DATE    1                        55    -54       70
  SINCE SEP 1      1                        65    -64       78
  SINCE JUL 1      1                        70    -69       78

 COOLING
  TODAY            1                         0      1        0
  MONTH TO DATE   84                        18     66       15
  SINCE SEP 1    338                       112    226      129
  SINCE JAN 1    845                       412    433      530
..................................................................


WIND (MPH)
  RESULTANT WIND SPEED   3   RESULTANT WIND DIRECTION  SW (240)
  HIGHEST WIND SPEED    12   HIGHEST WIND DIRECTION    SW (240)
  HIGHEST GUST SPEED    14   HIGHEST GUST DIRECTION    SW (240)
  AVERAGE WIND SPEED     3.0


SKY COVER
  POSSIBLE SUNSHINE  MM
  AVERAGE SKY COVER 0.0


WEATHER CONDITIONS
 THE FOLLOWING WEATHER WAS RECORDED TODAY.
  FOG


RELATIVE HUMIDITY (PERCENT)
 HIGHEST    93          1200 AM
 LOWEST     31          1000 AM
 AVERAGE    62

..........................................................


THE OCEANSIDE AIRPORT CA CLIMATE NORMALS FOR TOMORROW
                         NORMAL    RECORD    YEAR
 MAXIMUM TEMPERATURE (F)   73        86      2007
 MINIMUM TEMPERATURE (F)   50        42      2008


SUNRISE AND SUNSET
OCTOBER 24 2014.......SUNRISE   701 AM PDT   SUNSET   606 PM PDT
OCTOBER 25 2014.......SUNRISE   702 AM PDT   SUNSET   605 PM PDT


-  INDICATES NEGATIVE NUMBERS.
R  INDICATES RECORD WAS SET OR TIED.
MM INDICATES DATA IS MISSING.
T  INDICATES TRACE AMOUNT.




$$
