741
CDUS46 KSGX 221420
CLIOKB


CLIMATE REPORT
NATIONAL WEATHER SERVICE SAN DIEGO, CA
720 AM PDT WED MAR 22 2017


...................................

...THE OCEANSIDE AIRPORT CA CLIMATE SUMMARY FOR MARCH 21 2017...

CLIMATE NORMAL PERIOD 1981 TO 2010
CLIMATE RECORD PERIOD 1999 TO 2017


WEATHER ITEM   OBSERVED TIME   RECORD YEAR NORMAL DEPARTURE LAST
                VALUE   (LST)  VALUE       VALUE  FROM      YEAR
                                                  NORMAL
..................................................................
TEMPERATURE (F)
 YESTERDAY
  MAXIMUM         70R   130 PM  70    2015  65      5       67
                                      2002
  MINIMUM         48    358 AM  38    2012  47      1       49
  AVERAGE         59                        56      3       58

PRECIPITATION (IN)
  YESTERDAY        T             0.20 2006   0.04  -0.04     0.00
  MONTH TO DATE    0.04                      1.84  -1.80     1.19
  SINCE OCT 1     13.61                     11.44   2.17     6.10
  SINCE JAN 1      8.46                      7.56   0.90     3.93

DEGREE DAYS
 HEATING
  YESTERDAY        6                         9     -3        7
  MONTH TO DATE  143                       204    -61      139
  SINCE MAR 1    143                       204    -61      139
  SINCE JUL 1   1158                      1612   -454     1307

 COOLING
  YESTERDAY        0                         0      0        0
  MONTH TO DATE    0                         0      0        0
  SINCE MAR 1      0                         0      0        0
  SINCE JAN 1      0                         0      0        6
..................................................................


WIND (MPH)
  RESULTANT WIND SPEED   2   RESULTANT WIND DIRECTION   W (270)
  HIGHEST WIND SPEED    12   HIGHEST WIND DIRECTION     W (250)
  HIGHEST GUST SPEED    15   HIGHEST GUST DIRECTION     W (270)
  AVERAGE WIND SPEED     3.6


SKY COVER
  POSSIBLE SUNSHINE  MM
  AVERAGE SKY COVER 0.7


WEATHER CONDITIONS
 THE FOLLOWING WEATHER WAS RECORDED YESTERDAY.
  LIGHT RAIN
  FOG


RELATIVE HUMIDITY (PERCENT)
 HIGHEST    96           200 AM
 LOWEST     59          1000 AM
 AVERAGE    78

..........................................................


THE OCEANSIDE AIRPORT CA CLIMATE NORMALS FOR TODAY
                         NORMAL    RECORD    YEAR
 MAXIMUM TEMPERATURE (F)   66        74      2008
 MINIMUM TEMPERATURE (F)   47        38      2006


SUNRISE AND SUNSET
MARCH 22 2017.........SUNRISE   650 AM PDT   SUNSET   703 PM PDT
MARCH 23 2017.........SUNRISE   649 AM PDT   SUNSET   703 PM PDT


-  INDICATES NEGATIVE NUMBERS.
R  INDICATES RECORD WAS SET OR TIED.
MM INDICATES DATA IS MISSING.
T  INDICATES TRACE AMOUNT.




$$
