713
CDUS44 KOUN 260626
CLIOKC

CLIMATE REPORT
NATIONAL WEATHER SERVICE NORMAN OK
126 AM CDT TUE SEP 26 2017


...................................

...THE OKLAHOMA CITY CLIMATE SUMMARY FOR SEPTEMBER 25 2017...

CLIMATE NORMAL PERIOD 1981 TO 2010
CLIMATE RECORD PERIOD 1890 TO 2017


WEATHER ITEM   OBSERVED TIME   RECORD YEAR NORMAL DEPARTURE LAST
                VALUE   (LST)  VALUE       VALUE  FROM      YEAR
                                                  NORMAL
..................................................................
TEMPERATURE (F)
 YESTERDAY
  MAXIMUM         85    316 PM  97    1939  81      4       77
  MINIMUM         68    656 AM  41    1989  59      9       64
                                      1912
  AVERAGE         77                        70      7       71

PRECIPITATION (IN)
  YESTERDAY        0.09          1.41 1893   0.14  -0.05     0.37
  MONTH TO DATE    0.56                      3.42  -2.86     4.25
  SINCE SEP 1      0.56                      3.42  -2.86     4.25
  SINCE JAN 1     23.77                     28.31  -4.54    24.16

SNOWFALL (IN)
  YESTERDAY        0.0

DEGREE DAYS
 HEATING
  YESTERDAY        0                         1     -1        0
  MONTH TO DATE    0                        10    -10        0
  SINCE SEP 1      0                        10    -10        0
  SINCE JUL 1      0                        10    -10        0

 COOLING
  YESTERDAY       12                         6      6        6
  MONTH TO DATE  244                       258    -14      322
  SINCE SEP 1    244                       258    -14      322
  SINCE JAN 1   1815                      1995   -180     2048
..................................................................


WIND (MPH)
  HIGHEST WIND SPEED    21   HIGHEST WIND DIRECTION     S (180)
  HIGHEST GUST SPEED    27   HIGHEST GUST DIRECTION     S (180)
  AVERAGE WIND SPEED     9.7


SKY COVER
  AVERAGE SKY COVER 0.8


WEATHER CONDITIONS
 THE FOLLOWING WEATHER WAS RECORDED YESTERDAY.
  THUNDERSTORM
  LIGHT RAIN


RELATIVE HUMIDITY (PERCENT)
 HIGHEST   100          1100 PM
 LOWEST     51           300 PM
 AVERAGE    76

..........................................................


THE OKLAHOMA CITY CLIMATE NORMALS FOR TODAY
                         NORMAL    RECORD    YEAR
 MAXIMUM TEMPERATURE (F)   80        98      1977
 MINIMUM TEMPERATURE (F)   59        35      1912


SUNRISE AND SUNSET
SEPTEMBER 26 2017.....SUNRISE   722 AM CDT   SUNSET   721 PM CDT
SEPTEMBER 27 2017.....SUNRISE   722 AM CDT   SUNSET   720 PM CDT


-  INDICATES NEGATIVE NUMBERS.
R  INDICATES RECORD WAS SET OR TIED.
MM INDICATES DATA IS MISSING.
T  INDICATES TRACE AMOUNT.




$$
