000
CDUS44 KOUN 222207
CLIOKC

CLIMATE REPORT
NATIONAL WEATHER SERVICE NORMAN OK
507 PM CDT FRI MAY 22 2015


...................................

...THE OKLAHOMA CITY CLIMATE SUMMARY FOR MAY 22 2015...
VALID TODAY AS OF 0500 PM LOCAL TIME.

CLIMATE NORMAL PERIOD 1981 TO 2010
CLIMATE RECORD PERIOD 1890 TO 2015


WEATHER ITEM   OBSERVED TIME   RECORD YEAR NORMAL DEPARTURE LAST
                VALUE   (LST)  VALUE       VALUE  FROM      YEAR
                                                  NORMAL
..................................................................
TEMPERATURE (F)
 TODAY
  MAXIMUM         58    137 PM  99    2005  82    -24       91
  MINIMUM         53    722 AM  42    2001  62     -9       64
                                      1931
                                      1892
  AVERAGE         56                        72    -16       78

PRECIPITATION (IN)
  TODAY            0.52          2.62 1975   0.16   0.36     0.00
  MONTH TO DATE   14.42                      3.22  11.20     1.25
  SINCE JAN 1     23.60                     12.32  11.28     3.94

DEGREE DAYS
 COOLING
  TODAY            0                         7     -7       13
  MONTH TO DATE   89                       109    -20      147
  SINCE JAN 1    151                       175    -24      213
..................................................................


WIND (MPH)
  HIGHEST WIND SPEED    20   HIGHEST WIND DIRECTION    SE (130)
  HIGHEST GUST SPEED    24   HIGHEST GUST DIRECTION    SE (130)
  AVERAGE WIND SPEED     9.5


SKY COVER
  AVERAGE SKY COVER 0.9


WEATHER CONDITIONS
 THE FOLLOWING WEATHER WAS RECORDED TODAY.
  RAIN
  LIGHT RAIN
  FOG


RELATIVE HUMIDITY (PERCENT)
 HIGHEST   100           800 AM
 LOWEST     72           200 AM
 AVERAGE    86

..........................................................


THE OKLAHOMA CITY CLIMATE NORMALS FOR TOMORROW
                         NORMAL    RECORD    YEAR
 MAXIMUM TEMPERATURE (F)   82       100      2000
 MINIMUM TEMPERATURE (F)   62        42      1892


SUNRISE AND SUNSET
MAY 22 2015...........SUNRISE   621 AM CDT   SUNSET   833 PM CDT
MAY 23 2015...........SUNRISE   621 AM CDT   SUNSET   834 PM CDT


-  INDICATES NEGATIVE NUMBERS.
R  INDICATES RECORD WAS SET OR TIED.
MM INDICATES DATA IS MISSING.
T  INDICATES TRACE AMOUNT.




$$
