000
CDUS44 KOUN 280632
CLIOKC

CLIMATE REPORT
NATIONAL WEATHER SERVICE NORMAN OK
129 AM CDT FRI AUG 28 2015


...................................

...THE OKLAHOMA CITY CLIMATE SUMMARY FOR AUGUST 27 2015...

CLIMATE NORMAL PERIOD 1981 TO 2010
CLIMATE RECORD PERIOD 1890 TO 2015


WEATHER ITEM   OBSERVED TIME   RECORD YEAR NORMAL DEPARTURE LAST
                VALUE   (LST)  VALUE       VALUE  FROM      YEAR
                                                  NORMAL
..................................................................
TEMPERATURE (F)
 YESTERDAY
  MAXIMUM         94    318 PM 105    2011  92      2       96
  MINIMUM         67    615 AM  52    1906  70     -3       69
  AVERAGE         81                        81      0       83

PRECIPITATION (IN)
  YESTERDAY        0.00          1.53 1941   0.10  -0.10     0.00
  MONTH TO DATE    1.17                      2.83  -1.66     0.65
  SINCE JAN 1     42.91                     24.44  18.47    20.56

DEGREE DAYS
 COOLING
  YESTERDAY       16                        16      0       18
  MONTH TO DATE  402                       478    -76      470
  SINCE JAN 1   1525                      1677   -152     1609
..................................................................


WIND (MPH)
  HIGHEST WIND SPEED    18   HIGHEST WIND DIRECTION    SE (150)
  HIGHEST GUST SPEED    25   HIGHEST GUST DIRECTION    SE (130)
  AVERAGE WIND SPEED    10.5


SKY COVER
  AVERAGE SKY COVER 0.7


WEATHER CONDITIONS
 THE FOLLOWING WEATHER WAS RECORDED YESTERDAY.
  NO SIGNIFICANT WEATHER WAS OBSERVED.


RELATIVE HUMIDITY (PERCENT)
 HIGHEST    90           200 AM
 LOWEST     44           300 PM
 AVERAGE    67

..........................................................


THE OKLAHOMA CITY CLIMATE NORMALS FOR TODAY
                         NORMAL    RECORD    YEAR
 MAXIMUM TEMPERATURE (F)   91       108      2011
 MINIMUM TEMPERATURE (F)   70        56      1906
                                             1893


SUNRISE AND SUNSET
AUGUST 28 2015........SUNRISE   700 AM CDT   SUNSET   803 PM CDT
AUGUST 29 2015........SUNRISE   700 AM CDT   SUNSET   802 PM CDT


-  INDICATES NEGATIVE NUMBERS.
R  INDICATES RECORD WAS SET OR TIED.
MM INDICATES DATA IS MISSING.
T  INDICATES TRACE AMOUNT.




$$
