000
CDUS44 KOUN 090637
CLIOKC

CLIMATE REPORT
NATIONAL WEATHER SERVICE NORMAN OK
1236 AM CST FRI DEC 9 2016


...................................

...THE OKLAHOMA CITY CLIMATE SUMMARY FOR DECEMBER 8 2016...

CLIMATE NORMAL PERIOD 1981 TO 2010
CLIMATE RECORD PERIOD 1890 TO 2016


WEATHER ITEM   OBSERVED TIME   RECORD YEAR NORMAL DEPARTURE LAST
                VALUE   (LST)  VALUE       VALUE  FROM      YEAR
                                                  NORMAL
..................................................................
TEMPERATURE (F)
 YESTERDAY
  MAXIMUM         33    256 PM  72    2003  52    -19       63
  MINIMUM         21    747 AM   1    1917  32    -11       37
  AVERAGE         27                        42    -15       50

PRECIPITATION (IN)
  YESTERDAY        0.00          1.00 1956   0.07  -0.07     0.00
  MONTH TO DATE    0.62                      0.52   0.10     0.00
  SINCE JAN 1     26.12                     35.16  -9.04    51.99

SNOWFALL (IN)
  YESTERDAY        0.0           4.0  1901   0.0    0.0      0.0
  MONTH TO DATE    0.0                       0.3   -0.3      0.0
  SINCE JUL 1      T                         0.7   -0.7       T
  SNOW DEPTH       0

DEGREE DAYS
 HEATING
  YESTERDAY       38                        23     15       15
  MONTH TO DATE  198                       177     21      157
  SINCE JUL 1    521                       776   -255      642
..................................................................


WIND (MPH)
  HIGHEST WIND SPEED    23   HIGHEST WIND DIRECTION     N (360)
  HIGHEST GUST SPEED    29   HIGHEST GUST DIRECTION     N (10)
  AVERAGE WIND SPEED    13.7


SKY COVER
  AVERAGE SKY COVER 0.7


WEATHER CONDITIONS
 THE FOLLOWING WEATHER WAS RECORDED YESTERDAY.
  NO SIGNIFICANT WEATHER WAS OBSERVED.


RELATIVE HUMIDITY (PERCENT)
 HIGHEST    81           100 AM
 LOWEST     32           300 PM
 AVERAGE    57

..........................................................


THE OKLAHOMA CITY CLIMATE NORMALS FOR TODAY
                         NORMAL    RECORD    YEAR
 MAXIMUM TEMPERATURE (F)   52        74      2015
 MINIMUM TEMPERATURE (F)   32         3      1919


SUNRISE AND SUNSET
DECEMBER  9 2016......SUNRISE   728 AM CST   SUNSET   518 PM CST
DECEMBER 10 2016......SUNRISE   729 AM CST   SUNSET   518 PM CST


-  INDICATES NEGATIVE NUMBERS.
R  INDICATES RECORD WAS SET OR TIED.
MM INDICATES DATA IS MISSING.
T  INDICATES TRACE AMOUNT.




$$
