000
CDUS44 KOUN 010632
CLIOKC

CLIMATE REPORT
NATIONAL WEATHER SERVICE NORMAN OK
1231 AM CST SUN MAR 1 2015


...................................

...THE OKLAHOMA CITY CLIMATE SUMMARY FOR FEBRUARY 28 2015...

CLIMATE NORMAL PERIOD 1981 TO 2010
CLIMATE RECORD PERIOD 1890 TO 2015


WEATHER ITEM   OBSERVED TIME   RECORD YEAR NORMAL DEPARTURE LAST
                VALUE   (LST)  VALUE       VALUE  FROM      YEAR
                                                  NORMAL
..................................................................
TEMPERATURE (F)
 YESTERDAY
  MAXIMUM         28   1159 PM  90    1904  58    -30       66
  MINIMUM         19    607 AM   7    1962  37    -18       41
  AVERAGE         24                        48    -24       54

PRECIPITATION (IN)
  YESTERDAY        0.12          0.98 1990   0.07   0.05      T
  MONTH TO DATE    0.41                      1.58  -1.17     0.36
  SINCE JAN 1      2.21                      2.97  -0.76     0.43

SNOWFALL (IN)
  YESTERDAY        1.4           3.0  1927   0.0    1.4      0.0
                                      1922
                                      1913
  MONTH TO DATE    4.6                       1.4    3.2      4.0
  SINCE JUL 1     10.6                       6.7    3.9      8.7
  SNOW DEPTH       1

DEGREE DAYS
 HEATING
  YESTERDAY       41                        18     23       11
  MONTH TO DATE  716                       597    119      738
  SINCE JUL 1   2775                      2750     25     3088
..................................................................


WIND (MPH)
  HIGHEST WIND SPEED    10   HIGHEST WIND DIRECTION     E (110)
  HIGHEST GUST SPEED    13   HIGHEST GUST DIRECTION     E (70)
  AVERAGE WIND SPEED     4.8


SKY COVER
  AVERAGE SKY COVER 1.0


WEATHER CONDITIONS
 THE FOLLOWING WEATHER WAS RECORDED YESTERDAY.
  LT FREEZING RAIN
  SNOW
  LIGHT SNOW
  FOG
  HAZE


RELATIVE HUMIDITY (PERCENT)
 HIGHEST    92          1000 PM
 LOWEST     73           100 AM
 AVERAGE    83

..........................................................


THE OKLAHOMA CITY CLIMATE NORMALS FOR TODAY
                         NORMAL    RECORD    YEAR
 MAXIMUM TEMPERATURE (F)   59        92      2006
 MINIMUM TEMPERATURE (F)   37         4      1913


SUNRISE AND SUNSET
MARCH  1 2015.........SUNRISE   700 AM CST   SUNSET   626 PM CST
MARCH  2 2015.........SUNRISE   659 AM CST   SUNSET   627 PM CST


-  INDICATES NEGATIVE NUMBERS.
R  INDICATES RECORD WAS SET OR TIED.
MM INDICATES DATA IS MISSING.
T  INDICATES TRACE AMOUNT.




$$
