000
CDUS44 KOUN 250648
CLIOKC

CLIMATE REPORT
NATIONAL WEATHER SERVICE NORMAN OK
147 AM CDT SUN SEP 25 2016


...................................

...THE OKLAHOMA CITY CLIMATE SUMMARY FOR SEPTEMBER 24 2016...

CLIMATE NORMAL PERIOD 1981 TO 2010
CLIMATE RECORD PERIOD 1890 TO 2016


WEATHER ITEM   OBSERVED TIME   RECORD YEAR NORMAL DEPARTURE LAST
                VALUE   (LST)  VALUE       VALUE  FROM      YEAR
                                                  NORMAL
..................................................................
TEMPERATURE (F)
 YESTERDAY
  MAXIMUM         88    235 PM  98    1939  81      7       87
  MINIMUM         70   1159 PM  36    1989  60     10       67
  AVERAGE         79                        70      9       77

PRECIPITATION (IN)
  YESTERDAY        0.25          3.87 1959   0.15   0.10     0.00
  MONTH TO DATE    3.88                      3.28   0.60     1.06
  SINCE JAN 1     23.79                     28.17  -4.38    43.97

DEGREE DAYS
 HEATING
  YESTERDAY        0                         1     -1        0
  MONTH TO DATE    0                         9     -9        0
  SINCE JUL 1      0                         9     -9        0

 COOLING
  YESTERDAY       14                         7      7       12
  MONTH TO DATE  316                       252     64      326
  SINCE JAN 1   2042                      1989     53     1906
..................................................................


WIND (MPH)
  HIGHEST WIND SPEED    26   HIGHEST WIND DIRECTION     W (280)
  HIGHEST GUST SPEED    35   HIGHEST GUST DIRECTION    NW (310)
  AVERAGE WIND SPEED    12.2


SKY COVER
  AVERAGE SKY COVER 0.5


WEATHER CONDITIONS
 THE FOLLOWING WEATHER WAS RECORDED YESTERDAY.
  THUNDERSTORM
  RAIN
  LIGHT RAIN
  FOG


RELATIVE HUMIDITY (PERCENT)
 HIGHEST    93           600 AM
 LOWEST     59           100 PM
 AVERAGE    76

..........................................................


THE OKLAHOMA CITY CLIMATE NORMALS FOR TODAY
                         NORMAL    RECORD    YEAR
 MAXIMUM TEMPERATURE (F)   81        97      1939
 MINIMUM TEMPERATURE (F)   59        41      1989
                                             1912


SUNRISE AND SUNSET
SEPTEMBER 25 2016.....SUNRISE   721 AM CDT   SUNSET   722 PM CDT
SEPTEMBER 26 2016.....SUNRISE   722 AM CDT   SUNSET   721 PM CDT


-  INDICATES NEGATIVE NUMBERS.
R  INDICATES RECORD WAS SET OR TIED.
MM INDICATES DATA IS MISSING.
T  INDICATES TRACE AMOUNT.




$$
