000
CDUS44 KOUN 220638
CLIOKC

CLIMATE REPORT
NATIONAL WEATHER SERVICE NORMAN OK
1238 AM CST WED FEB 22 2017


...................................

...THE OKLAHOMA CITY CLIMATE SUMMARY FOR FEBRUARY 21 2017...

CLIMATE NORMAL PERIOD 1981 TO 2010
CLIMATE RECORD PERIOD 1890 TO 2017


WEATHER ITEM   OBSERVED TIME   RECORD YEAR NORMAL DEPARTURE LAST
                VALUE   (LST)  VALUE       VALUE  FROM      YEAR
                                                  NORMAL
..................................................................
TEMPERATURE (F)
 YESTERDAY
  MAXIMUM         71    427 PM  82    1996  56     15       65
  MINIMUM         44   1028 PM   9    1939  34     10       47
  AVERAGE         58                        45     13       56

PRECIPITATION (IN)
  YESTERDAY        0.00          1.63 1971   0.05  -0.05     0.00
  MONTH TO DATE    3.12                      1.13   1.99     0.26
  SINCE JAN 1      4.69                      2.52   2.17     0.37

SNOWFALL (IN)
  YESTERDAY        0.0           4.7  1971   0.1   -0.1      0.0
  MONTH TO DATE    0.0                       1.2   -1.2      0.0
  SINCE JUL 1      2.1                       6.5   -4.4      1.2
  SNOW DEPTH       0

DEGREE DAYS
 HEATING
  YESTERDAY        7                        20    -13        9
  MONTH TO DATE  310                       467   -157      348
  SINCE JUL 1   2137                      2620   -483     2236
..................................................................


WIND (MPH)
  HIGHEST WIND SPEED    21   HIGHEST WIND DIRECTION     N (350)
  HIGHEST GUST SPEED    23   HIGHEST GUST DIRECTION     N (340)
  AVERAGE WIND SPEED    10.0


SKY COVER
  AVERAGE SKY COVER 0.0


WEATHER CONDITIONS
 THE FOLLOWING WEATHER WAS RECORDED YESTERDAY.
  NO SIGNIFICANT WEATHER WAS OBSERVED.


RELATIVE HUMIDITY (PERCENT)
 HIGHEST    93          1200 AM
 LOWEST     25           500 PM
 AVERAGE    59

..........................................................


THE OKLAHOMA CITY CLIMATE NORMALS FOR TODAY
                         NORMAL    RECORD    YEAR
 MAXIMUM TEMPERATURE (F)   57        92      1996
 MINIMUM TEMPERATURE (F)   35        11      1963


SUNRISE AND SUNSET
FEBRUARY 22 2017......SUNRISE   708 AM CST   SUNSET   620 PM CST
FEBRUARY 23 2017......SUNRISE   707 AM CST   SUNSET   621 PM CST


-  INDICATES NEGATIVE NUMBERS.
R  INDICATES RECORD WAS SET OR TIED.
MM INDICATES DATA IS MISSING.
T  INDICATES TRACE AMOUNT.




$$
