000
CDUS44 KOUN 200650
CLIOKC

CLIMATE REPORT
NATIONAL WEATHER SERVICE NORMAN OK
150 AM CDT THU JUL 20 2017


...................................

...THE OKLAHOMA CITY CLIMATE SUMMARY FOR JULY 19 2017...

CLIMATE NORMAL PERIOD 1981 TO 2010
CLIMATE RECORD PERIOD 1890 TO 2017


WEATHER ITEM   OBSERVED TIME   RECORD YEAR NORMAL DEPARTURE LAST
                VALUE   (LST)  VALUE       VALUE  FROM      YEAR
                                                  NORMAL
..................................................................
TEMPERATURE (F)
 YESTERDAY
  MAXIMUM         99    313 PM 109    1936  94      5       95
  MINIMUM         72    553 AM  63    2014  73     -1       72
                                      1898
  AVERAGE         86                        84      2       84

PRECIPITATION (IN)
  YESTERDAY        0.00          2.77 1916   0.08  -0.08     0.00
  MONTH TO DATE    1.31                      1.86  -0.55     1.44
  SINCE JUN 1      1.42                      6.79  -5.37     4.74
  SINCE JAN 1     16.08                     20.54  -4.46    17.15

SNOWFALL (IN)
  YESTERDAY        0.0

DEGREE DAYS
 HEATING
  YESTERDAY        0                         0      0        0
  MONTH TO DATE    0                         0      0        0
  SINCE JUN 1      0                         1     -1        0
  SINCE JUL 1      0                         0      0        0

 COOLING
  YESTERDAY       21                        18      3       19
  MONTH TO DATE  325                       334     -9      350
  SINCE JUN 1    715                       724     -9      786
  SINCE JAN 1    940                       974    -34      972
..................................................................


WIND (MPH)
  HIGHEST WIND SPEED    17   HIGHEST WIND DIRECTION     S (170)
  HIGHEST GUST SPEED    23   HIGHEST GUST DIRECTION     S (180)
  AVERAGE WIND SPEED    10.5


SKY COVER
  AVERAGE SKY COVER 0.3


WEATHER CONDITIONS
 THE FOLLOWING WEATHER WAS RECORDED YESTERDAY.
  NO SIGNIFICANT WEATHER WAS OBSERVED.


RELATIVE HUMIDITY (PERCENT)
 HIGHEST   100           600 AM
 LOWEST     31           200 PM
 AVERAGE    66

..........................................................


THE OKLAHOMA CITY CLIMATE NORMALS FOR TODAY
                         NORMAL    RECORD    YEAR
 MAXIMUM TEMPERATURE (F)   95       109      2012
 MINIMUM TEMPERATURE (F)   73        60      1970


SUNRISE AND SUNSET
JULY 20 2017..........SUNRISE   630 AM CDT   SUNSET   843 PM CDT
JULY 21 2017..........SUNRISE   631 AM CDT   SUNSET   842 PM CDT


-  INDICATES NEGATIVE NUMBERS.
R  INDICATES RECORD WAS SET OR TIED.
MM INDICATES DATA IS MISSING.
T  INDICATES TRACE AMOUNT.

$$
