000
CDUS45 KGGW 300018
CLIOLF


CLIMATE REPORT
NATIONAL WEATHER SERVICE GLASGOW MT
617 PM MDT MON MAY 29 2017


...................................

...THE WOLF POINT MT CLIMATE SUMMARY FOR MAY 29 2017...
VALID TODAY AS OF 0500 PM LOCAL TIME.

CLIMATE NORMAL PERIOD 1981 TO 2010
CLIMATE RECORD PERIOD 9999 TO 9999


WEATHER ITEM   OBSERVED RECORD YEAR NORMAL DEPARTURE
                VALUE   VALUE       VALUE  FROM
                                           NORMAL
........................................................
TEMPERATURE (F)
 TODAY
  MAXIMUM         74     MM      MM  73
  MINIMUM         42     MM      MM  44
  AVERAGE         58

PRECIPITATION (IN)
  TODAY            0.00  MM      MM   0.09  -0.09
  MONTH TO DATE    0.22               1.57  -1.35
  SINCE OCT 1      3.45               4.99  -1.54
  SINCE JAN 1      1.58               3.49  -1.91

SNOWFALL (IN)
  TODAY            0.0   MM      MM  MM
  MONTH TO DATE    0.0               MM
  SINCE MAR 1      0.0               MM
  SINCE JUL 1      0.0               MM

DEGREE DAYS
 HEATING
  TODAY            7

 COOLING
  TODAY            0
........................................................







THE WOLF POINT MT CLIMATE NORMALS FOR TOMORROW
                         NORMAL    RECORD    YEAR
 MAXIMUM TEMPERATURE (F)   73        MM        MM
 MINIMUM TEMPERATURE (F)   44        MM        MM


SUNRISE AND SUNSET
MAY 29 2017...........SUNRISE   509 AM MDT   SUNSET   852 PM MDT
MAY 30 2017...........SUNRISE   508 AM MDT   SUNSET   853 PM MDT


-  INDICATES NEGATIVE NUMBERS.
R  INDICATES RECORD WAS SET OR TIED.
MM INDICATES DATA IS MISSING.
T  INDICATES TRACE AMOUNT.




$$
