000
CDUS45 KGGW 221233
CLIOLF


CLIMATE REPORT
NATIONAL WEATHER SERVICE GLASGOW MT
530 AM MST SAT NOV 22 2014


...................................

...THE WOLF POINT MT CLIMATE SUMMARY FOR NOVEMBER 22 2014...
VALID AS OF 0500 AM LOCAL TIME.

CLIMATE NORMAL PERIOD 1981 TO 2010
CLIMATE RECORD PERIOD 9999 TO 9999


WEATHER ITEM   OBSERVED RECORD YEAR NORMAL DEPARTURE
                VALUE   VALUE       VALUE  FROM
                                           NORMAL
........................................................
TEMPERATURE (F)
 TODAY
  MAXIMUM         30     MM      MM  37
  MINIMUM         21     MM      MM  12
  AVERAGE         26

PRECIPITATION (IN)
  TODAY            0.00  MM      MM   0.01  -0.01
  MONTH TO DATE    0.07               0.31  -0.24
  SINCE OCT 1      0.34               1.12  -0.78
  SINCE JAN 1     13.12              11.80   1.32

SNOWFALL (IN)
  TODAY            0.0   MM      MM  MM
  MONTH TO DATE    0.0               MM
  SINCE SEP 1      0.0               MM
  SINCE JUL 1      0.0               MM

DEGREE DAYS
 HEATING
  TODAY           39

 COOLING
  TODAY            0
........................................................







THE WOLF POINT MT CLIMATE NORMALS FOR TOMORROW
                         NORMAL    RECORD    YEAR
 MAXIMUM TEMPERATURE (F)   36        MM        MM
 MINIMUM TEMPERATURE (F)   11        MM        MM


SUNRISE AND SUNSET
NOVEMBER 22 2014......SUNRISE   719 AM MST   SUNSET   417 PM MST
NOVEMBER 23 2014......SUNRISE   721 AM MST   SUNSET   416 PM MST


-  INDICATES NEGATIVE NUMBERS.
R  INDICATES RECORD WAS SET OR TIED.
MM INDICATES DATA IS MISSING.
T  INDICATES TRACE AMOUNT.




$$
