000
CDUS45 KGGW 300740
CLIOLF


CLIMATE REPORT
NATIONAL WEATHER SERVICE GLASGOW MT
140 AM MDT THU MAR 30 2017


...................................

...THE WOLF POINT MT CLIMATE SUMMARY FOR MARCH 29 2017...

CLIMATE NORMAL PERIOD 1981 TO 2010
CLIMATE RECORD PERIOD 9999 TO 9999


WEATHER ITEM   OBSERVED RECORD YEAR NORMAL DEPARTURE
                VALUE   VALUE       VALUE  FROM
                                           NORMAL
........................................................
TEMPERATURE (F)
 YESTERDAY
  MAXIMUM         62     MM      MM  50
  MINIMUM         32     MM      MM  23
  AVERAGE         47

PRECIPITATION (IN)
  YESTERDAY        0.00  MM      MM   0.02  -0.02
  MONTH TO DATE    0.14               0.42  -0.28
  SINCE OCT 1      2.35               2.44  -0.09
  SINCE JAN 1      0.48               0.94  -0.46

SNOWFALL (IN)
  YESTERDAY        0.0   MM      MM  MM
  MONTH TO DATE    0.0               MM
  SINCE MAR 1      0.0               MM
  SINCE JUL 1      0.0               MM

DEGREE DAYS
 HEATING
  YESTERDAY       18

 COOLING
  YESTERDAY        0
........................................................







THE WOLF POINT MT CLIMATE NORMALS FOR TODAY
                         NORMAL    RECORD    YEAR
 MAXIMUM TEMPERATURE (F)   51        MM        MM
 MINIMUM TEMPERATURE (F)   23        MM        MM


SUNRISE AND SUNSET
MARCH 30 2017.........SUNRISE   644 AM MDT   SUNSET   730 PM MDT
MARCH 31 2017.........SUNRISE   642 AM MDT   SUNSET   732 PM MDT


-  INDICATES NEGATIVE NUMBERS.
R  INDICATES RECORD WAS SET OR TIED.
MM INDICATES DATA IS MISSING.
T  INDICATES TRACE AMOUNT.




$$
