000
CDUS46 KSEW 230834
CLIOLM


CLIMATE REPORT
NATIONAL WEATHER SERVICE SEATTLE WA
1234 AM PST MON JAN 23 2017


...................................

...THE OLYMPIA WA AIRPORT CLIMATE SUMMARY FOR JANUARY 22 2017...

CLIMATE NORMAL PERIOD 1981 TO 2010
CLIMATE RECORD PERIOD 1948 TO 2017


WEATHER ITEM   OBSERVED TIME   RECORD YEAR NORMAL DEPARTURE LAST
                VALUE   (LST)  VALUE       VALUE  FROM      YEAR
                                                  NORMAL
..................................................................
TEMPERATURE (F)
 YESTERDAY
  MAXIMUM         50    249 PM  56    1995  47      3       55
  MINIMUM         32   1041 PM   6    1969  34     -2       41
  AVERAGE         41                        40      1       48

PRECIPITATION (IN)
  YESTERDAY        0.04          2.03 1953   0.24  -0.20     0.25
  MONTH TO DATE    3.78                      5.73  -1.95     5.73
  SINCE OCT 1     31.88                     26.42   5.46    38.73
  SINCE JAN 1      3.78                      5.73  -1.95     5.73

DEGREE DAYS
 HEATING
  YESTERDAY       24                        25     -1       17
  MONTH TO DATE  678                       560    118      575
  SINCE DEC 1   1590                      1385    205     1324
  SINCE JUL 1   2787                      2830    -43     2600

 COOLING
  YESTERDAY        0                         0      0        0
  MONTH TO DATE    0                         0      0        0
  SINCE DEC 1      0                         0      0        0
  SINCE JAN 1      0                         0      0        0
..................................................................


WIND (MPH)
  RESULTANT WIND SPEED   2   RESULTANT WIND DIRECTION  SE (130)
  HIGHEST WIND SPEED    16   HIGHEST WIND DIRECTION     S (170)
  HIGHEST GUST SPEED    22   HIGHEST GUST DIRECTION     S (180)
  AVERAGE WIND SPEED     3.8


SKY COVER
  AVERAGE SKY COVER 0.7


WEATHER CONDITIONS
 THE FOLLOWING WEATHER WAS RECORDED YESTERDAY.
  LIGHT RAIN
  FOG
  FOG W/VISIBILITY <= 1/4 MILE


RELATIVE HUMIDITY (PERCENT)
 HIGHEST   100          1200 AM
 LOWEST     61           300 PM
 AVERAGE    81

..........................................................


THE OLYMPIA WA AIRPORT CLIMATE NORMALS FOR TODAY
                         NORMAL    RECORD    YEAR
 MAXIMUM TEMPERATURE (F)   47        56      2007
                                             2005
 MINIMUM TEMPERATURE (F)   34         4      1969


SUNRISE AND SUNSET
JANUARY 23 2017.......SUNRISE   746 AM PST   SUNSET   502 PM PST
JANUARY 24 2017.......SUNRISE   745 AM PST   SUNSET   503 PM PST


-  INDICATES NEGATIVE NUMBERS.
R  INDICATES RECORD WAS SET OR TIED.
MM INDICATES DATA IS MISSING.
T  INDICATES TRACE AMOUNT.




$$
