000
CDUS46 KSEW 300827
CLIOLM


CLIMATE REPORT
NATIONAL WEATHER SERVICE SEATTLE WA
126 AM PDT TUE JUN 30 2015


...................................

...THE OLYMPIA WA AIRPORT CLIMATE SUMMARY FOR JUNE 29 2015...

CLIMATE NORMAL PERIOD 1981 TO 2010
CLIMATE RECORD PERIOD 1948 TO 2015


WEATHER ITEM   OBSERVED TIME   RECORD YEAR NORMAL DEPARTURE LAST
                VALUE   (LST)  VALUE       VALUE  FROM      YEAR
                                                  NORMAL
..................................................................
TEMPERATURE (F)
 YESTERDAY
  MAXIMUM         87    422 PM  95    1951  73     14       71
  MINIMUM         57    514 AM  37    1966  49      8       53
  AVERAGE         72                        61     11       62

PRECIPITATION (IN)
  YESTERDAY        0.00          0.57 1992   0.04  -0.04     0.00
  MONTH TO DATE    0.14                      1.72  -1.58     0.88
  SINCE OCT 1     39.66                     46.68  -7.02    39.53
  SINCE JAN 1     20.63                     25.99  -5.36    30.69

DEGREE DAYS
 HEATING
  YESTERDAY        0                         4     -4        3
  MONTH TO DATE   63                       183   -120      153
  SINCE JUN 1     63                       183   -120      153
  SINCE JUL 1   4362                      5379  -1017     5243

 COOLING
  YESTERDAY        7                         1      6        0
  MONTH TO DATE   65                         8     57        1
  SINCE JUN 1     65                         8     57        1
  SINCE JAN 1     66                        11     55        2
..................................................................


WIND (MPH)
  RESULTANT WIND SPEED   2   RESULTANT WIND DIRECTION   S (180)
  HIGHEST WIND SPEED    12   HIGHEST WIND DIRECTION    NW (320)
  HIGHEST GUST SPEED    17   HIGHEST GUST DIRECTION    SW (210)
  AVERAGE WIND SPEED     4.8


SKY COVER
  AVERAGE SKY COVER 0.0


WEATHER CONDITIONS
 THE FOLLOWING WEATHER WAS RECORDED YESTERDAY.
  NO SIGNIFICANT WEATHER WAS OBSERVED.


RELATIVE HUMIDITY (PERCENT)
 HIGHEST    93           400 AM
 LOWEST     40           500 PM
 AVERAGE    67

..........................................................


THE OLYMPIA WA AIRPORT CLIMATE NORMALS FOR TODAY
                         NORMAL    RECORD    YEAR
 MAXIMUM TEMPERATURE (F)   74        97      1995
 MINIMUM TEMPERATURE (F)   49        36      1971


SUNRISE AND SUNSET
JUNE 30 2015..........SUNRISE   520 AM PDT   SUNSET   910 PM PDT
JULY  1 2015..........SUNRISE   521 AM PDT   SUNSET   910 PM PDT


-  INDICATES NEGATIVE NUMBERS.
R  INDICATES RECORD WAS SET OR TIED.
MM INDICATES DATA IS MISSING.
T  INDICATES TRACE AMOUNT.




$$
