000
CDUS46 KSEW 120137
CLIOLM


CLIMATE REPORT
NATIONAL WEATHER SERVICE SEATTLE WA
537 PM PST THU FEB 11 2016


...................................

...THE OLYMPIA WA AIRPORT CLIMATE SUMMARY FOR FEBRUARY 11 2016...
VALID TODAY AS OF 0500 PM LOCAL TIME.

CLIMATE NORMAL PERIOD 1981 TO 2010
CLIMATE RECORD PERIOD 1948 TO 2016


WEATHER ITEM   OBSERVED TIME   RECORD YEAR NORMAL DEPARTURE LAST
                VALUE   (LST)  VALUE       VALUE  FROM      YEAR
                                                  NORMAL
..................................................................
TEMPERATURE (F)
 TODAY
  MAXIMUM         52    454 PM  67    1963  49      3       54
  MINIMUM         40   1222 AM  18    1948  33      7       39
  AVERAGE         46                        41      5       47

PRECIPITATION (IN)
  TODAY            0.11          0.93 1975   0.20  -0.09      T
  MONTH TO DATE    1.42                      2.23  -0.81     4.60
  SINCE OCT 1     42.89                     30.76  12.13    30.31
  SINCE JAN 1      9.89                     10.07  -0.18    11.28

DEGREE DAYS
 HEATING
  TODAY           19                        24     -5       18
  MONTH TO DATE  237                       265    -28      190
  SINCE DEC 1   1743                      1871   -128     1599
  SINCE JUL 1   3019                      3316   -297     2698

 COOLING
  TODAY            0                         0      0        0
  MONTH TO DATE    0                         0      0        0
  SINCE DEC 1      0                         0      0        0
  SINCE JAN 1      0                         0      0        0
..................................................................


WIND (MPH)
  RESULTANT WIND SPEED   2   RESULTANT WIND DIRECTION   N (20)
  HIGHEST WIND SPEED     9   HIGHEST WIND DIRECTION     N (10)
  HIGHEST GUST SPEED    11   HIGHEST GUST DIRECTION    NE (30)
  AVERAGE WIND SPEED     2.8


SKY COVER
  AVERAGE SKY COVER 0.9


WEATHER CONDITIONS
 THE FOLLOWING WEATHER WAS RECORDED TODAY.
  LIGHT RAIN
  FOG
  FOG W/VISIBILITY <= 1/4 MILE


RELATIVE HUMIDITY (PERCENT)
 HIGHEST   100           100 AM
 LOWEST     89           300 PM
 AVERAGE    95

..........................................................


THE OLYMPIA WA AIRPORT CLIMATE NORMALS FOR TOMORROW
                         NORMAL    RECORD    YEAR
 MAXIMUM TEMPERATURE (F)   49        64      2015
 MINIMUM TEMPERATURE (F)   33        16      1949


SUNRISE AND SUNSET
FEBRUARY 11 2016......SUNRISE   723 AM PST   SUNSET   529 PM PST
FEBRUARY 12 2016......SUNRISE   721 AM PST   SUNSET   531 PM PST


-  INDICATES NEGATIVE NUMBERS.
R  INDICATES RECORD WAS SET OR TIED.
MM INDICATES DATA IS MISSING.
T  INDICATES TRACE AMOUNT.




$$
