000
CDUS46 KSEW 040830
CLIOLM


CLIMATE REPORT
NATIONAL WEATHER SERVICE SEATTLE WA
1230 AM PST SUN DEC 4 2016


...................................

...THE OLYMPIA WA AIRPORT CLIMATE SUMMARY FOR DECEMBER 3 2016...

CLIMATE NORMAL PERIOD 1981 TO 2010
CLIMATE RECORD PERIOD 1948 TO 2016


WEATHER ITEM   OBSERVED TIME   RECORD YEAR NORMAL DEPARTURE LAST
                VALUE   (LST)  VALUE       VALUE  FROM      YEAR
                                                  NORMAL
..................................................................
TEMPERATURE (F)
 YESTERDAY
  MAXIMUM         47    251 PM  59    1982  46      1       56
  MINIMUM         39    449 AM  17    1994  33      6       44
  AVERAGE         43                        40      3       50

PRECIPITATION (IN)
  YESTERDAY        0.42          3.19 2007   0.28   0.14     0.43
  MONTH TO DATE    0.75                      0.85  -0.10     1.33
  SINCE OCT 1     22.46                     14.08   8.38    19.83
  SINCE JAN 1     51.83                     43.39   8.44    44.35

DEGREE DAYS
 HEATING
  YESTERDAY       22                        26     -4       15
  MONTH TO DATE   68                        76     -8       62
  SINCE DEC 1     68                        76     -8       62
  SINCE JUL 1   1265                      1521   -256     1338

 COOLING
  YESTERDAY        0                         0      0        0
  MONTH TO DATE    0                         0      0        0
  SINCE DEC 1      0                         0      0        0
  SINCE JAN 1    145                       106     39      264
..................................................................


WIND (MPH)
  RESULTANT WIND SPEED   8   RESULTANT WIND DIRECTION   S (200)
  HIGHEST WIND SPEED    14   HIGHEST WIND DIRECTION    SW (220)
  HIGHEST GUST SPEED    18   HIGHEST GUST DIRECTION    SW (230)
  AVERAGE WIND SPEED     8.5


SKY COVER
  AVERAGE SKY COVER 0.8


WEATHER CONDITIONS
 THE FOLLOWING WEATHER WAS RECORDED YESTERDAY.
  RAIN
  LIGHT RAIN
  FOG


RELATIVE HUMIDITY (PERCENT)
 HIGHEST   100           400 AM
 LOWEST     92          1200 AM
 AVERAGE    96

..........................................................


THE OLYMPIA WA AIRPORT CLIMATE NORMALS FOR TODAY
                         NORMAL    RECORD    YEAR
 MAXIMUM TEMPERATURE (F)   45        56      2007
                                             1989
 MINIMUM TEMPERATURE (F)   33         6      1994


SUNRISE AND SUNSET
DECEMBER  4 2016......SUNRISE   741 AM PST   SUNSET   423 PM PST
DECEMBER  5 2016......SUNRISE   742 AM PST   SUNSET   423 PM PST


-  INDICATES NEGATIVE NUMBERS.
R  INDICATES RECORD WAS SET OR TIED.
MM INDICATES DATA IS MISSING.
T  INDICATES TRACE AMOUNT.




$$
