000
CDUS46 KSEW 290833
CLIOLM


CLIMATE REPORT
NATIONAL WEATHER SERVICE SEATTLE WA
133 AM PDT FRI APR 29 2016


...................................

...THE OLYMPIA WA AIRPORT CLIMATE SUMMARY FOR APRIL 28 2016...

CLIMATE NORMAL PERIOD 1981 TO 2010
CLIMATE RECORD PERIOD 1948 TO 2016


WEATHER ITEM   OBSERVED TIME   RECORD YEAR NORMAL DEPARTURE LAST
                VALUE   (LST)  VALUE       VALUE  FROM      YEAR
                                                  NORMAL
..................................................................
TEMPERATURE (F)
 YESTERDAY
  MAXIMUM         63   1237 PM  79    2006  61      2       60
                                      1968
  MINIMUM         42    406 AM  26    1973  39      3       43
  AVERAGE         53                        50      3       52

PRECIPITATION (IN)
  YESTERDAY        0.00          0.91 1959   0.09  -0.09      T
  MONTH TO DATE    1.57                      3.36  -1.79     1.88
  SINCE OCT 1     58.22                     42.45  15.77    38.81
  SINCE JAN 1     25.22                     21.76   3.46    19.78

DEGREE DAYS
 HEATING
  YESTERDAY       12                        15     -3       13
  MONTH TO DATE  322                       472   -150      461
  SINCE MAR 1    901                      1108   -207      986
  SINCE JUL 1   4259                      4830   -571     4021

 COOLING
  YESTERDAY        0                         0      0        0
  MONTH TO DATE    1                         0      1        0
  SINCE MAR 1      1                         0      1        0
  SINCE JAN 1      1                         0      1        0
..................................................................


WIND (MPH)
  RESULTANT WIND SPEED   4   RESULTANT WIND DIRECTION  SW (240)
  HIGHEST WIND SPEED    13   HIGHEST WIND DIRECTION    SW (230)
  HIGHEST GUST SPEED    16   HIGHEST GUST DIRECTION     W (250)
  AVERAGE WIND SPEED     4.4


SKY COVER
  AVERAGE SKY COVER 0.8


WEATHER CONDITIONS
 THE FOLLOWING WEATHER WAS RECORDED YESTERDAY.
  NO SIGNIFICANT WEATHER WAS OBSERVED.


RELATIVE HUMIDITY (PERCENT)
 HIGHEST    96           400 AM
 LOWEST     48          1200 PM
 AVERAGE    72

..........................................................


THE OLYMPIA WA AIRPORT CLIMATE NORMALS FOR TODAY
                         NORMAL    RECORD    YEAR
 MAXIMUM TEMPERATURE (F)   62        81      1957
 MINIMUM TEMPERATURE (F)   40        28      1952


SUNRISE AND SUNSET
APRIL 29 2016.........SUNRISE   558 AM PDT   SUNSET   820 PM PDT
APRIL 30 2016.........SUNRISE   557 AM PDT   SUNSET   822 PM PDT


-  INDICATES NEGATIVE NUMBERS.
R  INDICATES RECORD WAS SET OR TIED.
MM INDICATES DATA IS MISSING.
T  INDICATES TRACE AMOUNT.




$$
