385
CDUS46 KSEW 220839
CLIOLM


CLIMATE REPORT
NATIONAL WEATHER SERVICE SEATTLE WA
139 AM PDT THU JUN 22 2017


...................................

...THE OLYMPIA WA AIRPORT CLIMATE SUMMARY FOR JUNE 21 2017...

CLIMATE NORMAL PERIOD 1981 TO 2010
CLIMATE RECORD PERIOD 1948 TO 2017


WEATHER ITEM   OBSERVED TIME   RECORD YEAR NORMAL DEPARTURE LAST
                VALUE   (LST)  VALUE       VALUE  FROM      YEAR
                                                  NORMAL
..................................................................
TEMPERATURE (F)
 YESTERDAY
  MAXIMUM         72    439 PM  92    1973  72      0       72
  MINIMUM         49    428 AM  37    1960  48      1       52
  AVERAGE         61                        60      1       62

PRECIPITATION (IN)
  YESTERDAY        0.00          0.72 1967   0.05  -0.05     0.00
  MONTH TO DATE    1.33                      1.37  -0.04     0.98
  SINCE OCT 1     62.37                     46.33  16.04    59.36
  SINCE JAN 1     34.27                     25.64   8.63    26.36

DEGREE DAYS
 HEATING
  YESTERDAY        4                         6     -2        3
  MONTH TO DATE  133                       144    -11      139
  SINCE JUN 1    133                       144    -11      139
  SINCE JUL 1   5294                      5340    -46     4659

 COOLING
  YESTERDAY        0                         0      0        0
  MONTH TO DATE    3                         0      3       31
  SINCE JUN 1      3                         0      3       31
  SINCE JAN 1     13                         3     10       32
..................................................................


WIND (MPH)
  RESULTANT WIND SPEED   2   RESULTANT WIND DIRECTION  NE (40)
  HIGHEST WIND SPEED    12   HIGHEST WIND DIRECTION     N (10)
  HIGHEST GUST SPEED    16   HIGHEST GUST DIRECTION    NE (40)
  AVERAGE WIND SPEED     4.3


SKY COVER
  AVERAGE SKY COVER 0.6


WEATHER CONDITIONS
 THE FOLLOWING WEATHER WAS RECORDED YESTERDAY.
  NO SIGNIFICANT WEATHER WAS OBSERVED.


RELATIVE HUMIDITY (PERCENT)
 HIGHEST    89          1200 AM
 LOWEST     44           300 PM
 AVERAGE    67

..........................................................


THE OLYMPIA WA AIRPORT CLIMATE NORMALS FOR TODAY
                         NORMAL    RECORD    YEAR
 MAXIMUM TEMPERATURE (F)   72        96      1958
 MINIMUM TEMPERATURE (F)   48        38      1960


SUNRISE AND SUNSET
JUNE 22 2017..........SUNRISE   517 AM PDT   SUNSET   910 PM PDT
JUNE 23 2017..........SUNRISE   517 AM PDT   SUNSET   911 PM PDT


-  INDICATES NEGATIVE NUMBERS.
R  INDICATES RECORD WAS SET OR TIED.
MM INDICATES DATA IS MISSING.
T  INDICATES TRACE AMOUNT.




$$
