000
CDUS46 KSEW 280830
CLIOLM


CLIMATE REPORT
NATIONAL WEATHER SERVICE SEATTLE WA
1230 AM PST SUN DEC 28 2014


...................................

...THE OLYMPIA WA AIRPORT CLIMATE SUMMARY FOR DECEMBER 27 2014...

CLIMATE NORMAL PERIOD 1981 TO 2010
CLIMATE RECORD PERIOD 1948 TO 2014


WEATHER ITEM   OBSERVED TIME   RECORD YEAR NORMAL DEPARTURE LAST
                VALUE   (LST)  VALUE       VALUE  FROM      YEAR
                                                  NORMAL
..................................................................
TEMPERATURE (F)
 YESTERDAY
  MAXIMUM         48    235 PM  58    1980  44      4       44
  MINIMUM         41    139 AM  16    1977  33      8       28
  AVERAGE         45                        38      7       36

PRECIPITATION (IN)
  YESTERDAY        0.34          2.94 1949   0.23   0.11      T
  MONTH TO DATE    5.69                      6.56  -0.87     1.99
  SINCE OCT 1     18.72                     19.79  -1.07     8.81
  SINCE JAN 1     54.20                     49.10   5.10    41.43

DEGREE DAYS
 HEATING
  YESTERDAY       20                        27     -7       29
  MONTH TO DATE  600                       718   -118      793
  SINCE DEC 1    600                       718   -118      793
  SINCE JUL 1   1699                      2163   -464     2189

 COOLING
  YESTERDAY        0                         0      0        0
  MONTH TO DATE    0                         0      0        0
  SINCE DEC 1      0                         0      0        0
  SINCE JAN 1    187                       106     81      147
..................................................................


WIND (MPH)
  RESULTANT WIND SPEED   8   RESULTANT WIND DIRECTION  SW (210)
  HIGHEST WIND SPEED    17   HIGHEST WIND DIRECTION    SW (210)
  HIGHEST GUST SPEED    22   HIGHEST GUST DIRECTION    SW (230)
  AVERAGE WIND SPEED     9.0


SKY COVER
  AVERAGE SKY COVER 0.9


WEATHER CONDITIONS
 THE FOLLOWING WEATHER WAS RECORDED YESTERDAY.
  RAIN
  LIGHT RAIN
  FOG


RELATIVE HUMIDITY (PERCENT)
 HIGHEST   100           500 AM
 LOWEST     65           600 PM
 AVERAGE    83

..........................................................


THE OLYMPIA WA AIRPORT CLIMATE NORMALS FOR TODAY
                         NORMAL    RECORD    YEAR
 MAXIMUM TEMPERATURE (F)   44        56      1980
 MINIMUM TEMPERATURE (F)   33        10      1990


SUNRISE AND SUNSET
DECEMBER 28 2014......SUNRISE   757 AM PST   SUNSET   430 PM PST
DECEMBER 29 2014......SUNRISE   757 AM PST   SUNSET   431 PM PST


-  INDICATES NEGATIVE NUMBERS.
R  INDICATES RECORD WAS SET OR TIED.
MM INDICATES DATA IS MISSING.
T  INDICATES TRACE AMOUNT.




$$
