000
CDUS43 KOAX 020136
CLIOMA


CLIMATE REPORT
NATIONAL WEATHER SERVICE OMAHA NEBRASKA
732 PM CST SUN FEB 1 2015


...................................

...THE OMAHA EPPLEY, NEBRASKA CLIMATE SUMMARY FOR FEBRUARY 1 2015...
VALID TODAY AS OF 400 PM LOCAL TIME.

CLIMATE NORMAL PERIOD 1981 TO 2010
CLIMATE RECORD PERIOD 1871 TO 2015


WEATHER ITEM   OBSERVED TIME   RECORD YEAR NORMAL DEPARTURE LAST
                VALUE   (LST)  VALUE       VALUE  FROM      YEAR
                                                  NORMAL
..................................................................
TEMPERATURE (F)
 TODAY
  MAXIMUM         34    302 AM  61    2012  35     -1       25
  MINIMUM         14    359 PM -21    1917  15     -1        6
  AVERAGE         24                        25     -1       16

PRECIPITATION (IN)
  TODAY            0.26          0.52 1998   0.03   0.23     0.03
  MONTH TO DATE    0.26                      0.03   0.23     0.03
  SINCE DEC 1      2.63                      1.79   0.84     0.37
  SINCE JAN 1      0.95                      0.75   0.20     0.17

SNOWFALL (IN)
  TODAY            3.0                       0.2    2.8      1.4
  MONTH TO DATE    3.0                       0.2    2.8      1.4
  SINCE JUL 1     10.2                      15.3   -5.1      6.8
  SNOW DEPTH       5

DEGREE DAYS
 HEATING
  TODAY           41                        40      1       49
  MONTH TO DATE   41                        40      1       49
  SINCE DEC 1   2219                      2535   -316     2725
  SINCE JUL 1   3520                      3805   -285     3951

 COOLING
  TODAY            0                         0      0        0
  MONTH TO DATE    0                         0      0        0
  SINCE DEC 1      0                         0      0        0
  SINCE JAN 1      0                         0      0        0
..................................................................


WIND (MPH)
  HIGHEST WIND SPEED    35   HIGHEST WIND DIRECTION     N (340)
  HIGHEST GUST SPEED    46   HIGHEST GUST DIRECTION     N (350)
  AVERAGE WIND SPEED    18.9


SKY COVER
  POSSIBLE SUNSHINE  MM
  AVERAGE SKY COVER 1.0


WEATHER CONDITIONS
 THE FOLLOWING WEATHER WAS RECORDED TODAY.
  LIGHT SNOW
  FOG
  BLOWING SNOW


RELATIVE HUMIDITY (PERCENT)
 HIGHEST   100           600 AM
 LOWEST     80           100 PM
 AVERAGE    90

..........................................................


THE OMAHA EPPLEY, NEBRASKA CLIMATE NORMALS FOR TOMORROW
                         NORMAL    RECORD    YEAR
 MAXIMUM TEMPERATURE (F)   35        66      1992
 MINIMUM TEMPERATURE (F)   15       -25      1905


SUNRISE AND SUNSET
FEBRUARY  1 2015......SUNRISE   735 AM CST   SUNSET   540 PM CST
FEBRUARY  2 2015......SUNRISE   734 AM CST   SUNSET   541 PM CST


-  INDICATES NEGATIVE NUMBERS.
R  INDICATES RECORD WAS SET OR TIED.
MM INDICATES DATA IS MISSING.
T  INDICATES TRACE AMOUNT.




$$

KLISH
