370
CDUS43 KOAX 180632
CLIOMA


CLIMATE REPORT
NATIONAL WEATHER SERVICE OMAHA NEBRASKA
128 AM CDT FRI AUG 18 2017


...................................

...THE OMAHA EPPLEY, NEBRASKA CLIMATE SUMMARY FOR AUGUST 17 2017...

CLIMATE NORMAL PERIOD 1981 TO 2010
CLIMATE RECORD PERIOD 1871 TO 2017


WEATHER ITEM   OBSERVED TIME   RECORD YEAR NORMAL DEPARTURE LAST
                VALUE   (LST)  VALUE       VALUE  FROM      YEAR
                                                  NORMAL
..................................................................
TEMPERATURE (F)
 YESTERDAY
  MAXIMUM         84    500 PM 106    1936  85     -1       90
  MINIMUM         65   1156 PM  48    2012  64      1       66
                                      1890
  AVERAGE         75                        75      0       78

PRECIPITATION (IN)
  YESTERDAY        0.00          2.33 1980   0.13  -0.13     0.00
  MONTH TO DATE    1.05                      2.16  -1.11     2.07
  SINCE JUN 1      5.42                     10.17  -4.75     9.62
  SINCE JAN 1     16.73                     21.45  -4.72    22.61

SNOWFALL (IN)
  YESTERDAY        0.0                       0.0    0.0      0.0
  MONTH TO DATE    0.0                       0.0    0.0      0.0
  SINCE JUL 1      0.0                       0.0    0.0       T
  SNOW DEPTH       0

DEGREE DAYS
 HEATING
  YESTERDAY        0                         0      0        0
  MONTH TO DATE    0                         0      0        0
  SINCE JUN 1      0                        18    -18        0
  SINCE JUL 1      0                         1     -1        0

 COOLING
  YESTERDAY       10                        10      0       13
  MONTH TO DATE  132                       181    -49      222
  SINCE JUN 1    935                       776    159     1041
  SINCE JAN 1   1020                       858    162     1124
..................................................................


WIND (MPH)
  HIGHEST WIND SPEED    22   HIGHEST WIND DIRECTION    NW (300)
  HIGHEST GUST SPEED    28   HIGHEST GUST DIRECTION    NW (310)
  AVERAGE WIND SPEED    10.4


SKY COVER
  POSSIBLE SUNSHINE  MM
  AVERAGE SKY COVER 0.2


WEATHER CONDITIONS
 THE FOLLOWING WEATHER WAS RECORDED YESTERDAY.
  NO SIGNIFICANT WEATHER WAS OBSERVED.


RELATIVE HUMIDITY (PERCENT)
 HIGHEST    84           600 AM
 LOWEST     37           400 PM
 AVERAGE    61

..........................................................


THE OMAHA EPPLEY, NEBRASKA CLIMATE NORMALS FOR TODAY
                         NORMAL    RECORD    YEAR
 MAXIMUM TEMPERATURE (F)   85       110      1936
 MINIMUM TEMPERATURE (F)   64        53      1985
                                             1943


SUNRISE AND SUNSET
AUGUST 18 2017........SUNRISE   636 AM CDT   SUNSET   818 PM CDT
AUGUST 19 2017........SUNRISE   637 AM CDT   SUNSET   816 PM CDT


-  INDICATES NEGATIVE NUMBERS.
R  INDICATES RECORD WAS SET OR TIED.
MM INDICATES DATA IS MISSING.
T  INDICATES TRACE AMOUNT.




$$
