000
CDUS43 KOAX 210634
CLIOMA


CLIMATE REPORT
NATIONAL WEATHER SERVICE OMAHA NEBRASKA
131 AM CDT SUN SEP 21 2014


...................................

...THE OMAHA EPPLEY, NEBRASKA CLIMATE SUMMARY FOR SEPTEMBER 20 2014...

CLIMATE NORMAL PERIOD 1981 TO 2010
CLIMATE RECORD PERIOD 1871 TO 2014


WEATHER ITEM   OBSERVED TIME   RECORD YEAR NORMAL DEPARTURE LAST
                VALUE   (LST)  VALUE       VALUE  FROM      YEAR
                                                  NORMAL
..................................................................
TEMPERATURE (F)
 YESTERDAY
  MAXIMUM         86    258 PM  93    1931  76     10       72
  MINIMUM         61   1159 PM  35    1943  52      9       48
                                      1918
  AVERAGE         74                        64     10       60

PRECIPITATION (IN)
  YESTERDAY        0.27          2.05 1955   0.08   0.19     0.00
  MONTH TO DATE    4.40                      1.87   2.53     2.25
  SINCE SEP 1      4.40                      1.87   2.53     2.25
  SINCE JAN 1     33.05                     24.98   8.07    23.49

SNOWFALL (IN)
  YESTERDAY        0.0                       0.0    0.0      0.0
  MONTH TO DATE    0.0                       0.0    0.0      0.0
  SINCE JUL 1      0.0                       0.0    0.0      0.0
  SNOW DEPTH       0

DEGREE DAYS
 HEATING
  YESTERDAY        0                         4     -4        5
  MONTH TO DATE   68                        40     28        8
  SINCE SEP 1     68                        40     28        8
  SINCE JUL 1     72                        48     24       13

 COOLING
  YESTERDAY        9                         3      6        0
  MONTH TO DATE   79                        97    -18      170
  SINCE SEP 1     79                        97    -18      170
  SINCE JAN 1   1102                      1077     25     1236
..................................................................


WIND (MPH)
  HIGHEST WIND SPEED    22   HIGHEST WIND DIRECTION     N (350)
  HIGHEST GUST SPEED    29   HIGHEST GUST DIRECTION     N (340)
  AVERAGE WIND SPEED     7.7


SKY COVER
  POSSIBLE SUNSHINE  MM
  AVERAGE SKY COVER 0.5


WEATHER CONDITIONS
 THE FOLLOWING WEATHER WAS RECORDED YESTERDAY.
  THUNDERSTORM
  LIGHT RAIN
  FOG


RELATIVE HUMIDITY (PERCENT)
 HIGHEST    90           300 AM
 LOWEST     40           300 PM
 AVERAGE    65

..........................................................


THE OMAHA EPPLEY, NEBRASKA CLIMATE NORMALS FOR TODAY
                         NORMAL    RECORD    YEAR
 MAXIMUM TEMPERATURE (F)   76        98      2005
 MINIMUM TEMPERATURE (F)   51        34      1999
                                             1983


SUNRISE AND SUNSET
SEPTEMBER 21 2014.....SUNRISE   710 AM CDT   SUNSET   722 PM CDT
SEPTEMBER 22 2014.....SUNRISE   711 AM CDT   SUNSET   721 PM CDT


-  INDICATES NEGATIVE NUMBERS.
R  INDICATES RECORD WAS SET OR TIED.
MM INDICATES DATA IS MISSING.
T  INDICATES TRACE AMOUNT.




$$
