000
CDUS43 KOAX 290631
CLIOMA


CLIMATE REPORT
NATIONAL WEATHER SERVICE OMAHA NEBRASKA
131 AM CDT MON AUG 29 2016


...................................

...THE OMAHA EPPLEY, NEBRASKA CLIMATE SUMMARY FOR AUGUST 28 2016...

CLIMATE NORMAL PERIOD 1981 TO 2010
CLIMATE RECORD PERIOD 1871 TO 2016


WEATHER ITEM   OBSERVED TIME   RECORD YEAR NORMAL DEPARTURE LAST
                VALUE   (LST)  VALUE       VALUE  FROM      YEAR
                                                  NORMAL
..................................................................
TEMPERATURE (F)
 YESTERDAY
  MAXIMUM         91    216 PM 101    2000  84      7       79
  MINIMUM         68    605 AM  44    1986  62      6       63
  AVERAGE         80                        72      8       71

PRECIPITATION (IN)
  YESTERDAY        0.00          2.41 1957   0.11  -0.11     0.84
  MONTH TO DATE    4.65                      3.49   1.16     8.95
  SINCE JUN 1     12.20                     11.50   0.70    15.96
  SINCE JAN 1     25.19                     22.78   2.41    26.65

SNOWFALL (IN)
  YESTERDAY        0.0                       0.0    0.0      0.0
  MONTH TO DATE    0.0                       0.0    0.0      0.0
  SINCE JUL 1      T                         0.0    0.0      0.0
  SNOW DEPTH       0

DEGREE DAYS
 HEATING
  YESTERDAY        0                         0      0        0
  MONTH TO DATE    0                         0      0        3
  SINCE JUN 1      0                        18    -18        4
  SINCE JUL 1      0                         1     -1        4

 COOLING
  YESTERDAY       15                         8      7        6
  MONTH TO DATE  314                       279     35      248
  SINCE JUN 1   1133                       874    259      890
  SINCE JAN 1   1216                       956    260      936
..................................................................


WIND (MPH)
  HIGHEST WIND SPEED    28   HIGHEST WIND DIRECTION    SE (130)
  HIGHEST GUST SPEED    32   HIGHEST GUST DIRECTION    SE (130)
  AVERAGE WIND SPEED     8.8


SKY COVER
  POSSIBLE SUNSHINE  MM
  AVERAGE SKY COVER 0.6


WEATHER CONDITIONS
 THE FOLLOWING WEATHER WAS RECORDED YESTERDAY.
  NO SIGNIFICANT WEATHER WAS OBSERVED.


RELATIVE HUMIDITY (PERCENT)
 HIGHEST    87           500 AM
 LOWEST     56           200 PM
 AVERAGE    72

..........................................................


THE OMAHA EPPLEY, NEBRASKA CLIMATE NORMALS FOR TODAY
                         NORMAL    RECORD    YEAR
 MAXIMUM TEMPERATURE (F)   83        98      2013
                                             2012
                                             1948
 MINIMUM TEMPERATURE (F)   61        44      1946


SUNRISE AND SUNSET
AUGUST 29 2016........SUNRISE   647 AM CDT   SUNSET   800 PM CDT
AUGUST 30 2016........SUNRISE   648 AM CDT   SUNSET   759 PM CDT


-  INDICATES NEGATIVE NUMBERS.
R  INDICATES RECORD WAS SET OR TIED.
MM INDICATES DATA IS MISSING.
T  INDICATES TRACE AMOUNT.




$$
