000
CDUS43 KOAX 252128
CLIOMA


CLIMATE REPORT
NATIONAL WEATHER SERVICE OMAHA NEBRASKA
426 PM CDT SAT OCT 25 2014


...................................

...THE OMAHA EPPLEY, NEBRASKA CLIMATE SUMMARY FOR OCTOBER 25 2014...
VALID TODAY AS OF 0400 PM LOCAL TIME.

CLIMATE NORMAL PERIOD 1981 TO 2010
CLIMATE RECORD PERIOD 1871 TO 2014


WEATHER ITEM   OBSERVED TIME   RECORD YEAR NORMAL DEPARTURE LAST
                VALUE   (LST)  VALUE       VALUE  FROM      YEAR
                                                  NORMAL
..................................................................
TEMPERATURE (F)
 TODAY
  MAXIMUM         76    254 PM  87    1940  61     15       59
  MINIMUM         45    335 AM  16    1887  39      6       28
  AVERAGE         61                        50     11       44

PRECIPITATION (IN)
  TODAY            0.00          1.47 1997   0.07  -0.07     0.00
  MONTH TO DATE    2.48                      1.79   0.69     3.51
  SINCE SEP 1      8.59                      4.47   4.12     6.23
  SINCE JAN 1     37.24                     27.58   9.66    27.47

SNOWFALL (IN)
  TODAY            0.0                       0.0    0.0      0.0
  MONTH TO DATE    0.0                       0.2   -0.2      0.0
  SINCE JUL 1      0.0                       0.2   -0.2      0.0
  SNOW DEPTH       0

DEGREE DAYS
 HEATING
  TODAY            4                        15    -11       21
  MONTH TO DATE  216                       280    -64      283
  SINCE SEP 1    290                       375    -85      300
  SINCE JUL 1    294                       383    -89      305

 COOLING
  TODAY            0                         0      0        0
  MONTH TO DATE    4                        12     -8       21
  SINCE SEP 1    124                       129     -5      228
  SINCE JAN 1   1147                      1109     38     1294
..................................................................


WIND (MPH)
  HIGHEST WIND SPEED    12   HIGHEST WIND DIRECTION     E (080)
  HIGHEST GUST SPEED    14   HIGHEST GUST DIRECTION     E (070)
  AVERAGE WIND SPEED     5.4


SKY COVER
  POSSIBLE SUNSHINE  MM
  AVERAGE SKY COVER 0.1


WEATHER CONDITIONS
 THE FOLLOWING WEATHER WAS RECORDED TODAY.
  FOG


RELATIVE HUMIDITY (PERCENT)
 HIGHEST   100           300 AM
 LOWEST     29           100 PM
 AVERAGE    65

..........................................................


THE OMAHA EPPLEY, NEBRASKA CLIMATE NORMALS FOR TOMORROW
                         NORMAL    RECORD    YEAR
 MAXIMUM TEMPERATURE (F)   60        85      1927
 MINIMUM TEMPERATURE (F)   38        21      1997
                                             1942
                                             1878


SUNRISE AND SUNSET
OCTOBER 25 2014.......SUNRISE   747 AM CDT   SUNSET   628 PM CDT
OCTOBER 26 2014.......SUNRISE   748 AM CDT   SUNSET   627 PM CDT


-  INDICATES NEGATIVE NUMBERS.
R  INDICATES RECORD WAS SET OR TIED.
MM INDICATES DATA IS MISSING.
T  INDICATES TRACE AMOUNT.




$$
