000
CDUS43 KOAX 140648
CLIOMA


CLIMATE REPORT
NATIONAL WEATHER SERVICE OMAHA NEBRASKA
1245 AM CST THU DEC 14 2017


...................................

...THE OMAHA EPPLEY, NEBRASKA CLIMATE SUMMARY FOR DECEMBER 13 2017...

CLIMATE NORMAL PERIOD 1981 TO 2010
CLIMATE RECORD PERIOD 1871 TO 2017


WEATHER ITEM   OBSERVED TIME   RECORD YEAR NORMAL DEPARTURE LAST
                VALUE   (LST)  VALUE       VALUE  FROM      YEAR
                                                  NORMAL
..................................................................
TEMPERATURE (F)
 YESTERDAY
  MAXIMUM         52    131 PM  70    1921  35     17       24
  MINIMUM         28    129 AM -15    1917  17     11        6
  AVERAGE         40                        26     14       15

PRECIPITATION (IN)
  YESTERDAY        0.00          1.89 2015   0.04  -0.04     0.00
  MONTH TO DATE    0.01                      0.52  -0.51     0.49
  SINCE DEC 1      0.01                      0.52  -0.51     0.49
  SINCE JAN 1     25.99                     30.10  -4.11    33.66

SNOWFALL (IN)
  YESTERDAY        0.0                       0.2   -0.2      0.0
  MONTH TO DATE    0.1                       2.6   -2.5      1.4
  SINCE JUL 1      0.1                       5.4   -5.3      1.4
  SNOW DEPTH       0

DEGREE DAYS
 HEATING
  YESTERDAY       25                        39    -14       50
  MONTH TO DATE  377                       479   -102      498
  SINCE DEC 1    377                       479   -102      498
  SINCE JUL 1   1437                      1749   -312     1249

 COOLING
  YESTERDAY        0                         0      0        0
  MONTH TO DATE    0                         0      0        0
  SINCE DEC 1      0                         0      0        0
  SINCE JAN 1   1349                      1113    236     1476
..................................................................


WIND (MPH)
  HIGHEST WIND SPEED    38   HIGHEST WIND DIRECTION    NW (330)
  HIGHEST GUST SPEED    48   HIGHEST GUST DIRECTION    NW (330)
  AVERAGE WIND SPEED    18.7


SKY COVER
  POSSIBLE SUNSHINE  MM
  AVERAGE SKY COVER 0.5


WEATHER CONDITIONS
 THE FOLLOWING WEATHER WAS RECORDED YESTERDAY.
  NO SIGNIFICANT WEATHER WAS OBSERVED.


RELATIVE HUMIDITY (PERCENT)
 HIGHEST    78           200 AM
 LOWEST     37           600 AM
 AVERAGE    58

..........................................................


THE OMAHA EPPLEY, NEBRASKA CLIMATE NORMALS FOR TODAY
                         NORMAL    RECORD    YEAR
 MAXIMUM TEMPERATURE (F)   35        59      2014
                                             2006
 MINIMUM TEMPERATURE (F)   17       -16      1901


SUNRISE AND SUNSET
DECEMBER 14 2017......SUNRISE   742 AM CST   SUNSET   455 PM CST
DECEMBER 15 2017......SUNRISE   742 AM CST   SUNSET   455 PM CST


-  INDICATES NEGATIVE NUMBERS.
R  INDICATES RECORD WAS SET OR TIED.
MM INDICATES DATA IS MISSING.
T  INDICATES TRACE AMOUNT.




$$
