000
CDUS43 KOAX 130657
CLIOMA


CLIMATE REPORT
NATIONAL WEATHER SERVICE OMAHA NEBRASKA
1257 AM CST SAT FEB 13 2016


...................................

...THE OMAHA EPPLEY, NEBRASKA CLIMATE SUMMARY FOR FEBRUARY 12 2016...

CLIMATE NORMAL PERIOD 1981 TO 2010
CLIMATE RECORD PERIOD 1871 TO 2016


WEATHER ITEM   OBSERVED TIME   RECORD YEAR NORMAL DEPARTURE LAST
                VALUE   (LST)  VALUE       VALUE  FROM      YEAR
                                                  NORMAL
..................................................................
TEMPERATURE (F)
 YESTERDAY
  MAXIMUM         26   1129 AM  71    1990  37    -11       21
  MINIMUM         13   1159 PM -22    1899  17     -4        7
  AVERAGE         20                        27     -7       14

PRECIPITATION (IN)
  YESTERDAY        0.00          1.02 1949   0.03  -0.03      T
  MONTH TO DATE    0.49                      0.33   0.16     0.39
  SINCE DEC 1      6.86                      2.09   4.77     2.76
  SINCE JAN 1      1.60                      1.05   0.55     1.08

SNOWFALL (IN)
  YESTERDAY        0.0                       0.2   -0.2       T
  MONTH TO DATE    6.1                       2.8    3.3      5.9
  SINCE JUL 1     27.2                      17.9    9.3     13.1
  SNOW DEPTH       0

DEGREE DAYS
 HEATING
  YESTERDAY       45                        38      7       51
  MONTH TO DATE  463                       471     -8      499
  SINCE DEC 1   2665                      2966   -301     2677
  SINCE JUL 1   3543                      4236   -693     3978

 COOLING
  YESTERDAY        0                         0      0        0
  MONTH TO DATE    0                         0      0        0
  SINCE DEC 1      0                         0      0        0
  SINCE JAN 1      0                         0      0        0
..................................................................


WIND (MPH)
  HIGHEST WIND SPEED    26   HIGHEST WIND DIRECTION     N (350)
  HIGHEST GUST SPEED    34   HIGHEST GUST DIRECTION     N (350)
  AVERAGE WIND SPEED    14.1


SKY COVER
  POSSIBLE SUNSHINE  MM
  AVERAGE SKY COVER 0.7


WEATHER CONDITIONS
 THE FOLLOWING WEATHER WAS RECORDED YESTERDAY.
  FOG
  HAZE


RELATIVE HUMIDITY (PERCENT)
 HIGHEST    91           600 AM
 LOWEST     52           400 PM
 AVERAGE    72

..........................................................


THE OMAHA EPPLEY, NEBRASKA CLIMATE NORMALS FOR TODAY
                         NORMAL    RECORD    YEAR
 MAXIMUM TEMPERATURE (F)   37        68      1967
 MINIMUM TEMPERATURE (F)   17       -22      1905


SUNRISE AND SUNSET
FEBRUARY 13 2016......SUNRISE   722 AM CST   SUNSET   555 PM CST
FEBRUARY 14 2016......SUNRISE   720 AM CST   SUNSET   556 PM CST


-  INDICATES NEGATIVE NUMBERS.
R  INDICATES RECORD WAS SET OR TIED.
MM INDICATES DATA IS MISSING.
T  INDICATES TRACE AMOUNT.




$$
