000
CDUS43 KOAX 280631
CLIOMA


CLIMATE REPORT
NATIONAL WEATHER SERVICE OMAHA NEBRASKA
127 AM CDT FRI APR 28 2017


...................................

...THE OMAHA EPPLEY, NEBRASKA CLIMATE SUMMARY FOR APRIL 27 2017...

CLIMATE NORMAL PERIOD 1981 TO 2010
CLIMATE RECORD PERIOD 1871 TO 2017


WEATHER ITEM   OBSERVED TIME   RECORD YEAR NORMAL DEPARTURE LAST
                VALUE   (LST)  VALUE       VALUE  FROM      YEAR
                                                  NORMAL
..................................................................
TEMPERATURE (F)
 YESTERDAY
  MAXIMUM         59    514 PM  92    1989  68     -9       64
  MINIMUM         36    558 AM  30    1950  44     -8       46
                                      1908
  AVERAGE         48                        56     -8       55

PRECIPITATION (IN)
  YESTERDAY        0.00          2.29 1877   0.12  -0.12     1.31
  MONTH TO DATE    0.99                      2.59  -1.60     4.26
  SINCE MAR 1      3.38                      4.58  -1.20     5.29
  SINCE JAN 1      5.28                      6.15  -0.87     7.01

SNOWFALL (IN)
  YESTERDAY        0.0                       0.1   -0.1      0.0
  MONTH TO DATE    0.0                       1.0   -1.0       T
  SINCE JUL 1     11.4                      26.4  -15.0     27.4
  SNOW DEPTH       0

DEGREE DAYS
 HEATING
  YESTERDAY       17                        10      7       10
  MONTH TO DATE  253                       385   -132      254
  SINCE MAR 1    916                      1176   -260      791
  SINCE JUL 1   4743                      5974  -1231     4757

 COOLING
  YESTERDAY        0                         1     -1        0
  MONTH TO DATE    8                        11     -3       11
  SINCE MAR 1      8                        12     -4       13
  SINCE JAN 1      8                        12     -4       13
..................................................................


WIND (MPH)
  HIGHEST WIND SPEED    18   HIGHEST WIND DIRECTION    NW (320)
  HIGHEST GUST SPEED    24   HIGHEST GUST DIRECTION    NW (320)
  AVERAGE WIND SPEED     7.6


SKY COVER
  POSSIBLE SUNSHINE  MM
  AVERAGE SKY COVER 0.8


WEATHER CONDITIONS
 THE FOLLOWING WEATHER WAS RECORDED YESTERDAY.
  NO SIGNIFICANT WEATHER WAS OBSERVED.


RELATIVE HUMIDITY (PERCENT)
 HIGHEST    75           600 AM
 LOWEST     39           500 PM
 AVERAGE    57

..........................................................


THE OMAHA EPPLEY, NEBRASKA CLIMATE NORMALS FOR TODAY
                         NORMAL    RECORD    YEAR
 MAXIMUM TEMPERATURE (F)   68        94      1910
 MINIMUM TEMPERATURE (F)   45        30      1990


SUNRISE AND SUNSET
APRIL 28 2017.........SUNRISE   625 AM CDT   SUNSET   818 PM CDT
APRIL 29 2017.........SUNRISE   623 AM CDT   SUNSET   819 PM CDT


-  INDICATES NEGATIVE NUMBERS.
R  INDICATES RECORD WAS SET OR TIED.
MM INDICATES DATA IS MISSING.
T  INDICATES TRACE AMOUNT.




$$
