000
CDUS43 KOAX 230626
CLIOMA


CLIMATE REPORT
NATIONAL WEATHER SERVICE OMAHA NEBRASKA
124 AM CDT THU OCT 23 2014


...................................

...THE OMAHA EPPLEY, NEBRASKA CLIMATE SUMMARY FOR OCTOBER 22 2014...

CLIMATE NORMAL PERIOD 1981 TO 2010
CLIMATE RECORD PERIOD 1871 TO 2014


WEATHER ITEM   OBSERVED TIME   RECORD YEAR NORMAL DEPARTURE LAST
                VALUE   (LST)  VALUE       VALUE  FROM      YEAR
                                                  NORMAL
..................................................................
TEMPERATURE (F)
 YESTERDAY
  MAXIMUM         76    315 PM  89    1975  62     14       48
  MINIMUM         54    746 AM  20    1976  40     14       37
  AVERAGE         65                        51     14       43

PRECIPITATION (IN)
  YESTERDAY        1.02          1.65 1977   0.07   0.95      T
  MONTH TO DATE    2.48                      1.59   0.89     3.47
  SINCE SEP 1      8.59                      4.27   4.32     6.19
  SINCE JAN 1     37.24                     27.38   9.86    27.43

SNOWFALL (IN)
  YESTERDAY        0.0                       0.0    0.0      0.0
  MONTH TO DATE    0.0                       0.1   -0.1      0.0
  SINCE JUL 1      0.0                       0.1   -0.1      0.0
  SNOW DEPTH       0

DEGREE DAYS
 HEATING
  YESTERDAY        0                        14    -14       22
  MONTH TO DATE  209                       235    -26      211
  SINCE SEP 1    283                       330    -47      228
  SINCE JUL 1    287                       338    -51      233

 COOLING
  YESTERDAY        0                         0      0        0
  MONTH TO DATE    4                        12     -8       21
  SINCE SEP 1    124                       129     -5      228
  SINCE JAN 1   1147                      1109     38     1294
..................................................................


WIND (MPH)
  HIGHEST WIND SPEED    24   HIGHEST WIND DIRECTION     S (160)
  HIGHEST GUST SPEED    29   HIGHEST GUST DIRECTION     S (160)
  AVERAGE WIND SPEED    14.9


SKY COVER
  POSSIBLE SUNSHINE  MM
  AVERAGE SKY COVER 0.7


WEATHER CONDITIONS
 THE FOLLOWING WEATHER WAS RECORDED YESTERDAY.
  HEAVY RAIN
  RAIN
  LIGHT RAIN
  FOG


RELATIVE HUMIDITY (PERCENT)
 HIGHEST    93           800 PM
 LOWEST     46           100 PM
 AVERAGE    70

..........................................................


THE OMAHA EPPLEY, NEBRASKA CLIMATE NORMALS FOR TODAY
                         NORMAL    RECORD    YEAR
 MAXIMUM TEMPERATURE (F)   62        84      1899
 MINIMUM TEMPERATURE (F)   39        20      1981


SUNRISE AND SUNSET
OCTOBER 23 2014.......SUNRISE   744 AM CDT   SUNSET   631 PM CDT
OCTOBER 24 2014.......SUNRISE   746 AM CDT   SUNSET   629 PM CDT


-  INDICATES NEGATIVE NUMBERS.
R  INDICATES RECORD WAS SET OR TIED.
MM INDICATES DATA IS MISSING.
T  INDICATES TRACE AMOUNT.


$$

BCM
