868
CDAK49 PAFG 251009
CLIOME

CLIMATE REPORT
NATIONAL WEATHER SERVICE FAIRBANKS AK
209 AM AKDT SUN JUN 25 2017


...................................

...THE NOME AK CLIMATE SUMMARY FOR JUNE 24 2017...

CLIMATE NORMAL PERIOD 1981 TO 2010
CLIMATE RECORD PERIOD 1906 TO 2017


WEATHER ITEM   OBSERVED TIME   RECORD YEAR NORMAL DEPARTURE LAST
                VALUE   (LST)  VALUE       VALUE  FROM      YEAR
                                                  NORMAL
..................................................................
TEMPERATURE (F)
 YESTERDAY
  MAXIMUM         49    316 PM  78    1971  57     -8       65
  MINIMUM         43   1250 AM  31    2002  43      0       47
  AVERAGE         46                        50     -4       56

PRECIPITATION (IN)
  YESTERDAY        0.00          1.21 1953   0.03  -0.03     0.00
  MONTH TO DATE    0.76                      0.74   0.02     0.34
  SINCE JUN 1      0.76                      0.74   0.02     0.34
  SINCE JAN 1      3.61                      4.88  -1.27     3.43

SNOWFALL (IN)
  YESTERDAY        0.0           0.0    MM   0.0    0.0      0.0
  MONTH TO DATE    0.0                       0.3   -0.3      0.0
  SINCE JUN 1      0.0                       0.3   -0.3      0.0
  SINCE JUL 1     54.6                      75.7  -21.1     16.2
  SNOW DEPTH       0

DEGREE DAYS
 HEATING
  YESTERDAY       19                        15      4        9
  MONTH TO DATE  289                       432   -143      376
  SINCE JUN 1    289                       432   -143      376
  SINCE JUL 1  12907                     13616   -709     6315

 COOLING
  YESTERDAY        0                         0      0        0
  MONTH TO DATE    4                         0      4        0
  SINCE JUN 1      4                         0      4        0
  SINCE JAN 1      4                         0      4        0
..................................................................


WIND (MPH)
  HIGHEST GUST SPEED    20   HIGHEST GUST DIRECTION    SW (230)


SKY COVER
  AVERAGE SKY COVER 0.9


WEATHER CONDITIONS
 THE FOLLOWING WEATHER WAS RECORDED YESTERDAY.
  FOG


RELATIVE HUMIDITY (PERCENT)
 HIGHEST   100
 LOWEST     80
 AVERAGE    90

..........................................................


THE NOME AK CLIMATE NORMALS FOR TODAY
                         NORMAL    RECORD    YEAR
 MAXIMUM TEMPERATURE (F)   58        80      1982
 MINIMUM TEMPERATURE (F)   44        31      1918


SUNRISE AND SUNSET
JUNE 25 2017..........SUNRISE   422 AM AKDT  SUNSET   147 AM AKDT
JUNE 26 2017..........SUNRISE   423 AM AKDT  SUNSET   146 AM AKDT

-  INDICATES NEGATIVE NUMBERS.
R  INDICATES RECORD WAS SET OR TIED.
MM INDICATES DATA IS MISSING.
T  INDICATES TRACE AMOUNT.

&&

SNOW DEPTH IS MEASURED AT 3AM AKST/4AM AKDT.

----------------------------
AVAILABLE DAYLIGHT

AMOUNT OF DAYLIGHT TODAY  (HOUR:MIN)........21:26
GAIN/LOSS SINCE YESTERDAY (HOUR:MIN:SEC)....-0:01:35

NOME TIDAL INFORMATION FOR 25 JUNE 2017
0717  +1.0
1146  +0.5
1728  +1.2

$$
NTS JUN 17
