000
CDAK49 PAOM 160902
CLIOME

CLIMATE REPORT
NATIONAL WEATHER SERVICE NOME, AK
102 AM AKDT TUE SEP 16 2014

...................................
...THE NOME WSO AP CLIMATE SUMMARY FOR SEPTEMBER 15 2014...

CLIMATE NORMAL PERIOD  1981 TO  2010
CLIMATE RECORD PERIOD  1906 TO  2014

WEATHER ITEM   OBSERVED TIME    RECORD YEAR NORMAL DEPARTURE LAST
               VALUE    (LST)   VALUE       VALUE  FROM      YEAR
                                                   NORMAL
...................................................................
TEMPERATURE
YESTERDAY
 MAXIMUM            60  0131 PM    62  1949     49      11     47
 MINIMUM            48  0418 AM    24  1996     38      10     42
 AVERAGE            54                          43      11     45

PRECIPITATION
(INCHES)
 YESTERDAY           T           0.76  2006   0.08   -0.08   0.14
 MONTH TO DATE    2.04                        1.34    0.70   1.77
 SINCE SEP 1      2.04                        1.34    0.70   1.77
 SINCE JAN 1     11.06                       11.79   -0.73  14.88

SNOWFALL
(INCHES)
 YESTERDAY         0.0            1.0  1972    0.0     0.0    0.0
 MONTH TO DATE     0.0                         0.1    -0.1    0.0
 SINCE SEP 1       0.0                         0.1    -0.1    0.0
 SINCE JUL 1       0.0                         0.1    -0.1    0.0
 SNOW DEPTH (IN)     0                                          0

DEGREE DAYS
 HEATING
  YESTERDAY         11                          22     -11     20
  MONTH TO DATE    240                         287     -47    294
  SINCE SEP 1      240                         287     -47    294
  SINCE JUL 1      943                        1151    -208   1068

 COOLING
  YESTERDAY          0                           0       0      0
  MONTH TO DATE      0                           0       0      0
  SINCE SEP 1        0                           0       0      0
  SINCE JAN 1        3                           0       3      7
...................................................................

WIND (MPH)
 HIGHEST WIND SPEED    13     HIGHEST WIND DIRECTION    330
 HIGHEST GUST SPEED    18     HIGHEST GUST DIRECTION    170
 AVERAGE WIND SPEED   5.4

SKY COVER
  POSSIBLE SUNSHINE    MM          AVERAGE SKY COVER     MM

WEATHER CONDITIONS
 THE FOLLOWING WEATHER WAS RECORDED YESTERDAY.
  RAIN


RELATIVE HUMIDITY
 HIGHEST RH     MM PERCENT       MM
 LOWEST  RH     MM PERCENT       MM
 AVERAGE RH     MM PERCENT       MM
...................................................................

THE NOME CLIMATE NORMALS FOR TODAY
                           NORMAL    RECORD   YEAR
 MAXIMUM TEMPERATURE (F)     49        63     1967
 MINIMUM TEMPERATURE (F)     37        22     1996

SUNRISE AND SUNSET
 SEP 16 2014..........SUNRISE  8:28 AM      SUNSET  9:24 PM
 SEP 17 2014..........SUNRISE  8:31 AM      SUNSET  9:20 PM

-  INDICATES NEGATIVE NUMBERS.
R  INDICATES RECORD HAS BEEN SET OR TIED.
MM INDICATES DATA IS MISSING.
T  INDICATES TRACE OF PRECIPITATION.

&&
-------------------------------------------------------------------

AMOUNT OF DAYLIGHT TODAY  (HOUR:MIN)........12 HOURS 56 MINUTES
GAIN/LOSS SINCE YESTERDAY (HOUR:MIN:SEC)....-0:06:32

TIDES FOR TUESDAY SEPTEMBER 16 2014

 4:45 AM LOW  0.6 FT
11:02 AM HIGH 1.4 FT
 5:56 PM LOW  0.1 FT

$$
RCT SEP 14
