169
CDAK49 PAFG 280949
CLIOME

CLIMATE REPORT
NATIONAL WEATHER SERVICE FAIRBANKS AK
149 AM AKDT FRI APR 28 2017


...................................

...THE NOME AK CLIMATE SUMMARY FOR APRIL 27 2017...

CLIMATE NORMAL PERIOD 1981 TO 2010
CLIMATE RECORD PERIOD 1906 TO 2017


WEATHER ITEM   OBSERVED TIME   RECORD YEAR NORMAL DEPARTURE LAST
                VALUE   (LST)  VALUE       VALUE  FROM      YEAR
                                                  NORMAL
..................................................................
TEMPERATURE (F)
 YESTERDAY
  MAXIMUM         42    659 PM  60    1940  33      9       47
  MINIMUM         28   1159 PM -15    1964  21      7       33
  AVERAGE         35                        27      8       40

PRECIPITATION (IN)
  YESTERDAY        0.01          0.26 1981   0.03  -0.02     0.00
  MONTH TO DATE    0.12                      0.68  -0.56     0.80
  SINCE MAR 1      0.13                      1.33  -1.20     0.84
  SINCE JAN 1      1.88                      3.20  -1.32     1.87

SNOWFALL (IN)
  YESTERDAY        0.0           2.6  1981   0.1   -0.1      0.0
  MONTH TO DATE    1.1                       6.9   -5.8      0.7
  SINCE MAR 1      2.0                      15.8  -13.8      0.7
  SINCE JUL 1     54.2                      72.5  -18.3     16.2
  SNOW DEPTH       2

DEGREE DAYS
 HEATING
  YESTERDAY       30                        38     -8       25
  MONTH TO DATE  946                      1225   -279      807
  SINCE MAR 1   2934                      2921     13     2449
  SINCE JUL 1  11729                     12200   -471     5240

 COOLING
  YESTERDAY        0                         0      0        0
  MONTH TO DATE    0                         0      0        0
  SINCE MAR 1      0                         0      0        0
  SINCE JAN 1      0                         0      0        0
..................................................................


WIND (MPH)
  HIGHEST GUST SPEED    10   HIGHEST GUST DIRECTION    SW (210)


SKY COVER
  AVERAGE SKY COVER 0.8


WEATHER CONDITIONS
 THE FOLLOWING WEATHER WAS RECORDED YESTERDAY.
  LIGHT RAIN
  FOG


RELATIVE HUMIDITY (PERCENT)
 HIGHEST   100
 LOWEST     79
 AVERAGE    90

..........................................................


THE NOME AK CLIMATE NORMALS FOR TODAY
                         NORMAL    RECORD    YEAR
 MAXIMUM TEMPERATURE (F)   34        50      2016
 MINIMUM TEMPERATURE (F)   22       -12      1964


SUNRISE AND SUNSET
APRIL 28 2017.........SUNRISE   640 AM AKDT  SUNSET  1121 PM AKDT
APRIL 29 2017.........SUNRISE   637 AM AKDT  SUNSET  1125 PM AKDT

-  INDICATES NEGATIVE NUMBERS.
R  INDICATES RECORD WAS SET OR TIED.
MM INDICATES DATA IS MISSING.
T  INDICATES TRACE AMOUNT.

&&

SNOW DEPTH IS MEASURED AT 3AM AKST/4AM AKDT.

----------------------------
AVAILABLE DAYLIGHT

AMOUNT OF DAYLIGHT TODAY  (HOUR:MIN)........16:41
GAIN/LOSS SINCE YESTERDAY (HOUR:MIN:SEC)....+0:06:50

NOME TIDAL INFORMATION FOR 28 APRIL 2017
0726   +1.1
1235   +0.3
1830   +1.2

$$
SDB APR 17
