568
CDAK49 PAOM 260915
CLIOME

CLIMATE REPORT
NATIONAL WEATHER SERVICE NOME, AK
115 AM AKDT TUE JUL 26 2016

...................................
...THE NOME WSO AP CLIMATE SUMMARY FOR JULY 25 2016...

CLIMATE NORMAL PERIOD  1981 TO  2010
CLIMATE RECORD PERIOD  1906 TO  2016

WEATHER ITEM   OBSERVED TIME    RECORD YEAR NORMAL DEPARTURE LAST
               VALUE    (LST)   VALUE       VALUE  FROM      YEAR
                                                   NORMAL
...................................................................
TEMPERATURE
YESTERDAY
 MAXIMUM            67  0825 PM    76  1966     58       9     54
 MINIMUM            52  0608 AM    32  1931     46       6     47
 AVERAGE            60                          52       8     51

PRECIPITATION
(INCHES)
 YESTERDAY        0.00           1.38  2012   0.08   -0.08      T
 MONTH TO DATE    2.22                        1.56    0.66   1.44
 SINCE JUN 1      2.56                        2.54    0.02   2.10
 SINCE JAN 1      5.65                        6.68   -1.03   6.54

SNOWFALL
(INCHES)
 YESTERDAY         0.0            0.0  2016    0.0     0.0    0.0
 MONTH TO DATE     0.0                         0.0     0.0    0.0
 SINCE JUN 1       0.0                         0.3    -0.3    0.0
 SINCE JUL 1       0.0                         0.0     0.0    0.0
 SNOW DEPTH (IN)     0                                          0

DEGREE DAYS
 HEATING
  YESTERDAY          5                          13      -8     14
  MONTH TO DATE    314                         322      -8    238
  SINCE JUN 1      778                         838     -60    763
  SINCE JUL 1      314                         322      -8    238

 COOLING
  YESTERDAY          0                           0       0      0
  MONTH TO DATE      0                           0       0      0
  SINCE JUN 1        0                           0       0      5
  SINCE JAN 1        0                           0       0      5
...................................................................

WIND (MPH)
 HIGHEST WIND SPEED    15     HIGHEST WIND DIRECTION    250
 HIGHEST GUST SPEED    18     HIGHEST GUST DIRECTION    250
 AVERAGE WIND SPEED   8.1

SKY COVER
  POSSIBLE SUNSHINE    MM          AVERAGE SKY COVER     MM

WEATHER CONDITIONS
 THE FOLLOWING WEATHER WAS RECORDED YESTERDAY.
  NO SIGNIFICANT WEATHER WAS OBSERVED.

RELATIVE HUMIDITY
 HIGHEST RH     MM PERCENT       MM
 LOWEST  RH     MM PERCENT       MM
 AVERAGE RH     MM PERCENT       MM
...................................................................

THE NOME CLIMATE NORMALS FOR TODAY
                           NORMAL    RECORD   YEAR
 MAXIMUM TEMPERATURE (F)     58        78     1926
 MINIMUM TEMPERATURE (F)     46        35     1929

SUNRISE AND SUNSET
 JUL 26 2016..........SUNRISE  5:48 AM      SUNSET 12:27 AM
 JUL 27 2016..........SUNRISE  5:51 AM      SUNSET 12:24 AM

-  INDICATES NEGATIVE NUMBERS.
R  INDICATES RECORD HAS BEEN SET OR TIED.
MM INDICATES DATA IS MISSING.
T  INDICATES TRACE OF PRECIPITATION.

&&
-------------------------------------------------------------------

AMOUNT OF DAYLIGHT TODAY  (HOUR:MIN)........18 HOURS 39 MINUTES
GAIN/LOSS SINCE YESTERDAY (HOUR:MIN:SEC)....-0:06:39

TIDE INFORMATION FOR TUESDAY JULY 26 2016
 3:59 AM LOW  0.0 FT
10:52 AM HIGH 1.4 FT
 4:57 PM LOW  0.4 FT
10:55 PM HIGH 1.0 FT

$$
RWM JUL 16
