000
CDAK49 PAOM 270905
CLIOME

CLIMATE REPORT
NATIONAL WEATHER SERVICE NOME, AK
1205 AM AKST TUE JAN 27 2015

...................................
...THE NOME WSO AP CLIMATE SUMMARY FOR JANUARY 26 2015...

CLIMATE NORMAL PERIOD  1981 TO  2010
CLIMATE RECORD PERIOD  1906 TO  2015

WEATHER ITEM   OBSERVED TIME    RECORD YEAR NORMAL DEPARTURE LAST
               VALUE    (LST)   VALUE       VALUE  FROM      YEAR
                                                   NORMAL
...................................................................
TEMPERATURE
YESTERDAY
 MAXIMUM           -14  0455 PM    45  2014     13     -27     45
 MINIMUM           -28  1107 AM   -43  1989     -3     -25     36
 AVERAGE           -21                           5     -26     41

PRECIPITATION
(INCHES)
 YESTERDAY        0.00           0.36  1916   0.03   -0.03      T
 MONTH TO DATE    0.71                        0.79   -0.08   1.21
 SINCE DEC 1      1.25                        1.87   -0.62   3.22
 SINCE JAN 1      0.71                        0.79   -0.08   1.21

SNOWFALL
(INCHES)
 YESTERDAY         0.0            4.0  1916    0.4    -0.4    0.0
 MONTH TO DATE    10.4                        10.7    -0.3   11.8
 SINCE DEC 1      15.5                        25.2    -9.7   30.2
 SINCE JUL 1      33.1                        42.5    -9.4   44.8
 SNOW DEPTH (IN)    12                                         15

DEGREE DAYS
 HEATING
  YESTERDAY         86                          60      26     24
  MONTH TO DATE   1395                        1553    -158   1200
  SINCE JUL 1     6458                        7371    -913   6566

 COOLING
  YESTERDAY          0                           0       0      0
  MONTH TO DATE      0                           0       0      0
  SINCE DEC 1        0                           0       0      0
  SINCE JAN 1        0                           0       0      0
...................................................................

WIND (MPH)
 HIGHEST WIND SPEED     6     HIGHEST WIND DIRECTION    360
 HIGHEST GUST SPEED     7     HIGHEST GUST DIRECTION     30
 AVERAGE WIND SPEED   1.5

SKY COVER
  POSSIBLE SUNSHINE    MM          AVERAGE SKY COVER     MM

WEATHER CONDITIONS
 THE FOLLOWING WEATHER WAS RECORDED YESTERDAY.
  FOG


RELATIVE HUMIDITY
 HIGHEST RH     MM PERCENT       MM
 LOWEST  RH     MM PERCENT       MM
 AVERAGE RH     MM PERCENT       MM
...................................................................

THE NOME CLIMATE NORMALS FOR TODAY
                           NORMAL    RECORD   YEAR
 MAXIMUM TEMPERATURE (F)     13        51     2014
 MINIMUM TEMPERATURE (F)     -3       -54     1989

SUNRISE AND SUNSET
 JAN 27 2015..........SUNRISE 11:01 AM      SUNSET  5:30 PM
 JAN 28 2015..........SUNRISE 10:58 AM      SUNSET  5:34 PM

-  INDICATES NEGATIVE NUMBERS.
R  INDICATES RECORD HAS BEEN SET OR TIED.
MM INDICATES DATA IS MISSING.
T  INDICATES TRACE OF PRECIPITATION.

&&
-------------------------------------------------------------------

AMOUNT OF DAYLIGHT TODAY  (HOUR:MIN)........6 HOURS 29 MINUTES
GAIN/LOSS SINCE YESTERDAY (HOUR:MIN:SEC)....+0:06:24

TIDES FOR TUESDAY JANUARY 27 2015

 4:09 AM LOW  0.3 FT
10:28 AM HIGH 1.4 FT
 4:19 PM LOW  0.3 FT
10:42 PM HIGH 1.4 FT

$$
RCT JAN 15
