000
CDUS46 KOTX 200830
CLIOMK


CLIMATE REPORT
NATIONAL WEATHER SERVICE SPOKANE, WA
130 AM PDT SAT SEP 20 2014


...................................

...THE OMAK WA AIRPORT CLIMATE SUMMARY FOR SEPTEMBER 19 2014...

CLIMATE NORMAL PERIOD 1981 TO 2010
CLIMATE RECORD PERIOD 9999 TO 9999


WEATHER ITEM   OBSERVED TIME   RECORD YEAR NORMAL DEPARTURE LAST
                VALUE   (LST)  VALUE       VALUE  FROM      YEAR
                                                  NORMAL
..................................................................
TEMPERATURE (F)
 YESTERDAY
  MAXIMUM         84    257 PM  92    1938  77      7       73
  MINIMUM         52    532 AM  27    1945  46      6       38
  AVERAGE         68                        61      7       56

PRECIPITATION (IN)
  YESTERDAY        0.00          0.53 1973   0.02  -0.02     0.00
                                      1973
                                      2010
  MONTH TO DATE    0.40                      0.32   0.08     0.92
  SINCE OCT 1      7.81                     14.79  -6.98    15.33
  SINCE JAN 1      6.64                      9.34  -2.70     8.34

SNOWFALL (IN)
  YESTERDAY       MM            MM      MM  MM     MM       MM
  MONTH TO DATE   MM                        MM     MM       MM
  SINCE SEP 1     MM                        MM     MM       MM
  SINCE JUL 1     MM                        MM     MM       MM
  SNOW DEPTH      MM

DEGREE DAYS
 HEATING
  YESTERDAY        0                         5     -5        9
  MONTH TO DATE   50                        56     -6       21
  SINCE SEP 1     50                        56     -6       21
  SINCE JUL 1     55                        87    -32       21

 COOLING
  YESTERDAY        3                         1      2        0
  MONTH TO DATE   32                        51    -19      128
  SINCE SEP 1     32                        51    -19      128
  SINCE JAN 1    856                       657    199      814
..................................................................


WIND (MPH)
  HIGHEST WIND SPEED    14   HIGHEST WIND DIRECTION     S (200)
  HIGHEST GUST SPEED    19   HIGHEST GUST DIRECTION     S (200)
  AVERAGE WIND SPEED     6.2


SKY COVER
  POSSIBLE SUNSHINE  MM
  AVERAGE SKY COVER 0.0


WEATHER CONDITIONS
 THE FOLLOWING WEATHER WAS RECORDED YESTERDAY.
  NO SIGNIFICANT WEATHER WAS OBSERVED.


RELATIVE HUMIDITY (PERCENT)
 HIGHEST    77           400 AM
 LOWEST     26           300 PM
 AVERAGE    52

..........................................................


THE OMAK WA AIRPORT CLIMATE NORMALS FOR TODAY
                         NORMAL    RECORD    YEAR
 MAXIMUM TEMPERATURE (F)   76        90      1994
 MINIMUM TEMPERATURE (F)   46        29      1972


SUNRISE AND SUNSET
SEPTEMBER 20 2014.....SUNRISE   642 AM PDT   SUNSET   700 PM PDT
SEPTEMBER 21 2014.....SUNRISE   643 AM PDT   SUNSET   658 PM PDT


-  INDICATES NEGATIVE NUMBERS.
R  INDICATES RECORD WAS SET OR TIED.
MM INDICATES DATA IS MISSING.
T  INDICATES TRACE AMOUNT.




$$
