000
CDUS46 KOTX 130821
CLIOMK


CLIMATE REPORT
NATIONAL WEATHER SERVICE SPOKANE, WA
121 AM PDT SUN JUL 13 2014


...................................

...THE OMAK WA AIRPORT CLIMATE SUMMARY FOR JULY 12 2014...

CLIMATE NORMAL PERIOD 1981 TO 2010
CLIMATE RECORD PERIOD 9999 TO 9999


WEATHER ITEM   OBSERVED TIME   RECORD YEAR NORMAL DEPARTURE LAST
                VALUE   (LST)  VALUE       VALUE  FROM      YEAR
                                                  NORMAL
..................................................................
TEMPERATURE (F)
 YESTERDAY
  MAXIMUM        101    200 PM 105    2002  88     13       76
  MINIMUM         67   1246 AM  40    1974  57     10       56
  AVERAGE         84                        72     12       66

PRECIPITATION (IN)
  YESTERDAY        0.00          1.63 1975   0.03  -0.03      T
  MONTH TO DATE    0.00                      0.37  -0.37      T
  SINCE OCT 1      6.39                     13.57  -7.18    12.83
  SINCE JAN 1      5.22                      8.12  -2.90     5.84

SNOWFALL (IN)
  YESTERDAY       MM            MM      MM  MM     MM       MM
  MONTH TO DATE   MM                        MM     MM       MM
  SINCE JUN 1     MM                        MM     MM       MM
  SINCE JUL 1     MM                        MM     MM       MM
  SNOW DEPTH      MM

DEGREE DAYS
 HEATING
  YESTERDAY        0                         0      0        0
  MONTH TO DATE    0                        11    -11        0
  SINCE JUN 1     38                        80    -42       67
  SINCE JUL 1      0                        11    -11        0

 COOLING
  YESTERDAY       19                         8     11        1
  MONTH TO DATE  164                        76     88      122
  SINCE JUN 1    229                       160     69      187
  SINCE JAN 1    243                       183     60      210
..................................................................


WIND (MPH)
  HIGHEST WIND SPEED    18   HIGHEST WIND DIRECTION     N (10)
  HIGHEST GUST SPEED    22   HIGHEST GUST DIRECTION     N (20)
  AVERAGE WIND SPEED     9.0


SKY COVER
  POSSIBLE SUNSHINE  MM
  AVERAGE SKY COVER 0.0


WEATHER CONDITIONS
 THE FOLLOWING WEATHER WAS RECORDED YESTERDAY.
  NO SIGNIFICANT WEATHER WAS OBSERVED.


RELATIVE HUMIDITY (PERCENT)
 HIGHEST    31           500 AM
 LOWEST      9           100 PM
 AVERAGE    20

..........................................................


THE OMAK WA AIRPORT CLIMATE NORMALS FOR TODAY
                         NORMAL    RECORD    YEAR
 MAXIMUM TEMPERATURE (F)   88       103      1935
 MINIMUM TEMPERATURE (F)   57        42      1971


SUNRISE AND SUNSET
JULY 13 2014..........SUNRISE   510 AM PDT   SUNSET   857 PM PDT
JULY 14 2014..........SUNRISE   511 AM PDT   SUNSET   856 PM PDT


-  INDICATES NEGATIVE NUMBERS.
R  INDICATES RECORD WAS SET OR TIED.
MM INDICATES DATA IS MISSING.
T  INDICATES TRACE AMOUNT.




$$
