799
CDUS46 KOTX 230854
CLIOMK


CLIMATE REPORT
NATIONAL WEATHER SERVICE SPOKANE, WA
1254 AM PST FRI FEB 23 2018


...................................

...THE OMAK WA AIRPORT CLIMATE SUMMARY FOR FEBRUARY 22 2018...

CLIMATE NORMAL PERIOD 1981 TO 2010
CLIMATE RECORD PERIOD 9999 TO 9999


WEATHER ITEM   OBSERVED TIME   RECORD YEAR NORMAL DEPARTURE LAST
                VALUE   (LST)  VALUE       VALUE  FROM      YEAR
                                                  NORMAL
..................................................................
TEMPERATURE (F)
 YESTERDAY
  MAXIMUM         30    417 PM  59    2002  43    -13       42
                                      1995
  MINIMUM         14   1159 PM   4    1959  24    -10       22
  AVERAGE         22                        33    -11       32

PRECIPITATION (IN)
  YESTERDAY        0.00                      0.05  -0.05     0.00
  MONTH TO DATE    0.30                      1.11  -0.81     1.60
  SINCE OCT 1      6.88                      7.89  -1.01    10.11
  SINCE JAN 1      3.50                      3.00   0.50     3.63

SNOWFALL (IN)
  YESTERDAY       MM

DEGREE DAYS
 HEATING
  YESTERDAY       43                        32     11       33
  MONTH TO DATE  765                       745     20      852
  SINCE DEC 1   3055                      3145    -90     3471
  SINCE JUL 1   4515                      4678   -163     4709

 COOLING
  YESTERDAY        0                         0      0        0
  MONTH TO DATE    0                         0      0        0
  SINCE DEC 1      0                         0      0        0
  SINCE JAN 1      0                         0      0        0
..................................................................


WIND (MPH)
  HIGHEST WIND SPEED    25   HIGHEST WIND DIRECTION     N (10)
  HIGHEST GUST SPEED    29   HIGHEST GUST DIRECTION     N (10)
  AVERAGE WIND SPEED    13.1


SKY COVER
  POSSIBLE SUNSHINE  MM
  AVERAGE SKY COVER 0.1


WEATHER CONDITIONS
 THE FOLLOWING WEATHER WAS RECORDED YESTERDAY.
  NO SIGNIFICANT WEATHER WAS OBSERVED.


RELATIVE HUMIDITY (PERCENT)
 HIGHEST    92           200 AM
 LOWEST     43           400 PM
 AVERAGE    68

..........................................................


THE OMAK WA AIRPORT CLIMATE NORMALS FOR TODAY
                         NORMAL    RECORD    YEAR
 MAXIMUM TEMPERATURE (F)   43        60      1947
 MINIMUM TEMPERATURE (F)   24         4      1948


SUNRISE AND SUNSET
FEBRUARY 23 2018......SUNRISE   651 AM PST   SUNSET   533 PM PST
FEBRUARY 24 2018......SUNRISE   649 AM PST   SUNSET   534 PM PST


-  INDICATES NEGATIVE NUMBERS.
R  INDICATES RECORD WAS SET OR TIED.
MM INDICATES DATA IS MISSING.
T  INDICATES TRACE AMOUNT.




$$
