000
CDUS46 KOTX 020830
CLIOMK


CLIMATE REPORT
NATIONAL WEATHER SERVICE SPOKANE, WA
130 AM PDT TUE SEP 2 2014


...................................

...THE OMAK WA AIRPORT CLIMATE SUMMARY FOR SEPTEMBER 1 2014...

CLIMATE NORMAL PERIOD 1981 TO 2010
CLIMATE RECORD PERIOD 9999 TO 9999


WEATHER ITEM   OBSERVED TIME   RECORD YEAR NORMAL DEPARTURE LAST
                VALUE   (LST)  VALUE       VALUE  FROM      YEAR
                                                  NORMAL
..................................................................
TEMPERATURE (F)
 YESTERDAY
  MAXIMUM         81    329 PM  99    1998  83     -2       93
  MINIMUM         47    547 AM  34    1959  53     -6       55
  AVERAGE         64                        68     -4       74

PRECIPITATION (IN)
  YESTERDAY        0.00          0.99 1944   0.01  -0.01     0.00
  MONTH TO DATE    0.00                      0.01  -0.01     0.00
  SINCE OCT 1      7.41                     14.48  -7.07    14.41
  SINCE JAN 1      6.24                      9.03  -2.79     7.42

SNOWFALL (IN)
  YESTERDAY       MM            MM      MM  MM     MM       MM
  MONTH TO DATE   MM                        MM     MM       MM
  SINCE SEP 1     MM                        MM     MM       MM
  SINCE JUL 1     MM                        MM     MM       MM
  SNOW DEPTH      MM

DEGREE DAYS
 HEATING
  YESTERDAY        1                         2     -1        0
  MONTH TO DATE    1                         2     -1        0
  SINCE SEP 1      1                         2     -1        0
  SINCE JUL 1      6                        33    -27        0

 COOLING
  YESTERDAY        0                         5     -5        9
  MONTH TO DATE    0                         5     -5        9
  SINCE SEP 1      0                         5     -5        9
  SINCE JAN 1    824                       611    213      695
..................................................................


WIND (MPH)
  HIGHEST WIND SPEED    15   HIGHEST WIND DIRECTION     S (190)
  HIGHEST GUST SPEED    20   HIGHEST GUST DIRECTION     S (190)
  AVERAGE WIND SPEED     6.3


SKY COVER
  POSSIBLE SUNSHINE  MM
  AVERAGE SKY COVER 0.0


WEATHER CONDITIONS
 THE FOLLOWING WEATHER WAS RECORDED YESTERDAY.
  NO SIGNIFICANT WEATHER WAS OBSERVED.


RELATIVE HUMIDITY (PERCENT)
 HIGHEST    71           500 AM
 LOWEST     23           300 PM
 AVERAGE    47

..........................................................


THE OMAK WA AIRPORT CLIMATE NORMALS FOR TODAY
                         NORMAL    RECORD    YEAR
 MAXIMUM TEMPERATURE (F)   83       101      1938
 MINIMUM TEMPERATURE (F)   52        36      1959


SUNRISE AND SUNSET
SEPTEMBER  2 2014.....SUNRISE   617 AM PDT   SUNSET   737 PM PDT
SEPTEMBER  3 2014.....SUNRISE   618 AM PDT   SUNSET   735 PM PDT


-  INDICATES NEGATIVE NUMBERS.
R  INDICATES RECORD WAS SET OR TIED.
MM INDICATES DATA IS MISSING.
T  INDICATES TRACE AMOUNT.




$$
