000
CDUS46 KOTX 110830
CLIOMK


CLIMATE REPORT
NATIONAL WEATHER SERVICE SPOKANE, WA
1230 AM PST THU FEB 11 2016


...................................

...THE OMAK WA AIRPORT CLIMATE SUMMARY FOR FEBRUARY 10 2016...

CLIMATE NORMAL PERIOD 1981 TO 2010
CLIMATE RECORD PERIOD 9999 TO 9999


WEATHER ITEM   OBSERVED TIME   RECORD YEAR NORMAL DEPARTURE LAST
                VALUE   (LST)  VALUE       VALUE  FROM      YEAR
                                                  NORMAL
..................................................................
TEMPERATURE (F)
 YESTERDAY
  MAXIMUM         37    513 PM  54    1967  39     -2       51
  MINIMUM         21    320 AM  -8    1939  23     -2       40
  AVERAGE         29                        31     -2       46

PRECIPITATION (IN)
  YESTERDAY        0.00          1.09 1943   0.04  -0.04     0.01
  MONTH TO DATE    0.18                      0.48  -0.30     1.00
  SINCE OCT 1      7.82                      7.26   0.56     8.30
  SINCE JAN 1      2.46                      2.37   0.09     1.73

SNOWFALL (IN)
  YESTERDAY       MM

DEGREE DAYS
 HEATING
  YESTERDAY       36                        34      2       19
  MONTH TO DATE  340                       349     -9      254
  SINCE DEC 1   2618                      2749   -131     2356
  SINCE JUL 1   3919                      4282   -363     3753

 COOLING
  YESTERDAY        0                         0      0        0
  MONTH TO DATE    0                         0      0        0
  SINCE DEC 1      0                         0      0        0
  SINCE JAN 1      0                         0      0        0
..................................................................


WIND (MPH)
  HIGHEST WIND SPEED     9   HIGHEST WIND DIRECTION    SE (150)
  HIGHEST GUST SPEED    12   HIGHEST GUST DIRECTION    SE (150)
  AVERAGE WIND SPEED     3.1


SKY COVER
  POSSIBLE SUNSHINE  MM
  AVERAGE SKY COVER 0.6


WEATHER CONDITIONS
 THE FOLLOWING WEATHER WAS RECORDED YESTERDAY.
  FOG


RELATIVE HUMIDITY (PERCENT)
 HIGHEST    96           400 AM
 LOWEST     75           200 PM
 AVERAGE    86

..........................................................


THE OMAK WA AIRPORT CLIMATE NORMALS FOR TODAY
                         NORMAL    RECORD    YEAR
 MAXIMUM TEMPERATURE (F)   39        52      1945
 MINIMUM TEMPERATURE (F)   23        -9      1949


SUNRISE AND SUNSET
FEBRUARY 11 2016......SUNRISE   713 AM PST   SUNSET   513 PM PST
FEBRUARY 12 2016......SUNRISE   711 AM PST   SUNSET   514 PM PST


-  INDICATES NEGATIVE NUMBERS.
R  INDICATES RECORD WAS SET OR TIED.
MM INDICATES DATA IS MISSING.
T  INDICATES TRACE AMOUNT.




$$
