000
CDUS46 KOTX 310826
CLIOMK


CLIMATE REPORT
NATIONAL WEATHER SERVICE SPOKANE, WA
125 AM PDT TUE MAY 31 2016


...................................

...THE OMAK WA AIRPORT CLIMATE SUMMARY FOR MAY 30 2016...

CLIMATE NORMAL PERIOD 1981 TO 2010
CLIMATE RECORD PERIOD 9999 TO 9999


WEATHER ITEM   OBSERVED TIME   RECORD YEAR NORMAL DEPARTURE LAST
                VALUE   (LST)  VALUE       VALUE  FROM      YEAR
                                                  NORMAL
..................................................................
TEMPERATURE (F)
 YESTERDAY
  MAXIMUM         75    526 PM  94    1936  76     -1       86
  MINIMUM         40    341 AM  33    1950  49     -9       55
  AVERAGE         58                        62     -4       71

PRECIPITATION (IN)
  YESTERDAY        0.00                      0.05  -0.05     0.00
  MONTH TO DATE    0.69                      1.18  -0.49     1.42
  SINCE OCT 1     12.43                     11.60   0.83    10.74
  SINCE JAN 1      7.07                      6.71   0.36     4.17

SNOWFALL (IN)
  YESTERDAY       MM

DEGREE DAYS
 HEATING
  YESTERDAY        7                         4      3        0
  MONTH TO DATE  116                       229   -113      130
  SINCE MAR 1    985                      1407   -422     1133
  SINCE JUL 1   5391                      6268   -877     5319

 COOLING
  YESTERDAY        0                         1     -1        6
  MONTH TO DATE   18                        20     -2       44
  SINCE MAR 1     23                        21      2       44
  SINCE JAN 1     23                        21      2       44
..................................................................


WIND (MPH)
  HIGHEST WIND SPEED    16   HIGHEST WIND DIRECTION     N (10)
  HIGHEST GUST SPEED    23   HIGHEST GUST DIRECTION     N (20)
  AVERAGE WIND SPEED     7.2


SKY COVER
  POSSIBLE SUNSHINE  MM
  AVERAGE SKY COVER 0.0


WEATHER CONDITIONS
 THE FOLLOWING WEATHER WAS RECORDED YESTERDAY.
  NO SIGNIFICANT WEATHER WAS OBSERVED.


RELATIVE HUMIDITY (PERCENT)
 HIGHEST    73           400 AM
 LOWEST     16           400 PM
 AVERAGE    45

..........................................................


THE OMAK WA AIRPORT CLIMATE NORMALS FOR TODAY
                         NORMAL    RECORD    YEAR
 MAXIMUM TEMPERATURE (F)   76        92      1931
 MINIMUM TEMPERATURE (F)   49        35      1976


SUNRISE AND SUNSET
MAY 31 2016...........SUNRISE   501 AM PDT   SUNSET   851 PM PDT
JUNE  1 2016..........SUNRISE   500 AM PDT   SUNSET   852 PM PDT


-  INDICATES NEGATIVE NUMBERS.
R  INDICATES RECORD WAS SET OR TIED.
MM INDICATES DATA IS MISSING.
T  INDICATES TRACE AMOUNT.




$$
