000
CDUS46 KOTX 060837
CLIOMK


CLIMATE REPORT
NATIONAL WEATHER SERVICE SPOKANE, WA
1236 AM PST FRI MAR 6 2015


...................................

...THE OMAK WA AIRPORT CLIMATE SUMMARY FOR MARCH 5 2015...

CLIMATE NORMAL PERIOD 1981 TO 2010
CLIMATE RECORD PERIOD 9999 TO 9999


WEATHER ITEM   OBSERVED TIME   RECORD YEAR NORMAL DEPARTURE LAST
                VALUE   (LST)  VALUE       VALUE  FROM      YEAR
                                                  NORMAL
..................................................................
TEMPERATURE (F)
 YESTERDAY
  MAXIMUM         54    333 PM  61    2005  47      7       42
                                      1953
  MINIMUM         23    509 AM   2    1955  27     -4       30
  AVERAGE         39                        37      2       36

PRECIPITATION (IN)
  YESTERDAY        0.00          0.49 2014   0.04  -0.04     0.49
  MONTH TO DATE    0.00                      0.19  -0.19     0.51
  SINCE OCT 1      8.30                      8.63  -0.33     3.50
  SINCE JAN 1      1.73                      3.18  -1.45     2.33

SNOWFALL (IN)
  YESTERDAY       MM

DEGREE DAYS
 HEATING
  YESTERDAY       26                        28     -2       29
  MONTH TO DATE  143                       143      0      180
  SINCE MAR 1    143                       143      0      180
  SINCE JUL 1   4329                      5004   -675     5170

 COOLING
  YESTERDAY        0                         0      0        0
  MONTH TO DATE    0                         0      0        0
  SINCE MAR 1      0                         0      0        0
  SINCE JAN 1      0                         0      0        0
..................................................................


WIND (MPH)
  HIGHEST WIND SPEED    13   HIGHEST WIND DIRECTION    SW (210)
  HIGHEST GUST SPEED    16   HIGHEST GUST DIRECTION     S (190)
  AVERAGE WIND SPEED     4.3


SKY COVER
  POSSIBLE SUNSHINE  MM
  AVERAGE SKY COVER 0.0


WEATHER CONDITIONS
 THE FOLLOWING WEATHER WAS RECORDED YESTERDAY.
  NO SIGNIFICANT WEATHER WAS OBSERVED.


RELATIVE HUMIDITY (PERCENT)
 HIGHEST    81           500 AM
 LOWEST     29           100 PM
 AVERAGE    55

..........................................................


THE OMAK WA AIRPORT CLIMATE NORMALS FOR TODAY
                         NORMAL    RECORD    YEAR
 MAXIMUM TEMPERATURE (F)   48        61      2005
                                             1953
 MINIMUM TEMPERATURE (F)   27         2      1956


SUNRISE AND SUNSET
MARCH  6 2015.........SUNRISE   630 AM PST   SUNSET   550 PM PST
MARCH  7 2015.........SUNRISE   628 AM PST   SUNSET   551 PM PST


-  INDICATES NEGATIVE NUMBERS.
R  INDICATES RECORD WAS SET OR TIED.
MM INDICATES DATA IS MISSING.
T  INDICATES TRACE AMOUNT.




$$
