000
CDUS46 KOTX 230826
CLIOMK


CLIMATE REPORT
NATIONAL WEATHER SERVICE SPOKANE, WA
126 AM PDT TUE MAY 23 2017


...................................

...THE OMAK WA AIRPORT CLIMATE SUMMARY FOR MAY 22 2017...

CLIMATE NORMAL PERIOD 1981 TO 2010
CLIMATE RECORD PERIOD 9999 TO 9999


WEATHER ITEM   OBSERVED TIME   RECORD YEAR NORMAL DEPARTURE LAST
                VALUE   (LST)  VALUE       VALUE  FROM      YEAR
                                                  NORMAL
..................................................................
TEMPERATURE (F)
 YESTERDAY
  MAXIMUM         86    304 PM  92    1958  74     12       71
  MINIMUM         51    430 AM  29    1966  46      5       48
  AVERAGE         69                        60      9       60

PRECIPITATION (IN)
  YESTERDAY        0.00                      0.03  -0.03     0.00
  MONTH TO DATE    1.45                      0.88   0.57     0.69
  SINCE OCT 1     16.53                     11.30   5.23    12.43
  SINCE JAN 1     10.05                      6.41   3.64     7.07

SNOWFALL (IN)
  YESTERDAY       MM

DEGREE DAYS
 HEATING
  YESTERDAY        0                         6     -6        5
  MONTH TO DATE  188                       191     -3       78
  SINCE MAR 1   1451                      1369     82      947
  SINCE JUL 1   6386                      6230    156     5353

 COOLING
  YESTERDAY        4                         1      3        0
  MONTH TO DATE    8                        12     -4       18
  SINCE MAR 1      8                        13     -5       23
  SINCE JAN 1      8                        13     -5       23
..................................................................


WIND (MPH)
  HIGHEST WIND SPEED    10   HIGHEST WIND DIRECTION    SW (220)
  HIGHEST GUST SPEED    14   HIGHEST GUST DIRECTION     N (20)
  AVERAGE WIND SPEED     5.1


SKY COVER
  POSSIBLE SUNSHINE  MM
  AVERAGE SKY COVER 0.0


WEATHER CONDITIONS
 THE FOLLOWING WEATHER WAS RECORDED YESTERDAY.
  NO SIGNIFICANT WEATHER WAS OBSERVED.


RELATIVE HUMIDITY (PERCENT)
 HIGHEST    71           300 AM
 LOWEST     22           500 PM
 AVERAGE    47

..........................................................


THE OMAK WA AIRPORT CLIMATE NORMALS FOR TODAY
                         NORMAL    RECORD    YEAR
 MAXIMUM TEMPERATURE (F)   74        96      2001
 MINIMUM TEMPERATURE (F)   47        29      1964


SUNRISE AND SUNSET
MAY 23 2017...........SUNRISE   508 AM PDT   SUNSET   842 PM PDT
MAY 24 2017...........SUNRISE   507 AM PDT   SUNSET   843 PM PDT


-  INDICATES NEGATIVE NUMBERS.
R  INDICATES RECORD WAS SET OR TIED.
MM INDICATES DATA IS MISSING.
T  INDICATES TRACE AMOUNT.




$$
