000
CDUS46 KOTX 270824
CLIOMK


CLIMATE REPORT
NATIONAL WEATHER SERVICE SPOKANE, WA
1223 AM PST TUE JAN 27 2015


...................................

...THE OMAK WA AIRPORT CLIMATE SUMMARY FOR JANUARY 26 2015...

CLIMATE NORMAL PERIOD 1981 TO 2010
CLIMATE RECORD PERIOD 9999 TO 9999


WEATHER ITEM   OBSERVED TIME   RECORD YEAR NORMAL DEPARTURE LAST
                VALUE   (LST)  VALUE       VALUE  FROM      YEAR
                                                  NORMAL
..................................................................
TEMPERATURE (F)
 YESTERDAY
  MAXIMUM         34    318 PM  48    1942  35     -1       32
  MINIMUM         32   1159 PM  -8    1950  22     10       29
  AVERAGE         33                        28      5       31

PRECIPITATION (IN)
  YESTERDAY        0.00          0.45 1942   0.04  -0.04     0.00
  MONTH TO DATE    0.73                      1.53  -0.80     0.16
  SINCE OCT 1      7.30                      6.98   0.32     1.33
  SINCE JAN 1      0.73                      1.53  -0.80     0.16

SNOWFALL (IN)
  YESTERDAY       MM

DEGREE DAYS
 HEATING
  YESTERDAY       32                        36     -4       34
  MONTH TO DATE  904                      1003    -99      887
  SINCE DEC 1   1955                      2219   -264     2190
  SINCE JUL 1   3352                      3752   -400     3787

 COOLING
  YESTERDAY        0                         0      0        0
  MONTH TO DATE    0                         0      0        0
  SINCE DEC 1      0                         0      0        0
  SINCE JAN 1      0                         0      0        0
..................................................................


WIND (MPH)
  HIGHEST WIND SPEED     7   HIGHEST WIND DIRECTION     S (160)
  HIGHEST GUST SPEED     9   HIGHEST GUST DIRECTION     S (200)
  AVERAGE WIND SPEED     2.2


SKY COVER
  POSSIBLE SUNSHINE  MM
  AVERAGE SKY COVER 1.0


WEATHER CONDITIONS
 THE FOLLOWING WEATHER WAS RECORDED YESTERDAY.
  FOG
  FOG W/VISIBILITY <= 1/4 MILE


RELATIVE HUMIDITY (PERCENT)
 HIGHEST   100          1200 AM
 LOWEST     92           700 PM
 AVERAGE    96

..........................................................


THE OMAK WA AIRPORT CLIMATE NORMALS FOR TODAY
                         NORMAL    RECORD    YEAR
 MAXIMUM TEMPERATURE (F)   35        50      1974
 MINIMUM TEMPERATURE (F)   22       -17      1949


SUNRISE AND SUNSET
JANUARY 27 2015.......SUNRISE   733 AM PST   SUNSET   449 PM PST
JANUARY 28 2015.......SUNRISE   732 AM PST   SUNSET   450 PM PST


-  INDICATES NEGATIVE NUMBERS.
R  INDICATES RECORD WAS SET OR TIED.
MM INDICATES DATA IS MISSING.
T  INDICATES TRACE AMOUNT.




$$
