000
CDUS46 KOTX 181006
CLIOMK


CLIMATE REPORT
NATIONAL WEATHER SERVICE SPOKANE, WA
305 AM PDT WED OCT 18 2017


...................................

...THE OMAK WA AIRPORT CLIMATE SUMMARY FOR OCTOBER 17 2017...

CLIMATE NORMAL PERIOD 1981 TO 2010
CLIMATE RECORD PERIOD 9999 TO 9999


WEATHER ITEM   OBSERVED TIME   RECORD YEAR NORMAL DEPARTURE LAST
                VALUE   (LST)  VALUE       VALUE  FROM      YEAR
                                                  NORMAL
..................................................................
TEMPERATURE (F)
 YESTERDAY
  MAXIMUM         67   1159 AM  77    2005  61      6       57
  MINIMUM         39    929 PM  18    1948  36      3       42
  AVERAGE         53                        48      5       50

PRECIPITATION (IN)
  YESTERDAY        T                         0.03  -0.03     0.20
  MONTH TO DATE    T                         0.49  -0.49     2.40
  SINCE OCT 1      T                         0.49  -0.49     2.40
  SINCE JAN 1     10.49                     10.35   0.14    11.87

SNOWFALL (IN)
  YESTERDAY       MM

DEGREE DAYS
 HEATING
  YESTERDAY       12                        17     -5       15
  MONTH TO DATE  288                       219     69      240
  SINCE SEP 1    417                       349     68      349
  SINCE JUL 1    417                       380     37      357

 COOLING
  YESTERDAY        0                         0      0        0
  MONTH TO DATE    0                         0      0        0
  SINCE SEP 1     93                        58     35       11
  SINCE JAN 1    885                       664    221      637
..................................................................


WIND (MPH)
  HIGHEST WIND SPEED    33   HIGHEST WIND DIRECTION     S (160)
  HIGHEST GUST SPEED    43   HIGHEST GUST DIRECTION    SE (150)
  AVERAGE WIND SPEED    11.7


SKY COVER
  POSSIBLE SUNSHINE  MM
  AVERAGE SKY COVER 0.1


WEATHER CONDITIONS
 THE FOLLOWING WEATHER WAS RECORDED YESTERDAY.
  LIGHT RAIN
  HAZE


RELATIVE HUMIDITY (PERCENT)
 HIGHEST    79           300 AM
 LOWEST     19           300 PM
 AVERAGE    49

..........................................................


THE OMAK WA AIRPORT CLIMATE NORMALS FOR TODAY
                         NORMAL    RECORD    YEAR
 MAXIMUM TEMPERATURE (F)   61        77      1940
 MINIMUM TEMPERATURE (F)   35        13      1945


SUNRISE AND SUNSET
OCTOBER 18 2017.......SUNRISE   723 AM PDT   SUNSET   603 PM PDT
OCTOBER 19 2017.......SUNRISE   724 AM PDT   SUNSET   601 PM PDT


-  INDICATES NEGATIVE NUMBERS.
R  INDICATES RECORD WAS SET OR TIED.
MM INDICATES DATA IS MISSING.
T  INDICATES TRACE AMOUNT.




$$
