000
CDUS46 KOTX 230821
CLIOMK


CLIMATE REPORT
NATIONAL WEATHER SERVICE SPOKANE, WA
120 AM PDT FRI JUN 23 2017


...................................

...THE OMAK WA AIRPORT CLIMATE SUMMARY FOR JUNE 22 2017...

CLIMATE NORMAL PERIOD 1981 TO 2010
CLIMATE RECORD PERIOD 9999 TO 9999


WEATHER ITEM   OBSERVED TIME   RECORD YEAR NORMAL DEPARTURE LAST
                VALUE   (LST)  VALUE       VALUE  FROM      YEAR
                                                  NORMAL
..................................................................
TEMPERATURE (F)
 YESTERDAY
  MAXIMUM         80    337 PM 100    1958  81     -1       82
  MINIMUM         47    407 AM  39    1966  52     -5       51
  AVERAGE         64                        67     -3       67

PRECIPITATION (IN)
  YESTERDAY        0.00                      0.04  -0.04     0.00
  MONTH TO DATE    0.26                      0.91  -0.65     1.57
  SINCE OCT 1     16.87                     12.55   4.32    14.00
  SINCE JAN 1     10.39                      7.66   2.73     8.64

SNOWFALL (IN)
  YESTERDAY       MM

DEGREE DAYS
 HEATING
  YESTERDAY        1                         2     -1        0
  MONTH TO DATE   58                        59     -1       74
  SINCE JUN 1     58                        59     -1       74
  SINCE JUL 1   6461                      6332    129     5465

 COOLING
  YESTERDAY        0                         3     -3        2
  MONTH TO DATE   20                        50    -30       75
  SINCE JUN 1     20                        50    -30       75
  SINCE JAN 1     51                        73    -22      100
..................................................................


WIND (MPH)
  HIGHEST WIND SPEED    20   HIGHEST WIND DIRECTION     N (10)
  HIGHEST GUST SPEED    25   HIGHEST GUST DIRECTION    NE (40)
  AVERAGE WIND SPEED    10.3


SKY COVER
  POSSIBLE SUNSHINE  MM
  AVERAGE SKY COVER 0.0


WEATHER CONDITIONS
 THE FOLLOWING WEATHER WAS RECORDED YESTERDAY.
  NO SIGNIFICANT WEATHER WAS OBSERVED.


RELATIVE HUMIDITY (PERCENT)
 HIGHEST    66           400 AM
 LOWEST     19           200 PM
 AVERAGE    43

..........................................................


THE OMAK WA AIRPORT CLIMATE NORMALS FOR TODAY
                         NORMAL    RECORD    YEAR
 MAXIMUM TEMPERATURE (F)   81       102      2004
 MINIMUM TEMPERATURE (F)   53        38      1935


SUNRISE AND SUNSET
JUNE 23 2017..........SUNRISE   457 AM PDT   SUNSET   904 PM PDT
JUNE 24 2017..........SUNRISE   457 AM PDT   SUNSET   904 PM PDT


-  INDICATES NEGATIVE NUMBERS.
R  INDICATES RECORD WAS SET OR TIED.
MM INDICATES DATA IS MISSING.
T  INDICATES TRACE AMOUNT.




$$
