000
CDUS45 KBOI 200932
CLIONO


CLIMATE REPORT
NATIONAL WEATHER SERVICE BOISE ID
231 AM MST MON NOV 20 2017


...................................

...THE ONTARIO OR CLIMATE SUMMARY FOR NOVEMBER 19 2017...

CLIMATE NORMAL PERIOD 1981 TO 2010
CLIMATE RECORD PERIOD 1948 TO 2017


WEATHER ITEM   OBSERVED TIME   RECORD YEAR NORMAL DEPARTURE LAST
                VALUE   (LST)  VALUE       VALUE  FROM      YEAR
                                                  NORMAL
..................................................................
TEMPERATURE (F)
 YESTERDAY
  MAXIMUM         45    352 PM  72    2003  46     -1       50
  MINIMUM         23    809 AM   1    2014  26     -3       39
  AVERAGE         34                        36     -2       45

PRECIPITATION (IN)
  YESTERDAY        0.00          0.24 2013   0.04  -0.04     0.00
  MONTH TO DATE    1.44                      0.66   0.78     0.34
  SINCE OCT 1      1.94                      1.29   0.65     1.14
  SINCE JAN 1     11.83                      7.94   3.89     3.76

DEGREE DAYS
 HEATING
  YESTERDAY       31                        29      2       20
  MONTH TO DATE  460                       486    -26      364
  SINCE SEP 1   1078                      1063     15      798
  SINCE JUL 1   1078                      1079     -1      807

 COOLING
  YESTERDAY        0                         0      0        0
  MONTH TO DATE    0                         0      0        0
  SINCE SEP 1    141                        59     82       31
  SINCE JAN 1   1254                       852    402      976
..................................................................


WIND (MPH)
  HIGHEST WIND SPEED    10   HIGHEST WIND DIRECTION    SW (240)
  HIGHEST GUST SPEED    12   HIGHEST GUST DIRECTION    SW (240)
  AVERAGE WIND SPEED     2.5


SKY COVER
  AVERAGE SKY COVER 0.0


WEATHER CONDITIONS
 THE FOLLOWING WEATHER WAS RECORDED YESTERDAY.
  NO SIGNIFICANT WEATHER WAS OBSERVED.


RELATIVE HUMIDITY (PERCENT)
 HIGHEST    92          1200 AM
 LOWEST     53           400 PM
 AVERAGE    73

..........................................................


THE ONTARIO OR CLIMATE NORMALS FOR TODAY
                         NORMAL    RECORD    YEAR
 MAXIMUM TEMPERATURE (F)   45        68      1966
 MINIMUM TEMPERATURE (F)   25         5      1994


SUNRISE AND SUNSET
NOVEMBER 20 2017......SUNRISE   750 AM MST   SUNSET   517 PM MST
NOVEMBER 21 2017......SUNRISE   751 AM MST   SUNSET   516 PM MST


-  INDICATES NEGATIVE NUMBERS.
R  INDICATES RECORD WAS SET OR TIED.
MM INDICATES DATA IS MISSING.
T  INDICATES TRACE AMOUNT.




$$
