000
CDUS45 KBOI 270931
CLIONO


CLIMATE REPORT
NATIONAL WEATHER SERVICE BOISE ID
331 AM MDT SAT MAY 27 2017


...................................

...THE ONTARIO OR CLIMATE SUMMARY FOR MAY 26 2017...

CLIMATE NORMAL PERIOD 1981 TO 2010
CLIMATE RECORD PERIOD 1948 TO 2017


WEATHER ITEM   OBSERVED TIME   RECORD YEAR NORMAL DEPARTURE LAST
                VALUE   (LST)  VALUE       VALUE  FROM      YEAR
                                                  NORMAL
..................................................................
TEMPERATURE (F)
 YESTERDAY
  MAXIMUM         78    311 PM 102    1966  78      0       79
  MINIMUM         50    112 AM  30    1975  47      3       56
  AVERAGE         64                        62      2       68

PRECIPITATION (IN)
  YESTERDAY        0.00          0.58 1987   0.04  -0.04     0.00
  MONTH TO DATE    1.28                      1.07   0.21     0.30
  SINCE OCT 1     12.18                      8.27   3.91     6.98
  SINCE JAN 1      8.86                      4.86   4.00     2.23

DEGREE DAYS
 HEATING
  YESTERDAY        1                         4     -3        0
  MONTH TO DATE  163                       189    -26      102
  SINCE MAR 1   1143                      1300   -157      908
  SINCE JUL 1   6017                      5930     87     4898

 COOLING
  YESTERDAY        0                         2     -2        3
  MONTH TO DATE   14                        25    -11       33
  SINCE MAR 1     14                        26    -12       33
  SINCE JAN 1     14                        26    -12       33
..................................................................


WIND (MPH)
  HIGHEST WIND SPEED    14   HIGHEST WIND DIRECTION    NW (320)
  HIGHEST GUST SPEED    20   HIGHEST GUST DIRECTION     N (10)
  AVERAGE WIND SPEED     6.3


SKY COVER
  AVERAGE SKY COVER 0.3


WEATHER CONDITIONS
 THE FOLLOWING WEATHER WAS RECORDED YESTERDAY.
  NO SIGNIFICANT WEATHER WAS OBSERVED.


RELATIVE HUMIDITY (PERCENT)
 HIGHEST    71          1200 AM
 LOWEST     20           600 PM
 AVERAGE    46

..........................................................


THE ONTARIO OR CLIMATE NORMALS FOR TODAY
                         NORMAL    RECORD    YEAR
 MAXIMUM TEMPERATURE (F)   78        96      1958
 MINIMUM TEMPERATURE (F)   48        33      1954
                                             1953


SUNRISE AND SUNSET
MAY 27 2017...........SUNRISE   611 AM MDT   SUNSET   920 PM MDT
MAY 28 2017...........SUNRISE   610 AM MDT   SUNSET   921 PM MDT


-  INDICATES NEGATIVE NUMBERS.
R  INDICATES RECORD WAS SET OR TIED.
MM INDICATES DATA IS MISSING.
T  INDICATES TRACE AMOUNT.




$$
