000
CDUS45 KBOI 230932
CLIONO


CLIMATE REPORT
NATIONAL WEATHER SERVICE BOISE ID
232 AM MST THU FEB 23 2017


...................................

...THE ONTARIO OR CLIMATE SUMMARY FOR FEBRUARY 22 2017...

CLIMATE NORMAL PERIOD 1981 TO 2010
CLIMATE RECORD PERIOD 1948 TO 2017


WEATHER ITEM   OBSERVED TIME   RECORD YEAR NORMAL DEPARTURE LAST
                VALUE   (LST)  VALUE       VALUE  FROM      YEAR
                                                  NORMAL
..................................................................
TEMPERATURE (F)
 YESTERDAY
  MAXIMUM         40   1256 PM  64    1991  47     -7       53
  MINIMUM         25    730 AM  -1    1952  25      0       33
  AVERAGE         33                        36     -3       43

PRECIPITATION (IN)
  YESTERDAY        0.00          0.28 1957   0.03  -0.03     0.00
  MONTH TO DATE    1.48                      0.61   0.87     0.27
  SINCE OCT 1      8.11                      5.20   2.91     5.77
  SINCE JAN 1      4.79                      1.79   3.00     1.02

DEGREE DAYS
 HEATING
  YESTERDAY       32                        29      3       22
  MONTH TO DATE  710                       718     -8      576
  SINCE DEC 1   3574                      3033    541     2701
  SINCE JUL 1   4665                      4461    204     3826

 COOLING
  YESTERDAY        0                         0      0        0
  MONTH TO DATE    0                         0      0        0
  SINCE DEC 1      0                         0      0        0
  SINCE JAN 1      0                         0      0        0
..................................................................


WIND (MPH)
  HIGHEST WIND SPEED    26   HIGHEST WIND DIRECTION    NW (310)
  HIGHEST GUST SPEED    33   HIGHEST GUST DIRECTION    NW (310)
  AVERAGE WIND SPEED    10.0


SKY COVER
  AVERAGE SKY COVER 0.5


WEATHER CONDITIONS
 THE FOLLOWING WEATHER WAS RECORDED YESTERDAY.
  NO SIGNIFICANT WEATHER WAS OBSERVED.


RELATIVE HUMIDITY (PERCENT)
 HIGHEST    85          1200 AM
 LOWEST     59           500 PM
 AVERAGE    72

..........................................................


THE ONTARIO OR CLIMATE NORMALS FOR TODAY
                         NORMAL    RECORD    YEAR
 MAXIMUM TEMPERATURE (F)   47        66      1995
 MINIMUM TEMPERATURE (F)   25        17      2015
                                             2004


SUNRISE AND SUNSET
FEBRUARY 23 2017......SUNRISE   734 AM MST   SUNSET   629 PM MST
FEBRUARY 24 2017......SUNRISE   733 AM MST   SUNSET   630 PM MST


-  INDICATES NEGATIVE NUMBERS.
R  INDICATES RECORD WAS SET OR TIED.
MM INDICATES DATA IS MISSING.
T  INDICATES TRACE AMOUNT.




$$
