000
CDUS45 KBOI 280931
CLIONO


CLIMATE REPORT
NATIONAL WEATHER SERVICE BOISE ID
331 AM MDT SAT MAY 28 2016


...................................

...THE ONTARIO OR CLIMATE SUMMARY FOR MAY 27 2016...

CLIMATE NORMAL PERIOD 1981 TO 2010
CLIMATE RECORD PERIOD 1948 TO 2016


WEATHER ITEM   OBSERVED TIME   RECORD YEAR NORMAL DEPARTURE LAST
                VALUE   (LST)  VALUE       VALUE  FROM      YEAR
                                                  NORMAL
..................................................................
TEMPERATURE (F)
 YESTERDAY
  MAXIMUM         73    416 PM  96    1958  78     -5       78
  MINIMUM         51    537 AM  33    1954  48      3       53
  AVERAGE         62                        63     -1       66

PRECIPITATION (IN)
  YESTERDAY        0.00          0.50 2004   0.04  -0.04      T
  MONTH TO DATE    0.30                      1.11  -0.81     1.66
  SINCE OCT 1      6.98                      8.31  -1.33     8.52
  SINCE JAN 1      2.23                      4.90  -2.67     4.06

DEGREE DAYS
 HEATING
  YESTERDAY        3                         4     -1        0
  MONTH TO DATE  105                       193    -88       88
  SINCE MAR 1    911                      1304   -393      998
  SINCE JUL 1   4901                      5934  -1033     4792

 COOLING
  YESTERDAY        0                         2     -2        1
  MONTH TO DATE   33                        27      6       10
  SINCE MAR 1     33                        28      5       10
  SINCE JAN 1     33                        28      5       10
..................................................................


WIND (MPH)
  HIGHEST WIND SPEED    29   HIGHEST WIND DIRECTION    NW (310)
  HIGHEST GUST SPEED    37   HIGHEST GUST DIRECTION    NW (310)
  AVERAGE WIND SPEED    14.4


SKY COVER
  AVERAGE SKY COVER 0.1


WEATHER CONDITIONS
 THE FOLLOWING WEATHER WAS RECORDED YESTERDAY.
  NO SIGNIFICANT WEATHER WAS OBSERVED.


RELATIVE HUMIDITY (PERCENT)
 HIGHEST    54           500 AM
 LOWEST     20           300 PM
 AVERAGE    37

..........................................................


THE ONTARIO OR CLIMATE NORMALS FOR TODAY
                         NORMAL    RECORD    YEAR
 MAXIMUM TEMPERATURE (F)   78        97      1986
 MINIMUM TEMPERATURE (F)   48        30      1954


SUNRISE AND SUNSET
MAY 28 2016...........SUNRISE   610 AM MDT   SUNSET   921 PM MDT
MAY 29 2016...........SUNRISE   610 AM MDT   SUNSET   922 PM MDT


-  INDICATES NEGATIVE NUMBERS.
R  INDICATES RECORD WAS SET OR TIED.
MM INDICATES DATA IS MISSING.
T  INDICATES TRACE AMOUNT.




$$
