000
CDUS45 KBOI 290931
CLIONO


CLIMATE REPORT
NATIONAL WEATHER SERVICE BOISE ID
330 AM MDT SAT JUL 29 2017


...................................

...THE ONTARIO OR CLIMATE SUMMARY FOR JULY 28 2017...

CLIMATE NORMAL PERIOD 1981 TO 2010
CLIMATE RECORD PERIOD 1948 TO 2017


WEATHER ITEM   OBSERVED TIME   RECORD YEAR NORMAL DEPARTURE LAST
                VALUE   (LST)  VALUE       VALUE  FROM      YEAR
                                                  NORMAL
..................................................................
TEMPERATURE (F)
 YESTERDAY
  MAXIMUM         99    413 PM 107    1996  96      3      102
                                      1968
  MINIMUM         60    531 AM  43    1948  59      1       70
  AVERAGE         80                        77      3       86

PRECIPITATION (IN)
  YESTERDAY        0.00          0.06 1995   0.00   0.00     0.00
  MONTH TO DATE    0.01                      0.28  -0.27     0.21
  SINCE OCT 1     12.79                      9.45   3.34     7.31
  SINCE JAN 1      9.47                      6.04   3.43     2.56

DEGREE DAYS
 HEATING
  YESTERDAY        0                         0      0        0
  MONTH TO DATE    0                         0      0        9
  SINCE JUN 1     28                        52    -24       35
  SINCE JUL 1      0                         0      0        9

 COOLING
  YESTERDAY       15                        12      3       21
  MONTH TO DATE  467                       310    157      299
  SINCE JUN 1    631                       449    182      530
  SINCE JAN 1    671                       485    186      569
..................................................................


WIND (MPH)
  HIGHEST WIND SPEED    17   HIGHEST WIND DIRECTION    SW (210)
  HIGHEST GUST SPEED    21   HIGHEST GUST DIRECTION    SW (220)
  AVERAGE WIND SPEED     3.4


SKY COVER
  AVERAGE SKY COVER 0.0


WEATHER CONDITIONS
 THE FOLLOWING WEATHER WAS RECORDED YESTERDAY.
  NO SIGNIFICANT WEATHER WAS OBSERVED.


RELATIVE HUMIDITY (PERCENT)
 HIGHEST    78           200 AM
 LOWEST     17           600 PM
 AVERAGE    48

..........................................................


THE ONTARIO OR CLIMATE NORMALS FOR TODAY
                         NORMAL    RECORD    YEAR
 MAXIMUM TEMPERATURE (F)   96       109      1968
 MINIMUM TEMPERATURE (F)   59        44      1948


SUNRISE AND SUNSET
JULY 29 2017..........SUNRISE   633 AM MDT   SUNSET   915 PM MDT
JULY 30 2017..........SUNRISE   634 AM MDT   SUNSET   914 PM MDT


-  INDICATES NEGATIVE NUMBERS.
R  INDICATES RECORD WAS SET OR TIED.
MM INDICATES DATA IS MISSING.
T  INDICATES TRACE AMOUNT.




$$
