000
CDUS45 KBOI 250935
CLIONO


CLIMATE REPORT
NATIONAL WEATHER SERVICE BOISE ID
234 AM MST THU DEC 25 2014


...................................

...THE ONTARIO OR CLIMATE SUMMARY FOR DECEMBER 24 2014...

CLIMATE NORMAL PERIOD 1981 TO 2010
CLIMATE RECORD PERIOD 1948 TO 2014


WEATHER ITEM   OBSERVED TIME   RECORD YEAR NORMAL DEPARTURE LAST
                VALUE   (LST)  VALUE       VALUE  FROM      YEAR
                                                  NORMAL
..................................................................
TEMPERATURE (F)
 YESTERDAY
  MAXIMUM         39    913 PM  59    1964  35      4       37
  MINIMUM         28    738 AM -14    1990  19      9       12
  AVERAGE         34                        26      8       25

PRECIPITATION (IN)
  YESTERDAY        0.27          1.40 1968   0.05   0.22     0.00
  MONTH TO DATE    2.38                      1.28   1.10     0.45
  SINCE OCT 1      4.30                      3.01   1.29     1.51
  SINCE JAN 1     10.26                      9.66   0.60     5.28

DEGREE DAYS
 HEATING
  YESTERDAY       31                        39     -8       40
  MONTH TO DATE  612                       883   -271     1068
  SINCE DEC 1    612                       883   -271     1068
  SINCE JUL 1   1893                      2311   -418     2463

 COOLING
  YESTERDAY        0                         0      0        0
  MONTH TO DATE    0                         0      0        0
  SINCE DEC 1      0                         0      0        0
  SINCE JAN 1   1088                       852    236     1299
..................................................................


WIND (MPH)
  HIGHEST WIND SPEED    36   HIGHEST WIND DIRECTION    NW (310)
  HIGHEST GUST SPEED    44   HIGHEST GUST DIRECTION    NW (310)
  AVERAGE WIND SPEED     8.4


SKY COVER
  AVERAGE SKY COVER 0.7


WEATHER CONDITIONS
 THE FOLLOWING WEATHER WAS RECORDED YESTERDAY.
  LIGHT RAIN
  HEAVY SNOW
  SNOW
  LIGHT SNOW
  FOG
  FOG W/VISIBILITY <= 1/4 MILE


RELATIVE HUMIDITY (PERCENT)
 HIGHEST    96           500 PM
 LOWEST     64          1000 PM
 AVERAGE    80

..........................................................


THE ONTARIO OR CLIMATE NORMALS FOR TODAY
                         NORMAL    RECORD    YEAR
 MAXIMUM TEMPERATURE (F)   34        51      1964
 MINIMUM TEMPERATURE (F)   19        -7      1985


SUNRISE AND SUNSET
DECEMBER 25 2014......SUNRISE   821 AM MST   SUNSET   515 PM MST
DECEMBER 26 2014......SUNRISE   822 AM MST   SUNSET   516 PM MST


-  INDICATES NEGATIVE NUMBERS.
R  INDICATES RECORD WAS SET OR TIED.
MM INDICATES DATA IS MISSING.
T  INDICATES TRACE AMOUNT.




$$
