000
CDUS45 KBOI 010931
CLIONO


CLIMATE REPORT
NATIONAL WEATHER SERVICE BOISE ID
330 AM MDT SUN MAY 1 2016


...................................

...THE ONTARIO OR CLIMATE SUMMARY FOR APRIL 30 2016...

CLIMATE NORMAL PERIOD 1981 TO 2010
CLIMATE RECORD PERIOD 1948 TO 2016


WEATHER ITEM   OBSERVED TIME   RECORD YEAR NORMAL DEPARTURE LAST
                VALUE   (LST)  VALUE       VALUE  FROM      YEAR
                                                  NORMAL
..................................................................
TEMPERATURE (F)
 YESTERDAY
  MAXIMUM         70    342 PM  88    1968  69      1       73
  MINIMUM         48    620 AM  24    1950  39      9       44
  AVERAGE         59                        54      5       59

PRECIPITATION (IN)
  YESTERDAY        0.00          0.42 1987   0.03  -0.03     0.00
  MONTH TO DATE    0.46                      0.80  -0.34     0.50
  SINCE OCT 1      6.68                      7.20  -0.52     6.86
  SINCE JAN 1      1.93                      3.79  -1.86     2.40

DEGREE DAYS
 HEATING
  YESTERDAY        6                        11     -5        6
  MONTH TO DATE  263                       441   -178      387
  SINCE MAR 1    806                      1111   -305      910
  SINCE JUL 1   4796                      5741   -945     4704

 COOLING
  YESTERDAY        0                         0      0        0
  MONTH TO DATE    0                         1     -1        0
  SINCE MAR 1      0                         1     -1        0
  SINCE JAN 1      0                         1     -1        0
..................................................................


WIND (MPH)
  HIGHEST WIND SPEED    30   HIGHEST WIND DIRECTION    NW (320)
  HIGHEST GUST SPEED    38   HIGHEST GUST DIRECTION    NW (320)
  AVERAGE WIND SPEED    18.8


SKY COVER
  AVERAGE SKY COVER 0.1


WEATHER CONDITIONS
 THE FOLLOWING WEATHER WAS RECORDED YESTERDAY.
  NO SIGNIFICANT WEATHER WAS OBSERVED.


RELATIVE HUMIDITY (PERCENT)
 HIGHEST    71           200 AM
 LOWEST     28           300 PM
 AVERAGE    50

..........................................................


THE ONTARIO OR CLIMATE NORMALS FOR TODAY
                         NORMAL    RECORD    YEAR
 MAXIMUM TEMPERATURE (F)   70        89      1971
 MINIMUM TEMPERATURE (F)   40        27      2013


SUNRISE AND SUNSET
MAY  1 2016...........SUNRISE   639 AM MDT   SUNSET   852 PM MDT
MAY  2 2016...........SUNRISE   637 AM MDT   SUNSET   853 PM MDT


-  INDICATES NEGATIVE NUMBERS.
R  INDICATES RECORD WAS SET OR TIED.
MM INDICATES DATA IS MISSING.
T  INDICATES TRACE AMOUNT.




$$
