000
CDUS45 KBOI 200932
CLIONO


CLIMATE REPORT
NATIONAL WEATHER SERVICE BOISE ID
331 AM MDT SUN APR 20 2014


...................................

...THE ONTARIO OR CLIMATE SUMMARY FOR APRIL 19 2014...

CLIMATE NORMAL PERIOD 1981 TO 2010
CLIMATE RECORD PERIOD 1948 TO 2014


WEATHER ITEM   OBSERVED TIME   RECORD YEAR NORMAL DEPARTURE LAST
                VALUE   (LST)  VALUE       VALUE  FROM      YEAR
                                                  NORMAL
..................................................................
TEMPERATURE (F)
 YESTERDAY
  MAXIMUM         78    553 PM  88    1962  66     12       60
  MINIMUM         32    625 AM  24    1966  36     -4       44
  AVERAGE         55                        51      4       52

PRECIPITATION (IN)
  YESTERDAY        0.00          0.32 1963   0.02  -0.02     0.11
  MONTH TO DATE    0.19                      0.50  -0.31     0.21
  SINCE OCT 1      4.88                      6.90  -2.02     4.35
  SINCE JAN 1      3.37                      3.49  -0.12     1.41

DEGREE DAYS
 HEATING
  YESTERDAY       10                        14     -4       13
  MONTH TO DATE  241                       304    -63      260
  SINCE MAR 1    829                       974   -145      884
  SINCE JUL 1   5585                      5604    -19     5398

 COOLING
  YESTERDAY        0                         0      0        0
  MONTH TO DATE    0                         0      0        0
  SINCE MAR 1      0                         0      0        0
  SINCE JAN 1      0                         0      0        0
..................................................................


WIND (MPH)
  HIGHEST WIND SPEED    39   HIGHEST WIND DIRECTION    NW (310)
  HIGHEST GUST SPEED    50   HIGHEST GUST DIRECTION    NW (310)
  AVERAGE WIND SPEED     8.2


SKY COVER
  AVERAGE SKY COVER 0.0


WEATHER CONDITIONS
 THE FOLLOWING WEATHER WAS RECORDED YESTERDAY.
  HAZE


RELATIVE HUMIDITY (PERCENT)
 HIGHEST    69           500 AM
 LOWEST     12           500 PM
 AVERAGE    41

..........................................................


THE ONTARIO OR CLIMATE NORMALS FOR TODAY
                         NORMAL    RECORD    YEAR
 MAXIMUM TEMPERATURE (F)   66        87      1956
 MINIMUM TEMPERATURE (F)   37        21      1961


SUNRISE AND SUNSET
APRIL 20 2014.........SUNRISE   656 AM MDT   SUNSET   838 PM MDT
APRIL 21 2014.........SUNRISE   655 AM MDT   SUNSET   839 PM MDT


-  INDICATES NEGATIVE NUMBERS.
R  INDICATES RECORD WAS SET OR TIED.
MM INDICATES DATA IS MISSING.
T  INDICATES TRACE AMOUNT.




$$
