000
CDUS45 KBOI 280934
CLIONO


CLIMATE REPORT
NATIONAL WEATHER SERVICE BOISE ID
334 AM MDT TUE JUL 28 2015


...................................

...THE ONTARIO OR CLIMATE SUMMARY FOR JULY 27 2015...

CLIMATE NORMAL PERIOD 1981 TO 2010
CLIMATE RECORD PERIOD 1948 TO 2015


WEATHER ITEM   OBSERVED TIME   RECORD YEAR NORMAL DEPARTURE LAST
                VALUE   (LST)  VALUE       VALUE  FROM      YEAR
                                                  NORMAL
..................................................................
TEMPERATURE (F)
 YESTERDAY
  MAXIMUM         80    336 PM 107    1996  96    -16      102
  MINIMUM         57   1128 PM  47    1948  59     -2       54
  AVERAGE         69                        78     -9       78

PRECIPITATION (IN)
  YESTERDAY        0.00          0.31 2003   0.01  -0.01     0.00
  MONTH TO DATE    0.49                      0.28   0.21     0.01
  SINCE OCT 1      9.23                      9.45  -0.22     6.52
  SINCE JAN 1      4.77                      6.04  -1.27     5.01

DEGREE DAYS
 HEATING
  YESTERDAY        0                         0      0        0
  MONTH TO DATE    0                         0      0        0
  SINCE JUN 1      1                        52    -51       28
  SINCE JUL 1      0                         0      0        0

 COOLING
  YESTERDAY        4                        12     -8       13
  MONTH TO DATE  340                       298     42      430
  SINCE JUN 1    705                       437    268      587
  SINCE JAN 1    738                       473    265      635
..................................................................


WIND (MPH)
  HIGHEST WIND SPEED    25   HIGHEST WIND DIRECTION    NW (310)
  HIGHEST GUST SPEED    32   HIGHEST GUST DIRECTION    NW (300)
  AVERAGE WIND SPEED    14.0


SKY COVER
  AVERAGE SKY COVER 0.3


WEATHER CONDITIONS
 THE FOLLOWING WEATHER WAS RECORDED YESTERDAY.
  NO SIGNIFICANT WEATHER WAS OBSERVED.


RELATIVE HUMIDITY (PERCENT)
 HIGHEST    51           500 AM
 LOWEST     19           300 PM
 AVERAGE    35

..........................................................


THE ONTARIO OR CLIMATE NORMALS FOR TODAY
                         NORMAL    RECORD    YEAR
 MAXIMUM TEMPERATURE (F)   96       107      1996
 MINIMUM TEMPERATURE (F)   59        43      1948


SUNRISE AND SUNSET
JULY 28 2015..........SUNRISE   632 AM MDT   SUNSET   917 PM MDT
JULY 29 2015..........SUNRISE   633 AM MDT   SUNSET   916 PM MDT


-  INDICATES NEGATIVE NUMBERS.
R  INDICATES RECORD WAS SET OR TIED.
MM INDICATES DATA IS MISSING.
T  INDICATES TRACE AMOUNT.




$$
