000
CDUS46 KSGX 270021
CLIONT


CLIMATE REPORT
NATIONAL WEATHER SERVICE SAN DIEGO, CA
420 PM PST MON JAN 26 2015


...................................

...THE ONTARIO INTL AIRPORT CA CLIMATE SUMMARY FOR JANUARY 26 2015...
VALID TODAY AS OF 0400 PM LOCAL TIME.

CLIMATE NORMAL PERIOD 1981 TO 2010
CLIMATE RECORD PERIOD 1998 TO 2015


WEATHER ITEM   OBSERVED TIME   RECORD YEAR NORMAL DEPARTURE LAST
                VALUE   (LST)  VALUE       VALUE  FROM      YEAR
                                                  NORMAL
..................................................................
TEMPERATURE (F)
 TODAY
  MAXIMUM         78   1235 PM  84    2003  65     13       71
  MINIMUM         58    344 AM  34    2002  44     14       48
  AVERAGE         68                        54     14       60

PRECIPITATION (IN)
  TODAY            0.12          0.48 2001   0.05   0.07     0.00
  MONTH TO DATE    0.69                      2.95  -2.26     0.00
  SINCE OCT 1      6.33                      7.12  -0.79     0.88
  SINCE JAN 1      0.69                      2.95  -2.26     0.00

SNOWFALL (IN)
  TODAY            0.0
  MONTH TO DATE    0.0
  SINCE JAN 1      0.0
  SINCE JUL 1      0.0
  SNOW DEPTH       0

DEGREE DAYS
 HEATING
  TODAY            0                        11    -11        5
  MONTH TO DATE  178                       286   -108       94
  SINCE DEC 1    429                       624   -195      358
  SINCE JUL 1    499                       846   -347      516

 COOLING
  TODAY            3                         0      3        0
  MONTH TO DATE   15                         0     15       19
  SINCE DEC 1     17                         2     15       23
  SINCE JAN 1     15                         0     15       19
..................................................................


WIND (MPH)
  RESULTANT WIND SPEED   2   RESULTANT WIND DIRECTION   E (100)
  HIGHEST WIND SPEED    16   HIGHEST WIND DIRECTION    SE (130)
  HIGHEST GUST SPEED    22   HIGHEST GUST DIRECTION    SE (130)
  AVERAGE WIND SPEED     4.7


SKY COVER
  POSSIBLE SUNSHINE  MM
  AVERAGE SKY COVER 0.8


WEATHER CONDITIONS
 THE FOLLOWING WEATHER WAS RECORDED TODAY.
  RAIN
  LIGHT RAIN


RELATIVE HUMIDITY (PERCENT)
 HIGHEST    40           200 AM
 LOWEST     21          1200 PM
 AVERAGE    31

..........................................................


THE ONTARIO INTL AIRPORT CA CLIMATE NORMALS FOR TOMORROW
                         NORMAL    RECORD    YEAR
 MAXIMUM TEMPERATURE (F)   65        79      2003
 MINIMUM TEMPERATURE (F)   44        39      2002


SUNRISE AND SUNSET
JANUARY 26 2015.......SUNRISE   651 AM PST   SUNSET   515 PM PST
JANUARY 27 2015.......SUNRISE   651 AM PST   SUNSET   516 PM PST


-  INDICATES NEGATIVE NUMBERS.
R  INDICATES RECORD WAS SET OR TIED.
MM INDICATES DATA IS MISSING.
T  INDICATES TRACE AMOUNT.




$$
