000
CDUS46 KSGX 271417
CLIONT


CLIMATE REPORT
NATIONAL WEATHER SERVICE SAN DIEGO, CA
717 AM PDT WED JUL 27 2016


...................................

...THE ONTARIO INTL AIRPORT CA CLIMATE SUMMARY FOR JULY 26 2016...

CLIMATE NORMAL PERIOD 1981 TO 2010
CLIMATE RECORD PERIOD 1998 TO 2016


WEATHER ITEM   OBSERVED TIME   RECORD YEAR NORMAL DEPARTURE LAST
                VALUE   (LST)  VALUE       VALUE  FROM      YEAR
                                                  NORMAL
..................................................................
TEMPERATURE (F)
 YESTERDAY
  MAXIMUM        102    228 PM 103    2006  93      9       91
  MINIMUM         71    447 AM  58    2012  64      7       66
                                      1999
  AVERAGE         87                        79      8       79

PRECIPITATION (IN)
  YESTERDAY        0.00          0.03 2013   0.00   0.00     0.00
  MONTH TO DATE    0.00                      0.08  -0.08     0.60
  SINCE OCT 1      7.71                     14.63  -6.92    10.48
  SINCE JAN 1      5.59                     10.46  -4.87     4.84

DEGREE DAYS
 HEATING
  YESTERDAY        0                         0      0        0
  MONTH TO DATE    0                         0      0        0
  SINCE JUN 1      2                         5     -3        0
  SINCE JUL 1      0                         0      0        0

 COOLING
  YESTERDAY       22                        14      8       14
  MONTH TO DATE  394                       326     68      315
  SINCE JUN 1    742                       549    193      665
  SINCE JAN 1    970                       715    255      960
..................................................................


WIND (MPH)
  RESULTANT WIND SPEED   6   RESULTANT WIND DIRECTION   W (260)
  HIGHEST WIND SPEED    20   HIGHEST WIND DIRECTION     W (270)
  HIGHEST GUST SPEED    26   HIGHEST GUST DIRECTION    SW (240)
  AVERAGE WIND SPEED     6.4


SKY COVER
  POSSIBLE SUNSHINE  MM
  AVERAGE SKY COVER 0.2


WEATHER CONDITIONS
 THE FOLLOWING WEATHER WAS RECORDED YESTERDAY.
  HAZE


RELATIVE HUMIDITY (PERCENT)
 HIGHEST    68           500 AM
 LOWEST     17           100 PM
 AVERAGE    43

..........................................................


THE ONTARIO INTL AIRPORT CA CLIMATE NORMALS FOR TODAY
                         NORMAL    RECORD    YEAR
 MAXIMUM TEMPERATURE (F)   93       102      1998
 MINIMUM TEMPERATURE (F)   64        57      2012


SUNRISE AND SUNSET
JULY 27 2016..........SUNRISE   559 AM PDT   SUNSET   755 PM PDT
JULY 28 2016..........SUNRISE   559 AM PDT   SUNSET   754 PM PDT


-  INDICATES NEGATIVE NUMBERS.
R  INDICATES RECORD WAS SET OR TIED.
MM INDICATES DATA IS MISSING.
T  INDICATES TRACE AMOUNT.




$$
