000
CDUS46 KSGX 270021
CLIONT


CLIMATE REPORT
NATIONAL WEATHER SERVICE SAN DIEGO, CA
421 PM PST THU FEB 26 2015


...................................

...THE ONTARIO INTL AIRPORT CA CLIMATE SUMMARY FOR FEBRUARY 26 2015...
VALID TODAY AS OF 0400 PM LOCAL TIME.

CLIMATE NORMAL PERIOD 1981 TO 2010
CLIMATE RECORD PERIOD 1998 TO 2015


WEATHER ITEM   OBSERVED TIME   RECORD YEAR NORMAL DEPARTURE LAST
                VALUE   (LST)  VALUE       VALUE  FROM      YEAR
                                                  NORMAL
..................................................................
TEMPERATURE (F)
 TODAY
  MAXIMUM         70    234 PM  86    2002  67      3       67
  MINIMUM         45    518 AM  37    2011  46     -1       55
  AVERAGE         58                        57      1       61

PRECIPITATION (IN)
  TODAY            0.00          1.52 2004   0.12  -0.12     0.00
  MONTH TO DATE    1.45                      3.19  -1.74     0.16
  SINCE OCT 1      8.03                     10.67  -2.64     1.14
  SINCE JAN 1      2.39                      6.50  -4.11     0.26

SNOWFALL (IN)
  TODAY            0.0
  MONTH TO DATE    0.0
  SINCE JAN 1      0.0
  SINCE JUL 1      0.0
  SNOW DEPTH       0

DEGREE DAYS
 HEATING
  TODAY            7                         8     -1        4
  MONTH TO DATE   70                       250   -180      131
  SINCE DEC 1    510                       917   -407      517
  SINCE JUL 1    580                      1139   -559      675

 COOLING
  TODAY            0                         0      0        0
  MONTH TO DATE   17                         0     17       11
  SINCE DEC 1     32                         5     27       34
  SINCE JAN 1     30                         3     27       30
..................................................................


WIND (MPH)
  RESULTANT WIND SPEED   1   RESULTANT WIND DIRECTION  SW (230)
  HIGHEST WIND SPEED    15   HIGHEST WIND DIRECTION    SW (230)
  HIGHEST GUST SPEED    21   HIGHEST GUST DIRECTION     W (250)
  AVERAGE WIND SPEED     2.1


SKY COVER
  POSSIBLE SUNSHINE  MM
  AVERAGE SKY COVER 0.3


WEATHER CONDITIONS
 THE FOLLOWING WEATHER WAS RECORDED TODAY.
  NO SIGNIFICANT WEATHER WAS OBSERVED.


RELATIVE HUMIDITY (PERCENT)
 HIGHEST    80           400 AM
 LOWEST     32           100 PM
 AVERAGE    56

..........................................................


THE ONTARIO INTL AIRPORT CA CLIMATE NORMALS FOR TOMORROW
                         NORMAL    RECORD    YEAR
 MAXIMUM TEMPERATURE (F)   67        82      2002
 MINIMUM TEMPERATURE (F)   46        32      2011


SUNRISE AND SUNSET
FEBRUARY 26 2015......SUNRISE   623 AM PST   SUNSET   544 PM PST
FEBRUARY 27 2015......SUNRISE   622 AM PST   SUNSET   545 PM PST


-  INDICATES NEGATIVE NUMBERS.
R  INDICATES RECORD WAS SET OR TIED.
MM INDICATES DATA IS MISSING.
T  INDICATES TRACE AMOUNT.




$$
