000
CDUS41 KAKQ 220828
CLIORF


CLIMATE REPORT
NATIONAL WEATHER SERVICE WAKEFIELD, VA
328 AM EST MON DEC 22 2014


...................................

...THE NORFOLK VA CLIMATE SUMMARY FOR DECEMBER 21 2014...

CLIMATE NORMAL PERIOD 1981 TO 2010
CLIMATE RECORD PERIOD 1871 TO 2014


WEATHER ITEM   OBSERVED TIME   RECORD YEAR NORMAL DEPARTURE LAST
                VALUE   (LST)  VALUE       VALUE  FROM      YEAR
                                                  NORMAL
..................................................................
TEMPERATURE (F)
 YESTERDAY
  MAXIMUM         43    244 PM  73    2013  51     -8       73
  MINIMUM         28    346 AM  11    1942  35     -7       53
  AVERAGE         36                        43     -7       63

PRECIPITATION (IN)
  YESTERDAY        0.00          1.55 1878   0.11  -0.11     0.00
  MONTH TO DATE    0.74                      2.23  -1.49     2.85
  SINCE DEC 1      0.74                      2.23  -1.49     2.85
  SINCE JAN 1     47.33                     45.50   1.83    43.75

SNOWFALL (IN)
  YESTERDAY        0.0           3.6  1962   0.0    0.0
  MONTH TO DATE    0.0                       0.5   -0.5
  SINCE NOV 1      0.0                       0.5   -0.5
  SINCE JUL 1      0.0                       0.5   -0.5
  SNOW DEPTH       0

DEGREE DAYS
 HEATING
  YESTERDAY       29                        22      7        2
  MONTH TO DATE  416                       416      0      381
  SINCE DEC 1    416                       416      0      381
  SINCE JUL 1    979                       946     33      912

 COOLING
  YESTERDAY        0                         0      0        0
  MONTH TO DATE    0                         0      0        0
  SINCE DEC 1      0                         0      0        0
  SINCE JAN 1   1724                      1628     96     1754
..................................................................


WIND (MPH)
  HIGHEST WIND SPEED    13   HIGHEST WIND DIRECTION    NE (30)
  HIGHEST GUST SPEED    15   HIGHEST GUST DIRECTION    NE (40)
  AVERAGE WIND SPEED     5.2


SKY COVER
  POSSIBLE SUNSHINE  MM
  AVERAGE SKY COVER 0.4


WEATHER CONDITIONS
 THE FOLLOWING WEATHER WAS RECORDED YESTERDAY.
  NO SIGNIFICANT WEATHER WAS OBSERVED.


RELATIVE HUMIDITY (PERCENT)
 HIGHEST    92           400 AM
 LOWEST     57           200 PM
 AVERAGE    75

..........................................................


THE NORFOLK VA CLIMATE NORMALS FOR TODAY
                         NORMAL    RECORD    YEAR
 MAXIMUM TEMPERATURE (F)   50        81      2013
 MINIMUM TEMPERATURE (F)   35        12      1989


SUNRISE AND SUNSET
DECEMBER 22 2014......SUNRISE   714 AM EST   SUNSET   452 PM EST
DECEMBER 23 2014......SUNRISE   715 AM EST   SUNSET   453 PM EST


-  INDICATES NEGATIVE NUMBERS.
R  INDICATES RECORD WAS SET OR TIED.
MM INDICATES DATA IS MISSING.
T  INDICATES TRACE AMOUNT.




$$
