000
CDUS41 KAKQ 232321
CLIORF


CLIMATE REPORT
NATIONAL WEATHER SERVICE WAKEFIELD, VA
721 PM EDT TUE SEP 23 2014


...................................

...THE NORFOLK VA CLIMATE SUMMARY FOR SEPTEMBER 23 2014...
VALID TODAY AS OF 0500 PM LOCAL TIME.

CLIMATE NORMAL PERIOD 1981 TO 2010
CLIMATE RECORD PERIOD 1871 TO 2014


WEATHER ITEM   OBSERVED TIME   RECORD YEAR NORMAL DEPARTURE LAST
                VALUE   (LST)  VALUE       VALUE  FROM      YEAR
                                                  NORMAL
..................................................................
TEMPERATURE (F)
 TODAY
  MAXIMUM         69   1203 AM 100    1895  77     -8       68
  MINIMUM         62    738 AM  49    1967  63     -1       53
  AVERAGE         66

PRECIPITATION (IN)
  TODAY            0.00          2.78 1979   0.14  -0.14     0.00
  MONTH TO DATE    7.55                      3.77   3.78     0.93
  SINCE SEP 1      7.55                      3.77   3.78     0.93
  SINCE JAN 1     39.96                     35.71   4.25    34.20

SNOWFALL (IN)
  TODAY            0.0
  MONTH TO DATE    0.0
  SINCE NOV 1     15.5
  SINCE JUL 1      0.0
  SNOW DEPTH       0

DEGREE DAYS
 HEATING
  TODAY            0                         1     -1        4
  MONTH TO DATE    0                         1     -1        4
  SINCE SEP 1      0                         1     -1        4
  SINCE JUL 1      0                         1     -1        4

 COOLING
  TODAY            1                         6     -5        0
  MONTH TO DATE  244                       197     47      197
  SINCE SEP 1    244                       197     47      197
  SINCE JAN 1   1617                      1532     85     1646
..................................................................


WIND (MPH)
  RESULTANT WIND SPEED  14   RESULTANT WIND DIRECTION  NE (30)
  HIGHEST WIND SPEED    24   HIGHEST WIND DIRECTION    NE (30)
  HIGHEST GUST SPEED    30   HIGHEST GUST DIRECTION    NE (40)


SKY COVER
  POSSIBLE SUNSHINE  MM
  AVERAGE SKY COVER 0.3


WEATHER CONDITIONS
 THE FOLLOWING WEATHER WAS RECORDED TODAY.
  NO SIGNIFICANT WEATHER WAS OBSERVED.


RELATIVE HUMIDITY (PERCENT)
 HIGHEST    67
 LOWEST     56
 AVERAGE    62

..........................................................


THE NORFOLK VA CLIMATE NORMALS FOR TOMORROW
                         NORMAL    RECORD    YEAR
 MAXIMUM TEMPERATURE (F)   77        96      2010
 MINIMUM TEMPERATURE (F)   63        45      1967


SUNRISE AND SUNSET
SEPTEMBER 23 2014.....SUNRISE   653 AM EDT   SUNSET   700 PM EDT
SEPTEMBER 24 2014.....SUNRISE   654 AM EDT   SUNSET   659 PM EDT


-  INDICATES NEGATIVE NUMBERS.
R  INDICATES RECORD WAS SET OR TIED.
MM INDICATES DATA IS MISSING.
T  INDICATES TRACE AMOUNT.




$$
