000
CDUS41 KAKQ 172241
CLIORF


CLIMATE REPORT
NATIONAL WEATHER SERVICE WAKEFIELD, VA
540 PM EST WED JAN 17 2018


...................................

...THE NORFOLK VA CLIMATE SUMMARY FOR JANUARY 17 2018...
VALID TODAY AS OF 0500 PM LOCAL TIME.

CLIMATE NORMAL PERIOD 1981 TO 2010
CLIMATE RECORD PERIOD 1871 TO 2018


WEATHER ITEM   OBSERVED TIME   RECORD YEAR NORMAL DEPARTURE LAST
                VALUE   (LST)  VALUE       VALUE  FROM      YEAR
                                                  NORMAL
..................................................................
TEMPERATURE (F)
 TODAY
  MAXIMUM         36    814 AM  77    1943  48    -12       60
  MINIMUM         28    359 PM   5    1977  33     -5       44
  AVERAGE         32

PRECIPITATION (IN)
  TODAY           MM             1.23 1896   0.11  MM        0.01
  MONTH TO DATE    1.64                      1.88  -0.24     3.14
  SINCE DEC 1      4.04                      5.14  -1.10     5.68
  SINCE JAN 1      1.64                      1.88  -0.24     3.14

SNOWFALL (IN)
  TODAY            1.5
  MONTH TO DATE   11.8
  SINCE NOV 1     11.8
  SINCE JUL 1     11.8
  SNOW DEPTH       0

DEGREE DAYS
 HEATING
  TODAY           33                        25      8       13
  MONTH TO DATE  561                       420    141      369
  SINCE DEC 1   1235                      1069    166      976
  SINCE JUL 1   1661                      1599     62     1439

 COOLING
  TODAY            0                         0      0        0
  MONTH TO DATE    1                         0      1        0
  SINCE DEC 1      1                         1      0        0
  SINCE JAN 1      1                         0      1        0
..................................................................


WIND (MPH)
  RESULTANT WIND SPEED   8   RESULTANT WIND DIRECTION   N (10)
  HIGHEST WIND SPEED    21   HIGHEST WIND DIRECTION     N (360)
  HIGHEST GUST SPEED    28   HIGHEST GUST DIRECTION     N (10)


SKY COVER
  POSSIBLE SUNSHINE  MM
  AVERAGE SKY COVER 0.5


WEATHER CONDITIONS
 THE FOLLOWING WEATHER WAS RECORDED TODAY.
  HEAVY SNOW
  SNOW
  LIGHT SNOW
  FOG
  FOG W/VISIBILITY <= 1/4 MILE


RELATIVE HUMIDITY (PERCENT)
 HIGHEST   100
 LOWEST     72
 AVERAGE    86

..........................................................


THE NORFOLK VA CLIMATE NORMALS FOR TOMORROW
                         NORMAL    RECORD    YEAR
 MAXIMUM TEMPERATURE (F)   48        77      1937
 MINIMUM TEMPERATURE (F)   33        12      1893


SUNRISE AND SUNSET
JANUARY 17 2018.......SUNRISE   716 AM EST   SUNSET   514 PM EST
JANUARY 18 2018.......SUNRISE   716 AM EST   SUNSET   515 PM EST


-  INDICATES NEGATIVE NUMBERS.
R  INDICATES RECORD WAS SET OR TIED.
MM INDICATES DATA IS MISSING.
T  INDICATES TRACE AMOUNT.




$$
