000
CDUS41 KAKQ 280550
CLIORF


CLIMATE REPORT
NATIONAL WEATHER SERVICE WAKEFIELD, VA
150 AM EDT FRI AUG 28 2015


...................................

...THE NORFOLK VA CLIMATE SUMMARY FOR AUGUST 27 2015...

CLIMATE NORMAL PERIOD 1981 TO 2010
CLIMATE RECORD PERIOD 1871 TO 2015


WEATHER ITEM   OBSERVED TIME   RECORD YEAR NORMAL DEPARTURE LAST
                VALUE   (LST)  VALUE       VALUE  FROM      YEAR
                                                  NORMAL
..................................................................
TEMPERATURE (F)
 YESTERDAY
  MAXIMUM         80    155 PM  98    1987  84     -4       80
  MINIMUM         73    850 PM  57    1963  70      3       69
  AVERAGE         77                        77      0       75

PRECIPITATION (IN)
  YESTERDAY        0.00          7.92 2011   0.16  -0.16     0.00
  MONTH TO DATE    1.74                      4.90  -3.16     3.01
  SINCE JUN 1     18.01                     14.30   3.71    12.79
  SINCE JAN 1     33.01                     31.32   1.69    32.41

SNOWFALL (IN)
  YESTERDAY        0.0           0.0  2002   0.0    0.0
                                      2001
  MONTH TO DATE    0.0                       0.0    0.0
  SINCE NOV 1     12.7                       5.8    6.9
  SINCE JUL 1      0.0                       0.0    0.0
  SNOW DEPTH       0

DEGREE DAYS
 HEATING
  YESTERDAY        0                         0      0        0
  MONTH TO DATE    0                         0      0        0
  SINCE JUN 1      0                         6     -6        3
  SINCE JUL 1      0                         0      0        0

 COOLING
  YESTERDAY       12                        12      0       10
  MONTH TO DATE  377                       355     22      322
  SINCE JUN 1   1281                      1124    157     1112
  SINCE JAN 1   1517                      1290    227     1314
..................................................................


WIND (MPH)
  HIGHEST WIND SPEED    21   HIGHEST WIND DIRECTION    NE (30)
  HIGHEST GUST SPEED    24   HIGHEST GUST DIRECTION    NE (30)
  AVERAGE WIND SPEED    10.2


SKY COVER
  POSSIBLE SUNSHINE  MM
  AVERAGE SKY COVER 0.4


WEATHER CONDITIONS
 THE FOLLOWING WEATHER WAS RECORDED YESTERDAY.
  NO SIGNIFICANT WEATHER WAS OBSERVED.


RELATIVE HUMIDITY (PERCENT)
 HIGHEST    68           800 PM
 LOWEST     45          1100 AM
 AVERAGE    57

..........................................................


THE NORFOLK VA CLIMATE NORMALS FOR TODAY
                         NORMAL    RECORD    YEAR
 MAXIMUM TEMPERATURE (F)   84        98      2006
 MINIMUM TEMPERATURE (F)   70        57      1963
                                             1946


SUNRISE AND SUNSET
AUGUST 28 2015........SUNRISE   632 AM EDT   SUNSET   739 PM EDT
AUGUST 29 2015........SUNRISE   633 AM EDT   SUNSET   738 PM EDT


-  INDICATES NEGATIVE NUMBERS.
R  INDICATES RECORD WAS SET OR TIED.
MM INDICATES DATA IS MISSING.
T  INDICATES TRACE AMOUNT.




$$
