000
CDUS41 KAKQ 201212
CLIORF


CLIMATE REPORT
NATIONAL WEATHER SERVICE WAKEFIELD, VA
711 AM EST MON NOV 20 2017


...................................

...THE NORFOLK VA CLIMATE SUMMARY FOR NOVEMBER 19 2017...

CLIMATE NORMAL PERIOD 1981 TO 2010
CLIMATE RECORD PERIOD 1871 TO 2017


WEATHER ITEM   OBSERVED TIME   RECORD YEAR NORMAL DEPARTURE LAST
                VALUE   (LST)  VALUE       VALUE  FROM      YEAR
                                                  NORMAL
..................................................................
TEMPERATURE (F)
 YESTERDAY
  MAXIMUM         67    439 AM  79    1964  60      7       77
                                      1938
  MINIMUM         46   1146 PM  25    1959  44      2       42
  AVERAGE         57                        52      5       60

PRECIPITATION (IN)
  YESTERDAY        0.01          1.68 1874   0.10  -0.09      T
  MONTH TO DATE    1.16                      2.01  -0.85     0.81
  SINCE SEP 1      8.21                     10.19  -1.98    23.78
  SINCE JAN 1     46.75                     42.13   4.62    66.15

SNOWFALL (IN)
  YESTERDAY       MM             0.0  2002   0.0   MM
  MONTH TO DATE    0.0                       0.0    0.0
  SINCE NOV 1      0.0                       0.0    0.0
  SINCE JUL 1      0.0                       0.0    0.0
  SNOW DEPTH       0

DEGREE DAYS
 HEATING
  YESTERDAY        8                        13     -5        5
  MONTH TO DATE  179                       205    -26      212
  SINCE SEP 1    253                       362   -109      296
  SINCE JUL 1    253                       362   -109      296

 COOLING
  YESTERDAY        0                         0      0        0
  MONTH TO DATE   12                         1     11        6
  SINCE SEP 1    415                       286    129      441
  SINCE JAN 1   2107                      1621    486     1993
..................................................................


WIND (MPH)
  HIGHEST WIND SPEED    29   HIGHEST WIND DIRECTION     S (200)
  HIGHEST GUST SPEED    41   HIGHEST GUST DIRECTION    SW (220)
  AVERAGE WIND SPEED    11.5


SKY COVER
  POSSIBLE SUNSHINE  MM
  AVERAGE SKY COVER 0.2


WEATHER CONDITIONS
 THE FOLLOWING WEATHER WAS RECORDED YESTERDAY.
  LIGHT RAIN


RELATIVE HUMIDITY (PERCENT)
 HIGHEST    84           600 AM
 LOWEST     28           300 PM
 AVERAGE    56

..........................................................


THE NORFOLK VA CLIMATE NORMALS FOR TODAY
                         NORMAL    RECORD    YEAR
 MAXIMUM TEMPERATURE (F)   60        80      1985
 MINIMUM TEMPERATURE (F)   43        27      1980


SUNRISE AND SUNSET
NOVEMBER 20 2017......SUNRISE   649 AM EST   SUNSET   452 PM EST
NOVEMBER 21 2017......SUNRISE   650 AM EST   SUNSET   452 PM EST


-  INDICATES NEGATIVE NUMBERS.
R  INDICATES RECORD WAS SET OR TIED.
MM INDICATES DATA IS MISSING.
T  INDICATES TRACE AMOUNT.




$$
