000
CDUS41 KAKQ 200529
CLIORF


CLIMATE REPORT
NATIONAL WEATHER SERVICE WAKEFIELD, VA
128 AM EDT WED SEP 20 2017


...................................

...THE NORFOLK VA CLIMATE SUMMARY FOR SEPTEMBER 19 2017...

CLIMATE NORMAL PERIOD 1981 TO 2010
CLIMATE RECORD PERIOD 1871 TO 2017


WEATHER ITEM   OBSERVED TIME   RECORD YEAR NORMAL DEPARTURE LAST
                VALUE   (LST)  VALUE       VALUE  FROM      YEAR
                                                  NORMAL
..................................................................
TEMPERATURE (F)
 YESTERDAY
  MAXIMUM         78    316 PM 100    1895  79     -1       87
  MINIMUM         72   1017 AM  50    1889  65      7       71
  AVERAGE         75                        72      3       79

PRECIPITATION (IN)
  YESTERDAY        T             3.04 2016   0.16  -0.16     3.04
  MONTH TO DATE    1.85                      3.17  -1.32     6.28
  SINCE SEP 1      1.85                      3.17  -1.32     6.28
  SINCE JAN 1     40.39                     35.11   5.28    48.65

SNOWFALL (IN)
  YESTERDAY        0.0           0.0  2002   0.0    0.0
                                      2001
  MONTH TO DATE    0.0                       0.0    0.0
  SINCE NOV 1      5.4                       5.8   -0.4
  SINCE JUL 1      0.0                       0.0    0.0
  SNOW DEPTH       0

DEGREE DAYS
 HEATING
  YESTERDAY        0                         0      0        0
  MONTH TO DATE    0                         0      0        0
  SINCE SEP 1      0                         0      0        0
  SINCE JUL 1      0                         0      0        0

 COOLING
  YESTERDAY       10                         7      3       14
  MONTH TO DATE  162                       172    -10      242
  SINCE SEP 1    162                       172    -10      242
  SINCE JAN 1   1854                      1507    347     1794
..................................................................


WIND (MPH)
  HIGHEST WIND SPEED    26   HIGHEST WIND DIRECTION     N (360)
  HIGHEST GUST SPEED    37   HIGHEST GUST DIRECTION     N (350)
  AVERAGE WIND SPEED    15.6


SKY COVER
  POSSIBLE SUNSHINE  MM
  AVERAGE SKY COVER 0.9


WEATHER CONDITIONS
 THE FOLLOWING WEATHER WAS RECORDED YESTERDAY.
  LIGHT RAIN
  FOG
  HAZE


RELATIVE HUMIDITY (PERCENT)
 HIGHEST    87          1200 AM
 LOWEST     74           300 PM
 AVERAGE    81

..........................................................


THE NORFOLK VA CLIMATE NORMALS FOR TODAY
                         NORMAL    RECORD    YEAR
 MAXIMUM TEMPERATURE (F)   78        97      1895
 MINIMUM TEMPERATURE (F)   64        48      1959


SUNRISE AND SUNSET
SEPTEMBER 20 2017.....SUNRISE   651 AM EDT   SUNSET   704 PM EDT
SEPTEMBER 21 2017.....SUNRISE   652 AM EDT   SUNSET   703 PM EDT


-  INDICATES NEGATIVE NUMBERS.
R  INDICATES RECORD WAS SET OR TIED.
MM INDICATES DATA IS MISSING.
T  INDICATES TRACE AMOUNT.




$$
