673
CDUS41 KAKQ 170645
CLIORF


CLIMATE REPORT
NATIONAL WEATHER SERVICE WAKEFIELD, VA
145 AM EST TUE JAN 17 2017


...................................

...THE NORFOLK VA CLIMATE SUMMARY FOR JANUARY 16 2017...

CLIMATE NORMAL PERIOD 1981 TO 2010
CLIMATE RECORD PERIOD 1871 TO 2017


WEATHER ITEM   OBSERVED TIME   RECORD YEAR NORMAL DEPARTURE LAST
                VALUE   (LST)  VALUE       VALUE  FROM      YEAR
                                                  NORMAL
..................................................................
TEMPERATURE (F)
 YESTERDAY
  MAXIMUM         45    958 PM  73    1877  48     -3       60
  MINIMUM         41    827 AM   7    1893  33      8       46
  AVERAGE         43                        40      3       53

PRECIPITATION (IN)
  YESTERDAY        0.02          1.23 1998   0.11  -0.09     0.01
  MONTH TO DATE    3.13                      1.77   1.36     1.21
  SINCE DEC 1      5.67                      5.03   0.64     4.58
  SINCE JAN 1      3.13                      1.77   1.36     1.21

SNOWFALL (IN)
  YESTERDAY       MM             8.8  1939   0.1   MM
  MONTH TO DATE    5.3                       1.3    4.0
  SINCE NOV 1      5.3                       2.5    2.8
  SINCE JUL 1      5.3                       2.5    2.8
  SNOW DEPTH       0

DEGREE DAYS
 HEATING
  YESTERDAY       22                        25     -3       12
  MONTH TO DATE  356                       395    -39      335
  SINCE DEC 1    963                      1044    -81      590
  SINCE JUL 1   1426                      1574   -148      929

 COOLING
  YESTERDAY        0                         0      0        0
  MONTH TO DATE    0                         0      0        0
  SINCE DEC 1      0                         1     -1       29
  SINCE JAN 1      0                         0      0        0
..................................................................


WIND (MPH)
  HIGHEST WIND SPEED     9   HIGHEST WIND DIRECTION    NE (30)
  HIGHEST GUST SPEED    11   HIGHEST GUST DIRECTION     E (80)
  AVERAGE WIND SPEED     3.2


SKY COVER
  POSSIBLE SUNSHINE  MM
  AVERAGE SKY COVER 1.0


WEATHER CONDITIONS
 THE FOLLOWING WEATHER WAS RECORDED YESTERDAY.
  LIGHT RAIN


RELATIVE HUMIDITY (PERCENT)
 HIGHEST    86           600 AM
 LOWEST     70          1200 AM
 AVERAGE    78

..........................................................


THE NORFOLK VA CLIMATE NORMALS FOR TODAY
                         NORMAL    RECORD    YEAR
 MAXIMUM TEMPERATURE (F)   48        77      1943
 MINIMUM TEMPERATURE (F)   33         5      1977


SUNRISE AND SUNSET
JANUARY 17 2017.......SUNRISE   716 AM EST   SUNSET   514 PM EST
JANUARY 18 2017.......SUNRISE   716 AM EST   SUNSET   515 PM EST


-  INDICATES NEGATIVE NUMBERS.
R  INDICATES RECORD WAS SET OR TIED.
MM INDICATES DATA IS MISSING.
T  INDICATES TRACE AMOUNT.




$$
