000
CDUS41 KAKQ 280532
CLIORF


CLIMATE REPORT
NATIONAL WEATHER SERVICE WAKEFIELD, VA
132 AM EDT FRI JUL 28 2017


...................................

...THE NORFOLK VA CLIMATE SUMMARY FOR JULY 27 2017...

CLIMATE NORMAL PERIOD 1981 TO 2010
CLIMATE RECORD PERIOD 1871 TO 2017


WEATHER ITEM   OBSERVED TIME   RECORD YEAR NORMAL DEPARTURE LAST
                VALUE   (LST)  VALUE       VALUE  FROM      YEAR
                                                  NORMAL
..................................................................
TEMPERATURE (F)
 YESTERDAY
  MAXIMUM         91    328 PM 104    1940  87      4       96
  MINIMUM         70    347 AM  62    1975  72     -2       79
                                      1962
  AVERAGE         81                        80      1       88

PRECIPITATION (IN)
  YESTERDAY        T             4.72 1969   0.19  -0.19      T
  MONTH TO DATE    3.27                      4.38  -1.11     2.78
  SINCE JUN 1      6.54                      8.64  -2.10     7.84
  SINCE JAN 1     28.36                     25.66   2.70    30.07

SNOWFALL (IN)
  YESTERDAY        0.0           0.0  2002   0.0    0.0
                                      2001
  MONTH TO DATE    0.0                       0.0    0.0
  SINCE NOV 1      5.4                       5.8   -0.4
  SINCE JUL 1      0.0                       0.0    0.0
  SNOW DEPTH       0

DEGREE DAYS
 HEATING
  YESTERDAY        0                         0      0        0
  MONTH TO DATE    0                         0      0        0
  SINCE JUN 1      2                         6     -4        0
  SINCE JUL 1      0                         0      0        0

 COOLING
  YESTERDAY       16                        15      1       23
  MONTH TO DATE  503                       399    104      475
  SINCE JUN 1    887                       714    173      799
  SINCE JAN 1   1208                       880    328      956
..................................................................


WIND (MPH)
  HIGHEST WIND SPEED    21   HIGHEST WIND DIRECTION    SW (210)
  HIGHEST GUST SPEED    25   HIGHEST GUST DIRECTION    SW (210)
  AVERAGE WIND SPEED    10.5


SKY COVER
  POSSIBLE SUNSHINE  MM
  AVERAGE SKY COVER 0.5


WEATHER CONDITIONS
 THE FOLLOWING WEATHER WAS RECORDED YESTERDAY.
  LIGHT RAIN


RELATIVE HUMIDITY (PERCENT)
 HIGHEST    84           200 AM
 LOWEST     50          1200 PM
 AVERAGE    67

..........................................................


THE NORFOLK VA CLIMATE NORMALS FOR TODAY
                         NORMAL    RECORD    YEAR
 MAXIMUM TEMPERATURE (F)   87       101      1940
 MINIMUM TEMPERATURE (F)   72        57      1962


SUNRISE AND SUNSET
JULY 28 2017..........SUNRISE   607 AM EDT   SUNSET   815 PM EDT
JULY 29 2017..........SUNRISE   608 AM EDT   SUNSET   814 PM EDT


-  INDICATES NEGATIVE NUMBERS.
R  INDICATES RECORD WAS SET OR TIED.
MM INDICATES DATA IS MISSING.
T  INDICATES TRACE AMOUNT.




$$
