000
CDUS41 KAKQ 230826
CLIORF


CLIMATE REPORT
NATIONAL WEATHER SERVICE WAKEFIELD, VA
425 AM EDT SAT AUG 23 2014


...................................

...THE NORFOLK VA CLIMATE SUMMARY FOR AUGUST 22 2014...

CLIMATE NORMAL PERIOD 1981 TO 2010
CLIMATE RECORD PERIOD 1871 TO 2014


WEATHER ITEM   OBSERVED TIME   RECORD YEAR NORMAL DEPARTURE LAST
                VALUE   (LST)  VALUE       VALUE  FROM      YEAR
                                                  NORMAL
..................................................................
TEMPERATURE (F)
 YESTERDAY
  MAXIMUM         86   1056 AM 100    1983  84      2       89
  MINIMUM         76   1159 PM  59    2000  70      6       73
                                      1969
  AVERAGE         81                        77      4       81

PRECIPITATION (IN)
  YESTERDAY        T             3.40 2009   0.17  -0.17     0.33
  MONTH TO DATE    3.00                      4.04  -1.04     4.58
  SINCE JUN 1     12.78                     13.44  -0.66    15.39
  SINCE JAN 1     32.40                     30.46   1.94    32.81

SNOWFALL (IN)
  YESTERDAY        0.0           0.0  2002   0.0    0.0
                                      2001
  MONTH TO DATE    0.0                       0.0    0.0
  SINCE NOV 1     15.5                       5.8    9.7
  SINCE JUL 1      0.0                       0.0    0.0
  SNOW DEPTH       0

DEGREE DAYS
 HEATING
  YESTERDAY        0                         0      0        0
  MONTH TO DATE    0                         0      0        0
  SINCE JUN 1      3                         6     -3        0
  SINCE JUL 1      0                         0      0        0

 COOLING
  YESTERDAY       16                        12      4       16
  MONTH TO DATE  269                       295    -26      268
  SINCE JUN 1   1059                      1064     -5     1129
  SINCE JAN 1   1261                      1230     31     1350
..................................................................


WIND (MPH)
  HIGHEST WIND SPEED    13   HIGHEST WIND DIRECTION    NE (30)
  HIGHEST GUST SPEED    16   HIGHEST GUST DIRECTION     N (10)
  AVERAGE WIND SPEED     5.9


SKY COVER
  POSSIBLE SUNSHINE  MM
  AVERAGE SKY COVER 0.6


WEATHER CONDITIONS
 THE FOLLOWING WEATHER WAS RECORDED YESTERDAY.
  NO SIGNIFICANT WEATHER WAS OBSERVED.


RELATIVE HUMIDITY (PERCENT)
 HIGHEST    87           900 PM
 LOWEST     59          1100 AM
 AVERAGE    73

..........................................................


THE NORFOLK VA CLIMATE NORMALS FOR TODAY
                         NORMAL    RECORD    YEAR
 MAXIMUM TEMPERATURE (F)   84        96      1998
 MINIMUM TEMPERATURE (F)   70        58      1969


SUNRISE AND SUNSET
AUGUST 23 2014........SUNRISE   628 AM EDT   SUNSET   746 PM EDT
AUGUST 24 2014........SUNRISE   629 AM EDT   SUNSET   744 PM EDT


-  INDICATES NEGATIVE NUMBERS.
R  INDICATES RECORD WAS SET OR TIED.
MM INDICATES DATA IS MISSING.
T  INDICATES TRACE AMOUNT.




$$
