000
CDUS41 KAKQ 280845
CLIORF


CLIMATE REPORT
NATIONAL WEATHER SERVICE WAKEFIELD, VA
445 AM EDT SAT MAR 28 2015


...................................

...THE NORFOLK VA CLIMATE SUMMARY FOR MARCH 27 2015...

CLIMATE NORMAL PERIOD 1981 TO 2010
CLIMATE RECORD PERIOD 1871 TO 2015


WEATHER ITEM   OBSERVED TIME   RECORD YEAR NORMAL DEPARTURE LAST
                VALUE   (LST)  VALUE       VALUE  FROM      YEAR
                                                  NORMAL
..................................................................
TEMPERATURE (F)
 YESTERDAY
  MAXIMUM         64    207 AM  86    2007  62      2       52
  MINIMUM         40    906 PM  23    1955  43     -3       34
  AVERAGE         52                        52      0       43

PRECIPITATION (IN)
  YESTERDAY        0.14          2.03 1891   0.12   0.02     0.00
  MONTH TO DATE    2.58                      3.21  -0.63     3.22
  SINCE MAR 1      2.58                      3.21  -0.63     3.22
  SINCE JAN 1      8.76                      9.73  -0.97     9.51

SNOWFALL (IN)
  YESTERDAY       MM             2.5  1947   0.0   MM
  MONTH TO DATE    0.2                       0.2    0.0
  SINCE NOV 1     12.7                       5.8    6.9
  SINCE JUL 1     12.7                       5.8    6.9
  SNOW DEPTH       0

DEGREE DAYS
 HEATING
  YESTERDAY       13                        13      0       22
  MONTH TO DATE  457                       445     12      543
  SINCE MAR 1    457                       445     12      543
  SINCE JUL 1   3293                      3014    279     3154

 COOLING
  YESTERDAY        0                         0      0        0
  MONTH TO DATE    2                         0      2        0
  SINCE MAR 1      2                         0      2        0
  SINCE JAN 1      2                         1      1        0
..................................................................


WIND (MPH)
  HIGHEST WIND SPEED    23   HIGHEST WIND DIRECTION     N (10)
  HIGHEST GUST SPEED    33   HIGHEST GUST DIRECTION     N (10)
  AVERAGE WIND SPEED    15.0


SKY COVER
  POSSIBLE SUNSHINE  MM
  AVERAGE SKY COVER 0.9


WEATHER CONDITIONS
 THE FOLLOWING WEATHER WAS RECORDED YESTERDAY.
  RAIN
  LIGHT RAIN
  FOG


RELATIVE HUMIDITY (PERCENT)
 HIGHEST    89           800 AM
 LOWEST     73           100 AM
 AVERAGE    81

..........................................................


THE NORFOLK VA CLIMATE NORMALS FOR TODAY
                         NORMAL    RECORD    YEAR
 MAXIMUM TEMPERATURE (F)   62        89      1907
 MINIMUM TEMPERATURE (F)   44        28      1982
                                             1894


SUNRISE AND SUNSET
MARCH 28 2015.........SUNRISE   657 AM EDT   SUNSET   723 PM EDT
MARCH 29 2015.........SUNRISE   655 AM EDT   SUNSET   724 PM EDT


-  INDICATES NEGATIVE NUMBERS.
R  INDICATES RECORD WAS SET OR TIED.
MM INDICATES DATA IS MISSING.
T  INDICATES TRACE AMOUNT.




$$
