675
CDUS41 KBOX 100537
CLIORH


CLIMATE REPORT
NATIONAL WEATHER SERVICE TAUNTON MA
1236 AM EST WED FEB 10 2016


...................................

...THE WORCESTER MA CLIMATE SUMMARY FOR FEBRUARY 9 2016...

CLIMATE NORMAL PERIOD 1981 TO 2010
CLIMATE RECORD PERIOD 1892 TO 2016


WEATHER ITEM   OBSERVED TIME   RECORD YEAR NORMAL DEPARTURE LAST
                VALUE   (LST)  VALUE       VALUE  FROM      YEAR
                                                  NORMAL
..................................................................
TEMPERATURE (F)
 YESTERDAY
  MAXIMUM         27    344 PM  56    1925  33     -6       14
  MINIMUM         14    715 AM -20    1934  18     -4       10
  AVERAGE         21                        26     -5       12

PRECIPITATION (IN)
  YESTERDAY        0.01          0.93 1969   0.10  -0.09     0.56
  MONTH TO DATE    1.95                      1.01   0.94     2.18
  SINCE DEC 1      8.72                      8.32   0.40    12.11
  SINCE JAN 1      4.07                      4.50  -0.43     7.21

SNOWFALL (IN)
  YESTERDAY        T            13.7  1969   0.5   -0.5      8.3
  MONTH TO DATE   18.0                       5.1   12.9     36.9
  SINCE DEC 1     29.1                      36.6   -7.5     84.9
  SINCE JUL 1     29.1                      39.4  -10.3     92.1
  SNOW DEPTH      MM

DEGREE DAYS
 HEATING
  YESTERDAY       44                        39      5       53
  MONTH TO DATE  282                       357    -75      449
  SINCE DEC 1   2172                      2728   -556     2771
  SINCE JUL 1   3321                      4130   -809     4149

 COOLING
  YESTERDAY        0                         0      0        0
  MONTH TO DATE    0                         0      0        0
  SINCE DEC 1      0                         0      0        0
  SINCE JAN 1      0                         0      0        0
..................................................................


WIND (MPH)
  RESULTANT WIND SPEED   3   RESULTANT WIND DIRECTION  NE (40)
  HIGHEST WIND SPEED    14   HIGHEST WIND DIRECTION     N (10)
  HIGHEST GUST SPEED    18   HIGHEST GUST DIRECTION    NE (40)
  AVERAGE WIND SPEED     5.4


SKY COVER
  POSSIBLE SUNSHINE  MM
  AVERAGE SKY COVER 0.9


WEATHER CONDITIONS
 THE FOLLOWING WEATHER WAS RECORDED YESTERDAY.
  LIGHT SNOW
  FOG


RELATIVE HUMIDITY (PERCENT)
 HIGHEST    88           400 AM
 LOWEST     63           400 PM
 AVERAGE    76

..........................................................


THE WORCESTER MA CLIMATE NORMALS FOR TODAY
                         NORMAL    RECORD    YEAR
 MAXIMUM TEMPERATURE (F)   34        55      1909
 MINIMUM TEMPERATURE (F)   19       -14      1948


SUNRISE AND SUNSET
FEBRUARY 10 2016......SUNRISE   651 AM EST   SUNSET   513 PM EST
FEBRUARY 11 2016......SUNRISE   650 AM EST   SUNSET   514 PM EST


-  INDICATES NEGATIVE NUMBERS.
R  INDICATES RECORD WAS SET OR TIED.
MM INDICATES DATA IS MISSING.
T  INDICATES TRACE AMOUNT.




$$
