000
CDUS41 KBOX 280610
CLIORH


CLIMATE REPORT
NATIONAL WEATHER SERVICE TAUNTON MA
159 AM EDT SUN AUG 28 2016


...................................

...THE WORCESTER MA CLIMATE SUMMARY FOR AUGUST 27 2016...

CLIMATE NORMAL PERIOD 1981 TO 2010
CLIMATE RECORD PERIOD 1892 TO 2016


WEATHER ITEM   OBSERVED TIME   RECORD YEAR NORMAL DEPARTURE LAST
                VALUE   (LST)  VALUE       VALUE  FROM      YEAR
                                                  NORMAL
..................................................................
TEMPERATURE (F)
 YESTERDAY
  MAXIMUM         83    440 PM  94    1948  76      7       73
  MINIMUM         66   1144 PM  41    1944  59      7       59
                                      1940
  AVERAGE         75                        67      8       66

PRECIPITATION (IN)
  YESTERDAY        0.00          1.80 1931   0.11  -0.11     0.00
  MONTH TO DATE    3.96                      3.29   0.67     3.21
  SINCE JUN 1      7.68                     11.71  -4.03    12.42
  SINCE JAN 1     23.40                     30.94  -7.54    26.72

SNOWFALL (IN)
  YESTERDAY        0.0           0.0  2002   0.0    0.0      0.0
                                      2001
                                      2000
  MONTH TO DATE    0.0                       0.0    0.0      0.0
  SINCE JUN 1      0.0                       0.0    0.0      0.0
  SINCE JUL 1      0.0                       0.0    0.0      0.0
  SNOW DEPTH       0

DEGREE DAYS
 HEATING
  YESTERDAY        0                         1     -1        0
  MONTH TO DATE    0                        18    -18        0
  SINCE JUN 1     60                       115    -55       95
  SINCE JUL 1      9                        32    -23        1

 COOLING
  YESTERDAY       10                         4      6        1
  MONTH TO DATE  208                       132     76      166
  SINCE JUN 1    524                       391    133      473
  SINCE JAN 1    566                       413    153      539
..................................................................


WIND (MPH)
  RESULTANT WIND SPEED   1   RESULTANT WIND DIRECTION  NW (320)
  HIGHEST WIND SPEED    12   HIGHEST WIND DIRECTION     S (170)
  HIGHEST GUST SPEED    13   HIGHEST GUST DIRECTION     N (350)
  AVERAGE WIND SPEED     5.7


SKY COVER
  POSSIBLE SUNSHINE  MM
  AVERAGE SKY COVER 0.1


WEATHER CONDITIONS
 THE FOLLOWING WEATHER WAS RECORDED YESTERDAY.
  NO SIGNIFICANT WEATHER WAS OBSERVED.


RELATIVE HUMIDITY (PERCENT)
 HIGHEST    73           800 PM
 LOWEST     40           400 PM
 AVERAGE    57

..........................................................


THE WORCESTER MA CLIMATE NORMALS FOR TODAY
                         NORMAL    RECORD    YEAR
 MAXIMUM TEMPERATURE (F)   75        94      1948
 MINIMUM TEMPERATURE (F)   59        43      1957
                                             1941
                                             1940


SUNRISE AND SUNSET
AUGUST 28 2016........SUNRISE   609 AM EDT   SUNSET   727 PM EDT
AUGUST 29 2016........SUNRISE   610 AM EDT   SUNSET   726 PM EDT


-  INDICATES NEGATIVE NUMBERS.
R  INDICATES RECORD WAS SET OR TIED.
MM INDICATES DATA IS MISSING.
T  INDICATES TRACE AMOUNT.




$$
