000
CDUS41 KBOX 300546
CLIORH


CLIMATE REPORT
NATIONAL WEATHER SERVICE TAUNTON MA
142 AM EDT TUE SEP 30 2014


...................................

...THE WORCESTER MA CLIMATE SUMMARY FOR SEPTEMBER 29 2014...

CLIMATE NORMAL PERIOD 1981 TO 2010
CLIMATE RECORD PERIOD 1892 TO 2014


WEATHER ITEM   OBSERVED TIME   RECORD YEAR NORMAL DEPARTURE LAST
                VALUE   (LST)  VALUE       VALUE  FROM      YEAR
                                                  NORMAL
..................................................................
TEMPERATURE (F)
 YESTERDAY
  MAXIMUM         73    225 PM  84    1952  65      8       66
                                      1929
  MINIMUM         54   1159 PM  28    1947  48      6       47
  AVERAGE         64                        56      8       57

PRECIPITATION (IN)
  YESTERDAY        0.00          2.19 1963   0.15  -0.15     0.00
  MONTH TO DATE    2.47                      3.77  -1.30     3.23
  SINCE SEP 1      2.47                      3.77  -1.30     3.23
  SINCE JAN 1     37.50                     35.13   2.37    36.25

SNOWFALL (IN)
  YESTERDAY        0.0           0.0  2002   0.0    0.0      0.0
                                      2001
                                      2000
  MONTH TO DATE    0.0                       0.0    0.0      0.0
  SINCE SEP 1      0.0                       0.0    0.0      0.0
  SINCE JUL 1      0.0                       0.0    0.0      0.0
  SNOW DEPTH       0

DEGREE DAYS
 HEATING
  YESTERDAY        1                         9     -8        8
  MONTH TO DATE  142                       143     -1      160
  SINCE SEP 1    142                       143     -1      160
  SINCE JUL 1    162                       182    -20      179

 COOLING
  YESTERDAY        0                         0      0        0
  MONTH TO DATE   61                        41     20       40
  SINCE SEP 1     61                        41     20       40
  SINCE JAN 1    423                       467    -44      571
..................................................................


WIND (MPH)
  RESULTANT WIND SPEED   3   RESULTANT WIND DIRECTION  NE (30)
  HIGHEST WIND SPEED    14   HIGHEST WIND DIRECTION    NE (60)
  HIGHEST GUST SPEED    20   HIGHEST GUST DIRECTION    NE (50)
  AVERAGE WIND SPEED     7.6


SKY COVER
  POSSIBLE SUNSHINE  MM
  AVERAGE SKY COVER 0.2


WEATHER CONDITIONS
 THE FOLLOWING WEATHER WAS RECORDED YESTERDAY.
  FOG


RELATIVE HUMIDITY (PERCENT)
 HIGHEST   100           800 PM
 LOWEST     66          1000 AM
 AVERAGE    83

..........................................................


THE WORCESTER MA CLIMATE NORMALS FOR TODAY
                         NORMAL    RECORD    YEAR
 MAXIMUM TEMPERATURE (F)   64        83      1986
 MINIMUM TEMPERATURE (F)   47        28      1941


SUNRISE AND SUNSET
SEPTEMBER 30 2014.....SUNRISE   643 AM EDT   SUNSET   631 PM EDT
OCTOBER  1 2014.......SUNRISE   644 AM EDT   SUNSET   629 PM EDT


-  INDICATES NEGATIVE NUMBERS.
R  INDICATES RECORD WAS SET OR TIED.
MM INDICATES DATA IS MISSING.
T  INDICATES TRACE AMOUNT.




$$
