000
CDUS41 KBOX 160551
CLIORH


CLIMATE REPORT
NATIONAL WEATHER SERVICE TAUNTON MA
1241 AM EST SAT DEC 16 2017


...................................

...THE WORCESTER MA CLIMATE SUMMARY FOR DECEMBER 15 2017...

CLIMATE NORMAL PERIOD 1981 TO 2010
CLIMATE RECORD PERIOD 1892 TO 2017


WEATHER ITEM   OBSERVED TIME   RECORD YEAR NORMAL DEPARTURE LAST
                VALUE   (LST)  VALUE       VALUE  FROM      YEAR
                                                  NORMAL
..................................................................
TEMPERATURE (F)
 YESTERDAY
  MAXIMUM         22    210 PM  61    1975  36    -14       27
  MINIMUM         11    313 AM   1    1933  23    -12       10
  AVERAGE         17                        30    -13       19

PRECIPITATION (IN)
  YESTERDAY        0.02          3.60 1897   0.12  -0.10      T
  MONTH TO DATE    1.81                      1.97  -0.16     1.24
  SINCE DEC 1      1.81                      1.97  -0.16     1.24
  SINCE JAN 1     44.23                     46.22  -1.99    38.37

SNOWFALL (IN)
  YESTERDAY        0.2           6.1  1916   0.5   -0.3       T
  MONTH TO DATE    7.7                       5.9    1.8      5.2
  SINCE DEC 1      7.7                       5.9    1.8      5.2
  SINCE JUL 1      7.7                       8.7   -1.0      5.2
  SNOW DEPTH      MM

DEGREE DAYS
 HEATING
  YESTERDAY       48                        35     13       46
  MONTH TO DATE  508                       493     15      514
  SINCE DEC 1    508                       493     15      514
  SINCE JUL 1   1644                      1895   -251     1701

 COOLING
  YESTERDAY        0                         0      0        0
  MONTH TO DATE    0                         0      0        0
  SINCE DEC 1      0                         0      0        0
  SINCE JAN 1    533                       471     62      663
..................................................................


WIND (MPH)
  RESULTANT WIND SPEED   6   RESULTANT WIND DIRECTION   W (250)
  HIGHEST WIND SPEED    16   HIGHEST WIND DIRECTION     W (280)
  HIGHEST GUST SPEED    22   HIGHEST GUST DIRECTION     W (280)
  AVERAGE WIND SPEED     8.0


SKY COVER
  POSSIBLE SUNSHINE  MM
  AVERAGE SKY COVER 0.5


WEATHER CONDITIONS
 THE FOLLOWING WEATHER WAS RECORDED YESTERDAY.
  LIGHT SNOW
  FOG


RELATIVE HUMIDITY (PERCENT)
 HIGHEST    84           900 PM
 LOWEST     57           100 PM
 AVERAGE    71

..........................................................


THE WORCESTER MA CLIMATE NORMALS FOR TODAY
                         NORMAL    RECORD    YEAR
 MAXIMUM TEMPERATURE (F)   36        58      1971
 MINIMUM TEMPERATURE (F)   22        -2      1932


SUNRISE AND SUNSET
DECEMBER 16 2017......SUNRISE   710 AM EST   SUNSET   416 PM EST
DECEMBER 17 2017......SUNRISE   711 AM EST   SUNSET   417 PM EST


-  INDICATES NEGATIVE NUMBERS.
R  INDICATES RECORD WAS SET OR TIED.
MM INDICATES DATA IS MISSING.
T  INDICATES TRACE AMOUNT.




$$
