000
CDUS41 KBOX 290546
CLIORH


CLIMATE REPORT
NATIONAL WEATHER SERVICE TAUNTON MA
1241 AM EST SAT NOV 29 2014


...................................

...THE WORCESTER MA CLIMATE SUMMARY FOR NOVEMBER 28 2014...

CLIMATE NORMAL PERIOD 1981 TO 2010
CLIMATE RECORD PERIOD 1892 TO 2014


WEATHER ITEM   OBSERVED TIME   RECORD YEAR NORMAL DEPARTURE LAST
                VALUE   (LST)  VALUE       VALUE  FROM      YEAR
                                                  NORMAL
..................................................................
TEMPERATURE (F)
 YESTERDAY
  MAXIMUM         30    205 PM  67    1990  43    -13       33
  MINIMUM         18   1156 PM   7    1936  29    -11       19
  AVERAGE         24                        36    -12       26

PRECIPITATION (IN)
  YESTERDAY        T             2.63 1993   0.15  -0.15      T
  MONTH TO DATE    4.46                      4.00   0.46     3.62
  SINCE SEP 1     13.55                     12.61   0.94     8.28
  SINCE JAN 1     48.58                     43.97   4.61    41.30

SNOWFALL (IN)
  YESTERDAY        T             2.1  1917   0.2   -0.2       T
  MONTH TO DATE    7.2                       2.2    5.0      0.5
  SINCE SEP 1      7.2                       2.4    4.8      0.5
  SINCE JUL 1      7.2                       2.4    4.8      0.5
  SNOW DEPTH      MM

DEGREE DAYS
 HEATING
  YESTERDAY       41                        29     12       39
  MONTH TO DATE  742                       681     61      730
  SINCE SEP 1   1288                      1303    -15     1309
  SINCE JUL 1   1308                      1342    -34     1328

 COOLING
  YESTERDAY        0                         0      0        0
  MONTH TO DATE    0                         0      0        0
  SINCE SEP 1     64                        45     19       41
  SINCE JAN 1    426                       471    -45      572
..................................................................


WIND (MPH)
  RESULTANT WIND SPEED  11   RESULTANT WIND DIRECTION  NW (300)
  HIGHEST WIND SPEED    23   HIGHEST WIND DIRECTION    NW (300)
  HIGHEST GUST SPEED    29   HIGHEST GUST DIRECTION    NW (300)
  AVERAGE WIND SPEED    10.9


SKY COVER
  POSSIBLE SUNSHINE  MM
  AVERAGE SKY COVER 0.5


WEATHER CONDITIONS
 THE FOLLOWING WEATHER WAS RECORDED YESTERDAY.
  LIGHT SNOW
  FOG


RELATIVE HUMIDITY (PERCENT)
 HIGHEST    92           300 AM
 LOWEST     63           300 PM
 AVERAGE    78

..........................................................


THE WORCESTER MA CLIMATE NORMALS FOR TODAY
                         NORMAL    RECORD    YEAR
 MAXIMUM TEMPERATURE (F)   42        64      1990
 MINIMUM TEMPERATURE (F)   29         5      1940


SUNRISE AND SUNSET
NOVEMBER 29 2014......SUNRISE   654 AM EST   SUNSET   417 PM EST
NOVEMBER 30 2014......SUNRISE   656 AM EST   SUNSET   416 PM EST


-  INDICATES NEGATIVE NUMBERS.
R  INDICATES RECORD WAS SET OR TIED.
MM INDICATES DATA IS MISSING.
T  INDICATES TRACE AMOUNT.




$$
