000
CDUS41 KBOX 202144
CLIORH


CLIMATE REPORT
NATIONAL WEATHER SERVICE TAUNTON MA
541 PM EDT FRI OCT 20 2017


...................................

...THE WORCESTER MA CLIMATE SUMMARY FOR OCTOBER 20 2017...
VALID TODAY AS OF 0500 PM LOCAL TIME.

CLIMATE NORMAL PERIOD 1981 TO 2010
CLIMATE RECORD PERIOD 1892 TO 2017


WEATHER ITEM   OBSERVED TIME   RECORD YEAR NORMAL DEPARTURE LAST
                VALUE   (LST)  VALUE       VALUE  FROM      YEAR
                                                  NORMAL
..................................................................
TEMPERATURE (F)
 TODAY
  MAXIMUM         67    214 PM  76    1965  57     10       63
                                      1963
                                      1929
  MINIMUM         50    628 AM  21    1972  40     10       50
  AVERAGE         59                        49     10       57

PRECIPITATION (IN)
  TODAY            0.00          3.39 1996   0.14  -0.14     0.03
  MONTH TO DATE    0.72                      3.10  -2.38     1.17
  SINCE SEP 1      3.23                      7.03  -3.80     4.44
  SINCE JAN 1     32.52                     38.39  -5.87    27.84

SNOWFALL (IN)
  TODAY            0.0           0.8  1926   0.0    0.0      0.0
  MONTH TO DATE    0.0                       0.1   -0.1      0.0
  SINCE SEP 1      0.0                       0.1   -0.1      0.0
  SINCE JUL 1      0.0                       0.1   -0.1      0.0
  SNOW DEPTH       0

DEGREE DAYS
 HEATING
  TODAY            6                        16    -10        8
  MONTH TO DATE  133                       267   -134      191
  SINCE SEP 1    229                       421   -192      284
  SINCE JUL 1    277                       460   -183      293

 COOLING
  TODAY            0                         0      0        0
  MONTH TO DATE   16                         0     16        0
  SINCE SEP 1    100                        42     58       75
  SINCE JAN 1    531                       468     63      663
..................................................................


WIND (MPH)
  HIGHEST WIND SPEED    22   HIGHEST WIND DIRECTION     W (290)
  HIGHEST GUST SPEED    28   HIGHEST GUST DIRECTION     W (280)
  AVERAGE WIND SPEED    11.9


SKY COVER
  POSSIBLE SUNSHINE  MM
  AVERAGE SKY COVER 0.0


WEATHER CONDITIONS
 THE FOLLOWING WEATHER WAS RECORDED TODAY.
  NO SIGNIFICANT WEATHER WAS OBSERVED.


RELATIVE HUMIDITY (PERCENT)
 HIGHEST    71           600 AM
 LOWEST     26           200 PM
 AVERAGE    49

..........................................................


THE WORCESTER MA CLIMATE NORMALS FOR TOMORROW
                         NORMAL    RECORD    YEAR
 MAXIMUM TEMPERATURE (F)   57        80      1920
 MINIMUM TEMPERATURE (F)   40        22      1952


SUNRISE AND SUNSET
OCTOBER 20 2017.......SUNRISE   706 AM EDT   SUNSET   557 PM EDT
OCTOBER 21 2017.......SUNRISE   707 AM EDT   SUNSET   556 PM EDT


-  INDICATES NEGATIVE NUMBERS.
R  INDICATES RECORD WAS SET OR TIED.
MM INDICATES DATA IS MISSING.
T  INDICATES TRACE AMOUNT.




$$
