000
CDUS46 KMFR 310852
CLIOTH


CLIMATE REPORT
NATIONAL WEATHER SERVICE MEDFORD, OR
152 AM PDT FRI JUL 31 2015


...................................

...THE NORTH BEND OR CLIMATE SUMMARY FOR JULY 30 2015...

CLIMATE NORMAL PERIOD 1981 TO 2010
CLIMATE RECORD PERIOD 1902 TO 2015


WEATHER ITEM   OBSERVED TIME   RECORD YEAR NORMAL DEPARTURE LAST
                VALUE   (LST)  VALUE       VALUE  FROM      YEAR
                                                  NORMAL
..................................................................
TEMPERATURE (F)
 YESTERDAY
  MAXIMUM         72        MM  77    1920  65      7       64
  MINIMUM         52        MM  42    1917  53     -1       54
  AVERAGE         62                        59      3       59

PRECIPITATION (IN)
  YESTERDAY        0.00          0.53 2001   0.01  -0.01     0.00
  MONTH TO DATE    0.00                      0.49  -0.49     0.00
  SINCE OCT 1     42.54                     62.70 -20.16    28.05
  SINCE JAN 1     19.24                     36.61 -17.37    22.43

SNOWFALL (IN)
  YESTERDAY       MM
  SNOW DEPTH      MM

DEGREE DAYS
 HEATING
  YESTERDAY        3                         6     -3        6
  MONTH TO DATE   78                       191   -113      139
  SINCE JUN 1    302                       458   -156      336
  SINCE JUL 1     78                       191   -113      139

 COOLING
  YESTERDAY        0                         0      0        0
  MONTH TO DATE    4                         0      4        0
  SINCE JUN 1      4                         0      4        0
  SINCE JAN 1      4                         0      4       12
..................................................................


WIND (MPH)
  HIGHEST WIND SPEED    12   HIGHEST WIND DIRECTION    NW (330)
  HIGHEST GUST SPEED    MM   HIGHEST GUST DIRECTION    MM
  AVERAGE WIND SPEED     5.8


SKY COVER
  POSSIBLE SUNSHINE  MM
  AVERAGE SKY COVER  MM


WEATHER CONDITIONS
 THE FOLLOWING WEATHER WAS RECORDED YESTERDAY.
  NO SIGNIFICANT WEATHER WAS OBSERVED.


RELATIVE HUMIDITY (PERCENT)
 HIGHEST    MM
 LOWEST     MM

..........................................................


THE NORTH BEND OR CLIMATE NORMALS FOR TODAY
                         NORMAL    RECORD    YEAR
 MAXIMUM TEMPERATURE (F)   65        75      1993
 MINIMUM TEMPERATURE (F)   53        38      1914


SUNRISE AND SUNSET
JULY 31 2015..........SUNRISE   606 AM PDT   SUNSET   841 PM PDT
AUGUST  1 2015........SUNRISE   607 AM PDT   SUNSET   839 PM PDT


-  INDICATES NEGATIVE NUMBERS.
R  INDICATES RECORD WAS SET OR TIED.
MM INDICATES DATA IS MISSING.
T  INDICATES TRACE AMOUNT.




$$
