000
CDUS46 KMFR 220836
CLIOTH


CLIMATE REPORT
NATIONAL WEATHER SERVICE MEDFORD, OR
136 AM PDT FRI SEP 22 2017


...................................

...THE NORTH BEND OR CLIMATE SUMMARY FOR SEPTEMBER 21 2017...

CLIMATE NORMAL PERIOD 1981 TO 2010
CLIMATE RECORD PERIOD 1902 TO 2017


WEATHER ITEM   OBSERVED TIME   RECORD YEAR NORMAL DEPARTURE LAST
                VALUE   (LST)  VALUE       VALUE  FROM      YEAR
                                                  NORMAL
..................................................................
TEMPERATURE (F)
 YESTERDAY
  MAXIMUM         59        MM  98    1928  65     -6       63
  MINIMUM         48        MM  37    1929  49     -1       46
  AVERAGE         54                        57     -3       55

PRECIPITATION (IN)
  YESTERDAY        T             0.91 1972   0.05  -0.05     0.00
  MONTH TO DATE    1.03                      0.93   0.10     0.23
  SINCE OCT 1     82.37                     64.26  18.11    58.10
  SINCE JAN 1     48.22                     38.17  10.05    32.47

SNOWFALL (IN)
  YESTERDAY       MM
  SNOW DEPTH      MM

DEGREE DAYS
 HEATING
  YESTERDAY       11                         8      3       10
  MONTH TO DATE   94                       148    -54      114
  SINCE SEP 1     94                       148    -54      114
  SINCE JUL 1    401                       527   -126      402

 COOLING
  YESTERDAY        0                         0      0        0
  MONTH TO DATE    2                         0      2        0
  SINCE SEP 1      2                         0      2        0
  SINCE JAN 1      5                         1      4       15
..................................................................


WIND (MPH)
  HIGHEST WIND SPEED    12   HIGHEST WIND DIRECTION    SE (150)
  HIGHEST GUST SPEED    MM   HIGHEST GUST DIRECTION    MM
  AVERAGE WIND SPEED     7.0


SKY COVER
  POSSIBLE SUNSHINE  MM
  AVERAGE SKY COVER 0.8


WEATHER CONDITIONS
 THE FOLLOWING WEATHER WAS RECORDED YESTERDAY.
  LIGHT RAIN
  FOG
  FOG W/VISIBILITY <= 1/4 MILE


RELATIVE HUMIDITY (PERCENT)
 HIGHEST   100           100 AM
 LOWEST     75          1200 PM

..........................................................


THE NORTH BEND OR CLIMATE NORMALS FOR TODAY
                         NORMAL    RECORD    YEAR
 MAXIMUM TEMPERATURE (F)   64        94      1919
                                             1946
 MINIMUM TEMPERATURE (F)   49        38      1918


SUNRISE AND SUNSET
SEPTEMBER 22 2017.....SUNRISE   705 AM PDT   SUNSET   714 PM PDT
SEPTEMBER 23 2017.....SUNRISE   706 AM PDT   SUNSET   712 PM PDT


-  INDICATES NEGATIVE NUMBERS.
R  INDICATES RECORD WAS SET OR TIED.
MM INDICATES DATA IS MISSING.
T  INDICATES TRACE AMOUNT.




$$
