000
CDUS46 KMFR 230839
CLIOTH


CLIMATE REPORT
NATIONAL WEATHER SERVICE MEDFORD, OR
139 AM PDT THU MAR 23 2017


...................................

...THE NORTH BEND OR CLIMATE SUMMARY FOR MARCH 22 2017...

CLIMATE NORMAL PERIOD 1981 TO 2010
CLIMATE RECORD PERIOD 1902 TO 2017


WEATHER ITEM   OBSERVED TIME   RECORD YEAR NORMAL DEPARTURE LAST
                VALUE   (LST)  VALUE       VALUE  FROM      YEAR
                                                  NORMAL
..................................................................
TEMPERATURE (F)
 YESTERDAY
  MAXIMUM         52        MM  73    1915  54     -2       55
  MINIMUM         43        MM  29    1903  42      1       45
  AVERAGE         48                        48      0       50

PRECIPITATION (IN)
  YESTERDAY        0.25          2.64 1993   0.24   0.01     0.07
  MONTH TO DATE    6.39                      5.74   0.65     9.24
  SINCE OCT 1     64.19                     49.61  14.58    51.46
  SINCE JAN 1     30.04                     23.52   6.52    25.83

SNOWFALL (IN)
  YESTERDAY       MM
  SNOW DEPTH      MM

DEGREE DAYS
 HEATING
  YESTERDAY       17                        17      0       15
  MONTH TO DATE  293                       383    -90      286
  SINCE MAR 1    293                       383    -90      286
  SINCE JUL 1   3069                      3557   -488     2611

 COOLING
  YESTERDAY        0                         0      0        0
  MONTH TO DATE    0                         0      0        0
  SINCE MAR 1      0                         0      0        0
  SINCE JAN 1      0                         0      0        2
..................................................................


WIND (MPH)
  HIGHEST WIND SPEED    15   HIGHEST WIND DIRECTION     S (180)
  HIGHEST GUST SPEED    18   HIGHEST GUST DIRECTION     S (200)
  AVERAGE WIND SPEED     8.1


SKY COVER
  POSSIBLE SUNSHINE  MM
  AVERAGE SKY COVER 0.8


WEATHER CONDITIONS
 THE FOLLOWING WEATHER WAS RECORDED YESTERDAY.
  NO SIGNIFICANT WEATHER WAS OBSERVED.


RELATIVE HUMIDITY (PERCENT)
 HIGHEST   100          1000 PM
 LOWEST     68           600 PM

..........................................................


THE NORTH BEND OR CLIMATE NORMALS FOR TODAY
                         NORMAL    RECORD    YEAR
 MAXIMUM TEMPERATURE (F)   54        70      1931
 MINIMUM TEMPERATURE (F)   42        29      1924


SUNRISE AND SUNSET
MARCH 23 2017.........SUNRISE   714 AM PDT   SUNSET   733 PM PDT
MARCH 24 2017.........SUNRISE   712 AM PDT   SUNSET   735 PM PDT


-  INDICATES NEGATIVE NUMBERS.
R  INDICATES RECORD WAS SET OR TIED.
MM INDICATES DATA IS MISSING.
T  INDICATES TRACE AMOUNT.




$$
