000
CDUS46 KMFR 230847
CLIOTH


CLIMATE REPORT
NATIONAL WEATHER SERVICE MEDFORD, OR
147 AM PDT WED JUL 23 2014


...................................

...THE NORTH BEND OR CLIMATE SUMMARY FOR JULY 22 2014...

CLIMATE NORMAL PERIOD 1981 TO 2010
CLIMATE RECORD PERIOD 1902 TO 2014


WEATHER ITEM   OBSERVED TIME   RECORD YEAR NORMAL DEPARTURE LAST
                VALUE   (LST)  VALUE       VALUE  FROM      YEAR
                                                  NORMAL
..................................................................
TEMPERATURE (F)
 YESTERDAY
  MAXIMUM         64        MM  77    1904  65     -1       64
  MINIMUM         55        MM  39    1917  53      2       52
  AVERAGE         60                        59      1       58

PRECIPITATION (IN)
  YESTERDAY        0.00          1.04 1993   0.01  -0.01     0.00
  MONTH TO DATE    0.00                      0.40  -0.40     0.00
  SINCE SEP 1     34.00                     64.19 -30.19    43.59
  SINCE JAN 1     22.43                     36.52 -14.09    17.49

SNOWFALL (IN)
  YESTERDAY       MM
  SNOW DEPTH      MM

DEGREE DAYS
 HEATING
  YESTERDAY        5                         6     -1        7
  MONTH TO DATE   96                       143    -47       26
  SINCE JUN 1    293                       410   -117      196
  SINCE JUL 1     96                       143    -47       26

 COOLING
  YESTERDAY        0                         0      0        0
  MONTH TO DATE    0                         0      0        0
  SINCE JUN 1      0                         0      0        0
  SINCE JAN 1     12                         0     12        4
..................................................................


WIND (MPH)
  HIGHEST WIND SPEED    13   HIGHEST WIND DIRECTION     W (270)
  HIGHEST GUST SPEED    MM   HIGHEST GUST DIRECTION    MM
  AVERAGE WIND SPEED     5.0


SKY COVER
  POSSIBLE SUNSHINE   0 PERCENT
  AVERAGE SKY COVER 0.0


WEATHER CONDITIONS
 THE FOLLOWING WEATHER WAS RECORDED YESTERDAY.
  NO SIGNIFICANT WEATHER WAS OBSERVED.


RELATIVE HUMIDITY (PERCENT)
 HIGHEST     0          1200 AM
 LOWEST      0          1200 AM

..........................................................


THE NORTH BEND OR CLIMATE NORMALS FOR TODAY
                         NORMAL    RECORD    YEAR
 MAXIMUM TEMPERATURE (F)   65        82      1924
 MINIMUM TEMPERATURE (F)   53        43      1926


SUNRISE AND SUNSET
JULY 23 2014..........SUNRISE   558 AM PDT   SUNSET   849 PM PDT
JULY 24 2014..........SUNRISE   559 AM PDT   SUNSET   848 PM PDT


-  INDICATES NEGATIVE NUMBERS.
R  INDICATES RECORD WAS SET OR TIED.
MM INDICATES DATA IS MISSING.
T  INDICATES TRACE AMOUNT.




$$
