000
CDUS46 KMFR 280836
CLIOTH


CLIMATE REPORT
NATIONAL WEATHER SERVICE MEDFORD, OR
135 AM PDT FRI JUL 28 2017


...................................

...THE NORTH BEND OR CLIMATE SUMMARY FOR JULY 27 2017...

CLIMATE NORMAL PERIOD 1981 TO 2010
CLIMATE RECORD PERIOD 1902 TO 2017


WEATHER ITEM   OBSERVED TIME   RECORD YEAR NORMAL DEPARTURE LAST
                VALUE   (LST)  VALUE       VALUE  FROM      YEAR
                                                  NORMAL
..................................................................
TEMPERATURE (F)
 YESTERDAY
  MAXIMUM         68        MM  74    1918  65      3       66
  MINIMUM         54        MM  40    1924  53      1       54
                                      1972
  AVERAGE         61                        59      2       60

PRECIPITATION (IN)
  YESTERDAY        0.01          1.04 1947   0.02  -0.01     0.00
  MONTH TO DATE    0.05                      0.46  -0.41     0.90
  SINCE OCT 1     81.20                     62.67  18.53    57.85
  SINCE JAN 1     47.05                     36.58  10.47    32.22

SNOWFALL (IN)
  YESTERDAY       MM
  SNOW DEPTH      MM

DEGREE DAYS
 HEATING
  YESTERDAY        4                         6     -2        5
  MONTH TO DATE  148                       173    -25       97
  SINCE JUN 1    344                       440    -96      287
  SINCE JUL 1    148                       173    -25       97

 COOLING
  YESTERDAY        0                         0      0        0
  MONTH TO DATE    0                         0      0        1
  SINCE JUN 1      0                         0      0        1
  SINCE JAN 1      0                         0      0        9
..................................................................


WIND (MPH)
  HIGHEST WIND SPEED    20   HIGHEST WIND DIRECTION     N (350)
  HIGHEST GUST SPEED    32   HIGHEST GUST DIRECTION     N (350)
  AVERAGE WIND SPEED    10.8


SKY COVER
  POSSIBLE SUNSHINE   0 PERCENT
  AVERAGE SKY COVER 0.0


WEATHER CONDITIONS
 THE FOLLOWING WEATHER WAS RECORDED YESTERDAY.
  NO SIGNIFICANT WEATHER WAS OBSERVED.


RELATIVE HUMIDITY (PERCENT)
 HIGHEST     0          1200 AM
 LOWEST      0          1200 AM

..........................................................


THE NORTH BEND OR CLIMATE NORMALS FOR TODAY
                         NORMAL    RECORD    YEAR
 MAXIMUM TEMPERATURE (F)   65        74      1926
 MINIMUM TEMPERATURE (F)   53        43      1924


SUNRISE AND SUNSET
JULY 28 2017..........SUNRISE   603 AM PDT   SUNSET   843 PM PDT
JULY 29 2017..........SUNRISE   604 AM PDT   SUNSET   842 PM PDT


-  INDICATES NEGATIVE NUMBERS.
R  INDICATES RECORD WAS SET OR TIED.
MM INDICATES DATA IS MISSING.
T  INDICATES TRACE AMOUNT.




$$
