000
CDUS46 KMFR 190855
CLIOTH


CLIMATE REPORT
NATIONAL WEATHER SERVICE MEDFORD, OR
1255 AM PST SUN NOV 19 2017


...................................

...THE NORTH BEND OR CLIMATE SUMMARY FOR NOVEMBER 18 2017...

CLIMATE NORMAL PERIOD 1981 TO 2010
CLIMATE RECORD PERIOD 1902 TO 2017


WEATHER ITEM   OBSERVED TIME   RECORD YEAR NORMAL DEPARTURE LAST
                VALUE   (LST)  VALUE       VALUE  FROM      YEAR
                                                  NORMAL
..................................................................
TEMPERATURE (F)
 YESTERDAY
  MAXIMUM         54        MM  70    1951  54      0       57
  MINIMUM         37        MM  29    1994  42     -5       45
  AVERAGE         46                        48     -2       51

PRECIPITATION (IN)
  YESTERDAY        0.00          6.67 1996   0.36  -0.36     0.17
  MONTH TO DATE    7.03                      5.69   1.34     4.51
  SINCE OCT 1     12.67                     10.42   2.25    18.49
  SINCE JAN 1     61.02                     49.24  11.78    51.07

SNOWFALL (IN)
  YESTERDAY       MM
  SNOW DEPTH      MM

DEGREE DAYS
 HEATING
  YESTERDAY       19                        17      2       14
  MONTH TO DATE  237                       273    -36      160
  SINCE SEP 1    688                       860   -172      546
  SINCE JUL 1    995                      1239   -244      834

 COOLING
  YESTERDAY        0                         0      0        0
  MONTH TO DATE    0                         0      0        0
  SINCE SEP 1      7                         1      6        0
  SINCE JAN 1     10                         2      8       15
..................................................................


WIND (MPH)
  HIGHEST WIND SPEED     9   HIGHEST WIND DIRECTION     W (250)
  HIGHEST GUST SPEED    MM   HIGHEST GUST DIRECTION    MM
  AVERAGE WIND SPEED     6.8


SKY COVER
  POSSIBLE SUNSHINE   0 PERCENT
  AVERAGE SKY COVER 0.0


WEATHER CONDITIONS
 THE FOLLOWING WEATHER WAS RECORDED YESTERDAY.
  NO SIGNIFICANT WEATHER WAS OBSERVED.


RELATIVE HUMIDITY (PERCENT)
 HIGHEST     0          1200 AM
 LOWEST      0          1200 AM

..........................................................


THE NORTH BEND OR CLIMATE NORMALS FOR TODAY
                         NORMAL    RECORD    YEAR
 MAXIMUM TEMPERATURE (F)   54        69      2001
 MINIMUM TEMPERATURE (F)   42        28      1985


SUNRISE AND SUNSET
NOVEMBER 19 2017......SUNRISE   716 AM PST   SUNSET   449 PM PST
NOVEMBER 20 2017......SUNRISE   717 AM PST   SUNSET   448 PM PST


-  INDICATES NEGATIVE NUMBERS.
R  INDICATES RECORD WAS SET OR TIED.
MM INDICATES DATA IS MISSING.
T  INDICATES TRACE AMOUNT.




$$
