000
CDUS46 KMFR 280836
CLIOTH


CLIMATE REPORT
NATIONAL WEATHER SERVICE MEDFORD, OR
1235 AM PST FRI NOV 28 2014


...................................

...THE NORTH BEND OR CLIMATE SUMMARY FOR NOVEMBER 27 2014...

CLIMATE NORMAL PERIOD 1981 TO 2010
CLIMATE RECORD PERIOD 1902 TO 2014


WEATHER ITEM   OBSERVED TIME   RECORD YEAR NORMAL DEPARTURE LAST
                VALUE   (LST)  VALUE       VALUE  FROM      YEAR
                                                  NORMAL
..................................................................
TEMPERATURE (F)
 YESTERDAY
  MAXIMUM         63    200 AM  72    2002  53     10       63
  MINIMUM         54        MM  22    1919  41     13       39
  AVERAGE         59                        47     12       51

PRECIPITATION (IN)
  YESTERDAY        0.50          3.59 1945   0.38   0.12     0.00
  MONTH TO DATE    3.33                      9.05  -5.72     2.69
  SINCE SEP 1     11.12                     15.36  -4.24     9.40
  SINCE JAN 1     33.57                     52.60 -19.03    27.33

SNOWFALL (IN)
  YESTERDAY       MM
  SNOW DEPTH      MM

DEGREE DAYS
 HEATING
  YESTERDAY        6                        18    -12       14
  MONTH TO DATE  293                       431   -138      398
  SINCE SEP 1    559                      1018   -459      892
  SINCE JUL 1    824                      1397   -573     1059

 COOLING
  YESTERDAY        0                         0      0        0
  MONTH TO DATE    0                         0      0        0
  SINCE SEP 1     16                         1     15        1
  SINCE JAN 1     28                         2     26       13
..................................................................


WIND (MPH)
  HIGHEST WIND SPEED    14   HIGHEST WIND DIRECTION     S (190)
  HIGHEST GUST SPEED    22   HIGHEST GUST DIRECTION     S (190)
  AVERAGE WIND SPEED     6.1


SKY COVER
  POSSIBLE SUNSHINE  MM
  AVERAGE SKY COVER 1.0


WEATHER CONDITIONS
 THE FOLLOWING WEATHER WAS RECORDED YESTERDAY.
  NO SIGNIFICANT WEATHER WAS OBSERVED.


RELATIVE HUMIDITY (PERCENT)
 HIGHEST   100           700 AM
 LOWEST     52           100 AM

..........................................................


THE NORTH BEND OR CLIMATE NORMALS FOR TODAY
                         NORMAL    RECORD    YEAR
 MAXIMUM TEMPERATURE (F)   52        71      2002
 MINIMUM TEMPERATURE (F)   41        26      1919


SUNRISE AND SUNSET
NOVEMBER 28 2014......SUNRISE   727 AM PST   SUNSET   443 PM PST
NOVEMBER 29 2014......SUNRISE   728 AM PST   SUNSET   443 PM PST


-  INDICATES NEGATIVE NUMBERS.
R  INDICATES RECORD WAS SET OR TIED.
MM INDICATES DATA IS MISSING.
T  INDICATES TRACE AMOUNT.




$$
