583
CDUS43 KDMX 200647 RRB
CLIOTM

CLIMATE REPORT
NATIONAL WEATHER SERVICE DES MOINES IA
1246 AM CST TUE FEB 20 2018

...................................

...THE OTTUMWA IA CLIMATE SUMMARY FOR FEBRUARY 19 2018...

CLIMATE NORMAL PERIOD 1981 TO 2010
CLIMATE RECORD PERIOD 1920 TO 2018


WEATHER ITEM   OBSERVED TIME   RECORD YEAR NORMAL DEPARTURE LAST
                VALUE   (LST)  VALUE       VALUE  FROM      YEAR
                                                  NORMAL
..................................................................
TEMPERATURE (F)
 YESTERDAY
  MAXIMUM         66    107 PM  74    2017  38     28       74
  MINIMUM         32   1159 PM -23    1936  19     13       32
  AVERAGE         49                        28     21       53

PRECIPITATION (IN)
  YESTERDAY        0.59          0.63 1994   0.05   0.54     0.00
  MONTH TO DATE    1.30                      0.73   0.57     0.12
  SINCE DEC 1      2.32                      3.00  -0.68     2.64
  SINCE JAN 1      1.62                      1.63  -0.01     1.27

DEGREE DAYS
 HEATING
  YESTERDAY       16                        37    -21       12
  MONTH TO DATE  819                       749     70      550
  SINCE DEC 1   3310                      3273     37     2845
  SINCE JUL 1   4437                      4571   -134     3638

 COOLING
  YESTERDAY        0                         0      0        0
  MONTH TO DATE    0                         0      0        0
  SINCE DEC 1      0                         0      0        0
  SINCE JAN 1      0                         0      0        0
..................................................................


WIND (MPH)
  HIGHEST WIND SPEED    22   HIGHEST WIND DIRECTION     W (290)
  HIGHEST GUST SPEED    32   HIGHEST GUST DIRECTION    NW (300)
  AVERAGE WIND SPEED    10.7


SKY COVER
  POSSIBLE SUNSHINE  MM
  AVERAGE SKY COVER 1.0


WEATHER CONDITIONS
 THE FOLLOWING WEATHER WAS RECORDED YESTERDAY.
  HEAVY RAIN
  LIGHT RAIN
  FOG


RELATIVE HUMIDITY (PERCENT)
 HIGHEST   100           800 AM
 LOWEST     53          1200 AM
 AVERAGE    77

..........................................................


THE OTTUMWA IA CLIMATE NORMALS FOR TODAY
                         NORMAL    RECORD    YEAR
 MAXIMUM TEMPERATURE (F)   38        65      2017
                                             1930
 MINIMUM TEMPERATURE (F)   19       -16      1929


SUNRISE AND SUNSET
FEBRUARY 20 2018......SUNRISE   657 AM CST   SUNSET   550 PM CST
FEBRUARY 21 2018......SUNRISE   656 AM CST   SUNSET   551 PM CST


-  INDICATES NEGATIVE NUMBERS.
R  INDICATES RECORD WAS SET OR TIED.
MM INDICATES DATA IS MISSING.
T  INDICATES TRACE AMOUNT.




$$
