000
CDUS43 KDMX 310634 RRE
CLIOTM

CLIMATE REPORT
NATIONAL WEATHER SERVICE DES MOINES IA
133 AM CDT FRI OCT 31 2014


...................................

...THE OTTUMWA IA CLIMATE SUMMARY FOR OCTOBER 30 2014...

CLIMATE NORMAL PERIOD 1981 TO 2010
CLIMATE RECORD PERIOD 1920 TO 2014


WEATHER ITEM   OBSERVED TIME   RECORD YEAR NORMAL DEPARTURE LAST
                VALUE   (LST)  VALUE       VALUE  FROM      YEAR
                                                  NORMAL
..................................................................
TEMPERATURE (F)
 YESTERDAY
  MAXIMUM         61    309 PM  86    1950  58      3       63
  MINIMUM         33   1224 AM   5    1925  37     -4       52
  AVERAGE         47                        47      0       58

PRECIPITATION (IN)
  YESTERDAY        T             2.28 2013   0.09  -0.09     2.28
  MONTH TO DATE    3.51                      2.74   0.77     4.09
  SINCE SEP 1      7.67                      6.53   1.14     5.16
  SINCE JAN 1     38.96                     33.23   5.73    34.27

DEGREE DAYS
 HEATING
  YESTERDAY       18                        18      0        7
  MONTH TO DATE  371                       384    -13      392
  SINCE SEP 1    492                       494     -2      459
  SINCE JUL 1    505                       505      0      475

 COOLING
  YESTERDAY        0                         0      0        0
  MONTH TO DATE    1                         9     -8       33
  SINCE SEP 1     69                       102    -33      199
  SINCE JAN 1    801                       936   -135     1014
..................................................................


WIND (MPH)
  HIGHEST WIND SPEED    26   HIGHEST WIND DIRECTION     N (350)
  HIGHEST GUST SPEED    32   HIGHEST GUST DIRECTION     N (360)
  AVERAGE WIND SPEED     8.5


SKY COVER
  POSSIBLE SUNSHINE  MM
  AVERAGE SKY COVER 0.6


WEATHER CONDITIONS
 THE FOLLOWING WEATHER WAS RECORDED YESTERDAY.
  LIGHT RAIN
  HAZE


RELATIVE HUMIDITY (PERCENT)
 HIGHEST    89          1200 AM
 LOWEST     42           100 PM
 AVERAGE    66

..........................................................


THE OTTUMWA IA CLIMATE NORMALS FOR TODAY
                         NORMAL    RECORD    YEAR
 MAXIMUM TEMPERATURE (F)   57        85      1950
 MINIMUM TEMPERATURE (F)   37        16      1925


SUNRISE AND SUNSET
OCTOBER 31 2014.......SUNRISE   740 AM CDT   SUNSET   607 PM CDT
NOVEMBER  1 2014......SUNRISE   741 AM CDT   SUNSET   605 PM CDT


-  INDICATES NEGATIVE NUMBERS.
R  INDICATES RECORD WAS SET OR TIED.
MM INDICATES DATA IS MISSING.
T  INDICATES TRACE AMOUNT.




$$
