000
CDUS43 KDMX 300642
CLIOTM

CLIMATE REPORT
NATIONAL WEATHER SERVICE DES MOINES IA
136 AM CDT SAT APR 30 2016

...................................

...THE OTTUMWA IA CLIMATE SUMMARY FOR APRIL 29 2016...

CLIMATE NORMAL PERIOD 1981 TO 2010
CLIMATE RECORD PERIOD 1920 TO 2016

WEATHER ITEM   OBSERVED TIME   RECORD YEAR NORMAL DEPARTURE LAST
                VALUE   (LST)  VALUE       VALUE  FROM      YEAR
                                                  NORMAL
..................................................................
TEMPERATURE (F)
 YESTERDAY
  MAXIMUM         51    338 PM  92    1910  67    -16       73
  MINIMUM         46   1159 PM  28    2008  45      1       42
                                      1958
  AVERAGE         49                        56     -7       58

PRECIPITATION (IN)
  YESTERDAY        0.02          1.09 2006   0.13  -0.11     0.00
  MONTH TO DATE    2.14                      3.26  -1.12     2.54
  SINCE MAR 1      3.36                      5.50  -2.14     3.00
  SINCE JAN 1      3.79                      7.68  -3.89     5.12

DEGREE DAYS
 HEATING
  YESTERDAY       16                        10      6        7
  MONTH TO DATE  391                       426    -35      338
  SINCE MAR 1   1006                      1237   -231     1105
  SINCE JUL 1   5060                      6122  -1062     6236

 COOLING
  YESTERDAY        0                         1     -1        0
  MONTH TO DATE    9                         9      0        1
  SINCE MAR 1      9                        10     -1        1
  SINCE JAN 1      9                        10     -1        1
..................................................................

WIND (MPH)
  HIGHEST WIND SPEED    20   HIGHEST WIND DIRECTION    NE (40)
  HIGHEST GUST SPEED    23   HIGHEST GUST DIRECTION     E (70)
  AVERAGE WIND SPEED    10.1

SKY COVER
  POSSIBLE SUNSHINE  MM
  AVERAGE SKY COVER 0.9

WEATHER CONDITIONS
 THE FOLLOWING WEATHER WAS RECORDED YESTERDAY.
  LIGHT RAIN
  FOG
  HAZE

RELATIVE HUMIDITY (PERCENT)
 HIGHEST   100           300 AM
 LOWEST     71           300 PM
 AVERAGE    86
..........................................................

THE OTTUMWA IA CLIMATE NORMALS FOR TODAY
                         NORMAL    RECORD    YEAR
 MAXIMUM TEMPERATURE (F)   67        95      1926
 MINIMUM TEMPERATURE (F)   45        27      1908

SUNRISE AND SUNSET
APRIL 30 2016.........SUNRISE   608 AM CDT   SUNSET   806 PM CDT
MAY  1 2016...........SUNRISE   607 AM CDT   SUNSET   807 PM CDT

-  INDICATES NEGATIVE NUMBERS.
R  INDICATES RECORD WAS SET OR TIED.
MM INDICATES DATA IS MISSING.
T  INDICATES TRACE AMOUNT.

$$

FAB
