000
CDUS43 KDMX 230655
CLIOTM

CLIMATE REPORT
NATIONAL WEATHER SERVICE DES MOINES IA
155 AM CDT FRI JUN 23 2017

...................................

...THE OTTUMWA IA CLIMATE SUMMARY FOR JUNE 22 2017...

CLIMATE NORMAL PERIOD 1981 TO 2010
CLIMATE RECORD PERIOD 1920 TO 2017


WEATHER ITEM   OBSERVED TIME   RECORD YEAR NORMAL DEPARTURE LAST
                VALUE   (LST)  VALUE       VALUE  FROM      YEAR
                                                  NORMAL
..................................................................
TEMPERATURE (F)
 YESTERDAY
  MAXIMUM         90    152 PM  97    1988  83      7       91
  MINIMUM         71    320 AM  45    1902  63      8       69
  AVERAGE         81                        73      8       80

PRECIPITATION (IN)
  YESTERDAY        T             1.50 2014   0.17  -0.17      T
  MONTH TO DATE    0.75                      3.75  -3.00     1.59
  SINCE JUN 1      0.75                      3.75  -3.00     1.59
  SINCE JAN 1     13.21                     16.28  -3.07    10.50

DEGREE DAYS
 HEATING
  YESTERDAY        0                         0      0        0
  MONTH TO DATE    0                        19    -19        1
  SINCE JUN 1      0                        19    -19        1
  SINCE JUL 1   5008                      6315  -1307     5265

 COOLING
  YESTERDAY       16                         8      8       15
  MONTH TO DATE  232                       128    104      208
  SINCE JUN 1    232                       128    104      208
  SINCE JAN 1    293                       192    101      279
..................................................................


WIND (MPH)
  HIGHEST WIND SPEED    21   HIGHEST WIND DIRECTION     S (190)
  HIGHEST GUST SPEED    28   HIGHEST GUST DIRECTION     S (190)
  AVERAGE WIND SPEED    10.6


SKY COVER
  POSSIBLE SUNSHINE  MM
  AVERAGE SKY COVER 0.2


WEATHER CONDITIONS
 THE FOLLOWING WEATHER WAS RECORDED YESTERDAY.
  LIGHT RAIN


RELATIVE HUMIDITY (PERCENT)
 HIGHEST    94          1000 PM
 LOWEST     52           200 PM
 AVERAGE    73

..........................................................


THE OTTUMWA IA CLIMATE NORMALS FOR TODAY
                         NORMAL    RECORD    YEAR
 MAXIMUM TEMPERATURE (F)   84        99      1933
 MINIMUM TEMPERATURE (F)   63        48      1942


SUNRISE AND SUNSET
JUNE 23 2017..........SUNRISE   538 AM CDT   SUNSET   846 PM CDT
JUNE 24 2017..........SUNRISE   538 AM CDT   SUNSET   846 PM CDT


-  INDICATES NEGATIVE NUMBERS.
R  INDICATES RECORD WAS SET OR TIED.
MM INDICATES DATA IS MISSING.
T  INDICATES TRACE AMOUNT.

$$

SMALL
