000
CDUS43 KDMX 270641
CLIOTM

CLIMATE REPORT
NATIONAL WEATHER SERVICE DES MOINES IA
1239 AM CST FRI FEB 27 2015


...................................

...THE OTTUMWA IA CLIMATE SUMMARY FOR FEBRUARY 26 2015...

CLIMATE NORMAL PERIOD 1981 TO 2010
CLIMATE RECORD PERIOD 1920 TO 2015


WEATHER ITEM   OBSERVED TIME   RECORD YEAR NORMAL DEPARTURE LAST
                VALUE   (LST)  VALUE       VALUE  FROM      YEAR
                                                  NORMAL
..................................................................
TEMPERATURE (F)
 YESTERDAY
  MAXIMUM         14   1241 AM  64    1932  41    -27       24
  MINIMUM         -4   1159 PM -12    1963  22    -26       -5
  AVERAGE          5                        31    -26       10

PRECIPITATION (IN)
  YESTERDAY        T             1.00 1903   0.07  -0.07     0.00
  MONTH TO DATE    0.22                      1.15  -0.93     2.33
  SINCE DEC 1      2.14                      3.42  -1.28     3.43
  SINCE JAN 1      1.16                      2.05  -0.89     2.77

DEGREE DAYS
 HEATING
  YESTERDAY       60                        34     26       55
  MONTH TO DATE 1225                       995    230     1252
  SINCE DEC 1   3504                      3519    -15     4087
  SINCE JUL 1   5012                      4817    195     5417

 COOLING
  YESTERDAY        0                         0      0        0
  MONTH TO DATE    0                         0      0        0
  SINCE DEC 1      0                         0      0        0
  SINCE JAN 1      0                         0      0        0
..................................................................


WIND (MPH)
  HIGHEST WIND SPEED    24   HIGHEST WIND DIRECTION     N (340)
  HIGHEST GUST SPEED    29   HIGHEST GUST DIRECTION     N (340)
  AVERAGE WIND SPEED    16.6


SKY COVER
  POSSIBLE SUNSHINE  MM
  AVERAGE SKY COVER 0.4


WEATHER CONDITIONS
 THE FOLLOWING WEATHER WAS RECORDED YESTERDAY.
  LIGHT SNOW
  HAZE


RELATIVE HUMIDITY (PERCENT)
 HIGHEST    84           100 AM
 LOWEST     57           400 PM
 AVERAGE    71

..........................................................


THE OTTUMWA IA CLIMATE NORMALS FOR TODAY
                         NORMAL    RECORD    YEAR
 MAXIMUM TEMPERATURE (F)   41        72      1976
 MINIMUM TEMPERATURE (F)   22       -23      1934


SUNRISE AND SUNSET
FEBRUARY 27 2015......SUNRISE   647 AM CST   SUNSET   558 PM CST
FEBRUARY 28 2015......SUNRISE   646 AM CST   SUNSET   559 PM CST


-  INDICATES NEGATIVE NUMBERS.
R  INDICATES RECORD WAS SET OR TIED.
MM INDICATES DATA IS MISSING.
T  INDICATES TRACE AMOUNT.




$$
