000
CDUS46 KOTX 300822
CLIOTX


CLIMATE REPORT
NATIONAL WEATHER SERVICE SPOKANE, WA
1222 AM PST FRI JAN 30 2015


...................................

...THE SPOKANE  WA WFO CLIMATE SUMMARY FOR JANUARY 29 2015...

CLIMATE NORMAL PERIOD 1981 TO 2010
CLIMATE RECORD PERIOD 1881 TO 2015


WEATHER ITEM   OBSERVED TIME   RECORD YEAR NORMAL DEPARTURE LAST
                VALUE   (LST)  VALUE       VALUE  FROM      YEAR
                                                  NORMAL
..................................................................
TEMPERATURE (F)
 YESTERDAY
  MAXIMUM         33        MM  MM      MM  35     -2       29
  MINIMUM         27        MM  MM      MM  23      4       21
  AVERAGE         30                        29      1       25

PRECIPITATION (IN)
  YESTERDAY        0.00         MM      MM   0.05  -0.05     0.36
  MONTH TO DATE    1.87                      1.78   0.09     0.93
  SINCE OCT 1      6.58                      7.81  -1.23     3.44
  SINCE JAN 1      1.87                      1.78   0.09     0.93

SNOWFALL (IN)
  YESTERDAY        0.0          MM      MM   0.4   -0.4      3.1
  MONTH TO DATE    9.9                      14.8   -4.9      5.3
  SINCE DEC 1     12.7                      31.8  -19.1      8.8
  SINCE JUL 1     13.2                      39.7  -26.5     11.8
  SNOW DEPTH       0

DEGREE DAYS
 HEATING
  YESTERDAY       35                        36     -1       40
  MONTH TO DATE 1000                      1088    -88     1022
  SINCE DEC 1   2027                      2304   -277     2290
  SINCE JUL 1   3606                      4186   -580     4146

 COOLING
  YESTERDAY        0                         0      0        0
  MONTH TO DATE    0                         0      0        0
  SINCE DEC 1      0                         0      0        0
  SINCE JAN 1      0                         0      0        0
..................................................................


WIND (MPH)
  HIGHEST WIND SPEED    MM   HIGHEST WIND DIRECTION    MM
  HIGHEST GUST SPEED     0   HIGHEST GUST DIRECTION     N (0)
  AVERAGE WIND SPEED    MM


SKY COVER
  POSSIBLE SUNSHINE  MM
  AVERAGE SKY COVER 0.0


WEATHER CONDITIONS
 THE FOLLOWING WEATHER WAS RECORDED YESTERDAY.
  FOG
  FOG W/VISIBILITY <= 1/4 MILE


RELATIVE HUMIDITY (PERCENT)
 HIGHEST     0          1200 AM
 LOWEST      0          1200 AM
 AVERAGE     0

..........................................................


THE SPOKANE  WA WFO CLIMATE NORMALS FOR TODAY
                         NORMAL    RECORD    YEAR
 MAXIMUM TEMPERATURE (F)   35        MM        MM
 MINIMUM TEMPERATURE (F)   23        MM        MM


SUNRISE AND SUNSET
JANUARY 30 2015.......SUNRISE   720 AM PST   SUNSET   448 PM PST
JANUARY 31 2015.......SUNRISE   719 AM PST   SUNSET   450 PM PST


-  INDICATES NEGATIVE NUMBERS.
R  INDICATES RECORD WAS SET OR TIED.
MM INDICATES DATA IS MISSING.
T  INDICATES TRACE AMOUNT.




$$
