006
CDUS46 KOTX 230823
CLIOTX


CLIMATE REPORT
NATIONAL WEATHER SERVICE SPOKANE, WA
122 AM PDT SAT JUL 23 2016


...................................

...THE SPOKANE  WA WFO CLIMATE SUMMARY FOR JULY 22 2016...

CLIMATE NORMAL PERIOD 1981 TO 2010
CLIMATE RECORD PERIOD 1881 TO 2016


WEATHER ITEM   OBSERVED TIME   RECORD YEAR NORMAL DEPARTURE LAST
                VALUE   (LST)  VALUE       VALUE  FROM      YEAR
                                                  NORMAL
..................................................................
TEMPERATURE (F)
 YESTERDAY
  MAXIMUM         72        MM  MM      MM  84    -12       79
  MINIMUM         52        MM  MM      MM  52      0       52
  AVERAGE         62                        68     -6       66

PRECIPITATION (IN)
  YESTERDAY        0.11         MM      MM   0.01   0.10     0.00
  MONTH TO DATE    0.39                      0.46  -0.07     0.08
  SINCE OCT 1     16.55                     15.87   0.68    12.01
  SINCE JAN 1      9.80                      9.84  -0.04     7.30

SNOWFALL (IN)
  YESTERDAY        0.0          MM      MM   0.0    0.0      0.0
  MONTH TO DATE    0.0                       0.0    0.0      0.0
  SINCE JUN 1      0.0                       0.0    0.0      0.0
  SINCE JUL 1      0.0                       0.0    0.0      0.0
  SNOW DEPTH      MM

DEGREE DAYS
 HEATING
  YESTERDAY        3                         1      2        0
  MONTH TO DATE   54                        45      9        0
  SINCE JUN 1    209                       232    -23       58
  SINCE JUL 1     54                        45      9        0

 COOLING
  YESTERDAY        0                         4     -4        1
  MONTH TO DATE   15                        65    -50      177
  SINCE JUN 1     65                        84    -19      312
  SINCE JAN 1     65                        89    -24      329
..................................................................


WIND (MPH)
  HIGHEST WIND SPEED    MM   HIGHEST WIND DIRECTION    MM
  HIGHEST GUST SPEED    MM   HIGHEST GUST DIRECTION    MM
  AVERAGE WIND SPEED    MM


SKY COVER
  POSSIBLE SUNSHINE  MM
  AVERAGE SKY COVER  MM


WEATHER CONDITIONS
 THE FOLLOWING WEATHER WAS RECORDED YESTERDAY.
  THUNDERSTORM
  RAIN
  LIGHT RAIN


RELATIVE HUMIDITY (PERCENT)
 HIGHEST    MM
 LOWEST     MM
 AVERAGE    MM

..........................................................


THE SPOKANE  WA WFO CLIMATE NORMALS FOR TODAY
                         NORMAL    RECORD    YEAR
 MAXIMUM TEMPERATURE (F)   84        MM        MM
 MINIMUM TEMPERATURE (F)   53        MM        MM


SUNRISE AND SUNSET
JULY 23 2016..........SUNRISE   517 AM PDT   SUNSET   836 PM PDT
JULY 24 2016..........SUNRISE   519 AM PDT   SUNSET   835 PM PDT


-  INDICATES NEGATIVE NUMBERS.
R  INDICATES RECORD WAS SET OR TIED.
MM INDICATES DATA IS MISSING.
T  INDICATES TRACE AMOUNT.




$$
