000
CDUS46 KOTX 290829
CLIOTX


CLIMATE REPORT
NATIONAL WEATHER SERVICE SPOKANE, WA
129 AM PDT SUN MAR 29 2015


...................................

...THE SPOKANE  WA WFO CLIMATE SUMMARY FOR MARCH 28 2015...

CLIMATE NORMAL PERIOD 1981 TO 2010
CLIMATE RECORD PERIOD 1881 TO 2015


WEATHER ITEM   OBSERVED TIME   RECORD YEAR NORMAL DEPARTURE LAST
                VALUE   (LST)  VALUE       VALUE  FROM      YEAR
                                                  NORMAL
..................................................................
TEMPERATURE (F)
 YESTERDAY
  MAXIMUM         58        MM  MM      MM  52      6       49
  MINIMUM         39        MM  MM      MM  32      7       32
  AVERAGE         49                        42      7       41

PRECIPITATION (IN)
  YESTERDAY        0.22         MM      MM   0.06   0.16     0.35
  MONTH TO DATE    2.43                      1.54   0.89     2.60
  SINCE OCT 1     10.31                     10.90  -0.59     7.73
  SINCE JAN 1      5.60                      4.87   0.73     5.22

SNOWFALL (IN)
  YESTERDAY        0.0          MM      MM   0.2   -0.2      0.0
  MONTH TO DATE    0.4                       4.8   -4.4      4.8
  SINCE MAR 1      0.4                       4.8   -4.4      4.8
  SINCE JUL 1     15.5                      51.2  -35.7     31.0
  SNOW DEPTH       0

DEGREE DAYS
 HEATING
  YESTERDAY       16                        23     -7       24
  MONTH TO DATE  600                       742   -142      743
  SINCE MAR 1    600                       742   -142      743
  SINCE JUL 1   5034                      5941   -907     6074

 COOLING
  YESTERDAY        0                         0      0        0
  MONTH TO DATE    0                         0      0        0
  SINCE MAR 1      0                         0      0        0
  SINCE JAN 1      0                         0      0        0
..................................................................


WIND (MPH)
  HIGHEST WIND SPEED    MM   HIGHEST WIND DIRECTION    MM
  HIGHEST GUST SPEED     0   HIGHEST GUST DIRECTION     N (0)
  AVERAGE WIND SPEED    MM


SKY COVER
  POSSIBLE SUNSHINE   0 PERCENT
  AVERAGE SKY COVER 0.0


WEATHER CONDITIONS
 THE FOLLOWING WEATHER WAS RECORDED YESTERDAY.
  NO SIGNIFICANT WEATHER WAS OBSERVED.


RELATIVE HUMIDITY (PERCENT)
 HIGHEST     0          1200 AM
 LOWEST      0          1200 AM
 AVERAGE     0

..........................................................


THE SPOKANE  WA WFO CLIMATE NORMALS FOR TODAY
                         NORMAL    RECORD    YEAR
 MAXIMUM TEMPERATURE (F)   53        MM        MM
 MINIMUM TEMPERATURE (F)   33        MM        MM


SUNRISE AND SUNSET
MARCH 29 2015.........SUNRISE   636 AM PDT   SUNSET   716 PM PDT
MARCH 30 2015.........SUNRISE   634 AM PDT   SUNSET   717 PM PDT


-  INDICATES NEGATIVE NUMBERS.
R  INDICATES RECORD WAS SET OR TIED.
MM INDICATES DATA IS MISSING.
T  INDICATES TRACE AMOUNT.




$$
