000
CDUS46 KOTX 060837
CLIOTX


CLIMATE REPORT
NATIONAL WEATHER SERVICE SPOKANE, WA
1236 AM PST FRI MAR 6 2015


...................................

...THE SPOKANE  WA WFO CLIMATE SUMMARY FOR MARCH 5 2015...

CLIMATE NORMAL PERIOD 1981 TO 2010
CLIMATE RECORD PERIOD 1881 TO 2015


WEATHER ITEM   OBSERVED TIME   RECORD YEAR NORMAL DEPARTURE LAST
                VALUE   (LST)  VALUE       VALUE  FROM      YEAR
                                                  NORMAL
..................................................................
TEMPERATURE (F)
 YESTERDAY
  MAXIMUM         52        MM  MM      MM  45      7       54
  MINIMUM         25        MM  MM      MM  26     -1       36
  AVERAGE         39                        36      3       45

PRECIPITATION (IN)
  YESTERDAY        0.00         MM      MM   0.05  -0.05     0.75
  MONTH TO DATE    0.03                      0.26  -0.23     1.40
  SINCE OCT 1      7.91                      9.62  -1.71     6.53
  SINCE JAN 1      3.20                      3.59  -0.39     4.02

SNOWFALL (IN)
  YESTERDAY        0.0          MM      MM   0.1   -0.1      0.0
  MONTH TO DATE    0.4                       0.8   -0.4      4.8
  SINCE MAR 1      0.4                       0.8   -0.4      4.8
  SINCE JUL 1     15.3                      47.2  -31.9     31.0
  SNOW DEPTH       0

DEGREE DAYS
 HEATING
  YESTERDAY       26                        29     -3       20
  MONTH TO DATE  165                       150     15      182
  SINCE MAR 1    165                       150     15      182
  SINCE JUL 1   4599                      5349   -750     5513

 COOLING
  YESTERDAY        0                         0      0        0
  MONTH TO DATE    0                         0      0        0
  SINCE MAR 1      0                         0      0        0
  SINCE JAN 1      0                         0      0        0
..................................................................


WIND (MPH)
  HIGHEST WIND SPEED    MM   HIGHEST WIND DIRECTION    MM
  HIGHEST GUST SPEED    MM   HIGHEST GUST DIRECTION    MM
  AVERAGE WIND SPEED    MM


SKY COVER
  POSSIBLE SUNSHINE  MM
  AVERAGE SKY COVER  MM


WEATHER CONDITIONS
 THE FOLLOWING WEATHER WAS RECORDED YESTERDAY.
  NO SIGNIFICANT WEATHER WAS OBSERVED.


RELATIVE HUMIDITY (PERCENT)
 HIGHEST    MM
 LOWEST     MM
 AVERAGE    MM

..........................................................


THE SPOKANE  WA WFO CLIMATE NORMALS FOR TODAY
                         NORMAL    RECORD    YEAR
 MAXIMUM TEMPERATURE (F)   45        MM        MM
 MINIMUM TEMPERATURE (F)   27        MM        MM


SUNRISE AND SUNSET
MARCH  6 2015.........SUNRISE   622 AM PST   SUNSET   543 PM PST
MARCH  7 2015.........SUNRISE   620 AM PST   SUNSET   544 PM PST


-  INDICATES NEGATIVE NUMBERS.
R  INDICATES RECORD WAS SET OR TIED.
MM INDICATES DATA IS MISSING.
T  INDICATES TRACE AMOUNT.




$$
