000
CDUS46 KOTX 230934
CLIOTX


CLIMATE REPORT
NATIONAL WEATHER SERVICE SPOKANE, WA
133 AM PST TUE JAN 23 2018


...................................

...THE SPOKANE  WA WFO CLIMATE SUMMARY FOR JANUARY 22 2018...

CLIMATE NORMAL PERIOD 1981 TO 2010
CLIMATE RECORD PERIOD 1881 TO 2018


WEATHER ITEM   OBSERVED TIME   RECORD YEAR NORMAL DEPARTURE LAST
                VALUE   (LST)  VALUE       VALUE  FROM      YEAR
                                                  NORMAL
..................................................................
TEMPERATURE (F)
 YESTERDAY
  MAXIMUM         37        MM  MM      MM  34      3       39
  MINIMUM         27        MM  MM      MM  23      4       29
  AVERAGE         32                        28      4       34

PRECIPITATION (IN)
  YESTERDAY        0.00         MM      MM   0.05  -0.05     0.22
  MONTH TO DATE    1.75                      1.42   0.33     1.65
  SINCE OCT 1      9.03                      7.45   1.58    12.02
  SINCE JAN 1      1.75                      1.42   0.33     1.65

SNOWFALL (IN)
  YESTERDAY        0.0          MM      MM   0.5   -0.5      1.0
  MONTH TO DATE    8.1                      12.1   -4.0     13.1
  SINCE DEC 1     24.2                      29.1   -4.9     32.0
  SINCE JUL 1     29.9                      37.0   -7.1     34.2
  SNOW DEPTH       T

DEGREE DAYS
 HEATING
  YESTERDAY       33                        36     -3       31
  MONTH TO DATE  745                       836    -91     1069
  SINCE DEC 1   1964                      2052    -88     2413
  SINCE JUL 1   3728                      3934   -206     3969

 COOLING
  YESTERDAY        0                         0      0        0
  MONTH TO DATE    0                         0      0        0
  SINCE DEC 1      0                         0      0        0
  SINCE JAN 1      0                         0      0        0
..................................................................


WIND (MPH)
  HIGHEST WIND SPEED    MM   HIGHEST WIND DIRECTION    MM
  HIGHEST GUST SPEED    MM   HIGHEST GUST DIRECTION    MM
  AVERAGE WIND SPEED    MM


SKY COVER
  POSSIBLE SUNSHINE  MM
  AVERAGE SKY COVER  MM


WEATHER CONDITIONS
 THE FOLLOWING WEATHER WAS RECORDED YESTERDAY.
  NO SIGNIFICANT WEATHER WAS OBSERVED.


RELATIVE HUMIDITY (PERCENT)
 HIGHEST    MM
 LOWEST     MM
 AVERAGE    MM

..........................................................


THE SPOKANE  WA WFO CLIMATE NORMALS FOR TODAY
                         NORMAL    RECORD    YEAR
 MAXIMUM TEMPERATURE (F)   34        MM        MM
 MINIMUM TEMPERATURE (F)   23        MM        MM


SUNRISE AND SUNSET
JANUARY 23 2018.......SUNRISE   727 AM PST   SUNSET   438 PM PST
JANUARY 24 2018.......SUNRISE   726 AM PST   SUNSET   439 PM PST


-  INDICATES NEGATIVE NUMBERS.
R  INDICATES RECORD WAS SET OR TIED.
MM INDICATES DATA IS MISSING.
T  INDICATES TRACE AMOUNT.




$$
