000
CDAK49 PAOT 210025
CLIOTZ

CLIMATE REPORT
NATIONAL WEATHER SERVICE KOTZEBUE, AK
425 PM AKDT WED AUG 20 2014

...................................
...THE KOTZEBUE WSO AP CLIMATE SUMMARY FOR AUGUST 20 2014...
VALID TODAY AS OF 2:00 PM LOCAL TIME

CLIMATE NORMAL PERIOD  1981 TO  2010
CLIMATE RECORD PERIOD  1897 TO  2014

WEATHER ITEM   OBSERVED TIME    RECORD YEAR NORMAL DEPARTURE LAST
               VALUE    (LST)   VALUE       VALUE  FROM      YEAR
                                                   NORMAL
...................................................................
TEMPERATURE
TODAY
 MAXIMUM            59  0230 PM    75  2004     56       3     57
 MINIMUM            53  0754 AM    28  1902     47       6     42
 AVERAGE            56                          51       5     50

PRECIPITATION
(INCHES)
 TODAY            0.03           0.80  1902   0.07   -0.04   0.00
 MONTH TO DATE    0.45                        1.45   -1.00   0.51
 SINCE JUN 1      3.42                        3.48   -0.06   2.70
 SINCE JAN 1      5.68                        6.15   -0.47   6.30

SNOWFALL
(INCHES)
 TODAY             0.0            0.0  2014    0.0     0.0    0.0
 MONTH TO DATE     0.0                         0.0     0.0    0.0
 SINCE JUN 1       0.0                         0.0     0.0    0.0
 SINCE JUL 1       0.0                         0.0     0.0    0.0
 SNOW DEPTH (IN)     0                                          0

DEGREE DAYS
 HEATING
  TODAY              9                          14      -5     15
  MONTH TO DATE     61                         245    -184    148
  SINCE JUN 1     1032                        1152    -120    835
  SINCE JUL 1      415                         571    -156    410

 COOLING
  TODAY              0                           0       0      0
  MONTH TO DATE     11                           0      11      0
  SINCE JUN 1       19                           0      19     13
  SINCE JAN 1       19                           0      19     13
...................................................................

WIND (MPH)
 HIGHEST WIND SPEED    12     HIGHEST WIND DIRECTION    330
 HIGHEST GUST SPEED    13     HIGHEST GUST DIRECTION    330
 AVERAGE WIND SPEED   0.0

SKY COVER
  POSSIBLE SUNSHINE  MM            AVERAGE SKY COVER MM

WEATHER CONDITIONS
 THE FOLLOWING WEATHER WAS RECORDED TODAY.
 NO SIGNIFICANT WEATHER WAS OBSERVED.

RELATIVE HUMIDITY
 HIGHEST RH     MM PERCENT       MM
 LOWEST  RH     MM PERCENT       MM
 AVERAGE RH     MM PERCENT       MM
...................................................................

THE KOTZEBUE CLIMATE NORMALS FOR TOMORROW
                        NORMAL    RECORD   YEAR
 MAXIMUM TEMPERATURE      55        73     2004
 MINIMUM TEMPERATURE      46        26     1902

SUNRISE AND SUNSET
 AUG 20 2014..........SUNRISE  6:41 AM      SUNSET 11:05 PM
 AUG 21 2014..........SUNRISE  6:44 AM      SUNSET 11:01 PM

-  INDICATES NEGATIVE NUMBERS.
R  INDICATES RECORD HAS BEEN SET OR TIED.
MM INDICATES DATA IS MISSING.
T  INDICATES TRACE OF PRECIPITATION.

&&
-------------------------------------------------------------------

AMOUNT OF DAYLIGHT TODAY  (HOUR:MIN)........16 HOURS 24 MINUTES
LOSS SINCE YESTERDAY (HOUR:MIN:SEC).........-0:07:48

$$
TGH AUG 14
