000
CDAK49 PAOT 282342
CLIOTZ

CLIMATE REPORT
NATIONAL WEATHER SERVICE KOTZEBUE, AK
342 PM AKDT TUE JUL 28 2015

...................................
...THE KOTZEBUE WSO AP CLIMATE SUMMARY FOR JULY 28 2015...
VALID TODAY AS OF 2:00 PM LOCAL TIME

CLIMATE NORMAL PERIOD  1981 TO  2010
CLIMATE RECORD PERIOD  1897 TO  2015

WEATHER ITEM   OBSERVED TIME    RECORD YEAR NORMAL DEPARTURE LAST
               VALUE    (LST)   VALUE       VALUE  FROM      YEAR
                                                   NORMAL
...................................................................
TEMPERATURE
TODAY
 MAXIMUM            64  0241 PM    76  1903     59       5     62
 MINIMUM            49  0345 AM    36  2000     51      -2     48
 AVERAGE            57                          55       2     55

PRECIPITATION
(INCHES)
 TODAY            0.00           1.73  1946   0.06   -0.06      T
 MONTH TO DATE    0.28                        1.25   -0.97   2.58
 SINCE JUN 1      0.49                        1.83   -1.34   2.96
 SINCE JAN 1      3.00                        4.50   -1.50   5.22

SNOWFALL
(INCHES)
 TODAY             0.0            0.0  2015    0.0     0.0    0.0
 MONTH TO DATE     0.0                         0.0     0.0    0.0
 SINCE JUN 1       0.0                         0.0     0.0    0.0
 SINCE JUL 1       0.0                         0.0     0.0    0.0
 SNOW DEPTH (IN)     0                                          0

DEGREE DAYS
 HEATING
  TODAY              8                          10      -2     10
  MONTH TO DATE    167                         295    -128    329
  SINCE JUN 1      576                         876    -300    946
  SINCE JUL 1      167                         295    -128    329

 COOLING
  TODAY              0                           0       0      0
  MONTH TO DATE     10                           0      10      8
  SINCE JUN 1       14                           0      14      8
  SINCE JAN 1       14                           0      14      8
...................................................................

WIND (MPH)
 HIGHEST WIND SPEED    15     HIGHEST WIND DIRECTION     80
 HIGHEST GUST SPEED    19     HIGHEST GUST DIRECTION     60
 AVERAGE WIND SPEED   0.0

SKY COVER
  POSSIBLE SUNSHINE  MM            AVERAGE SKY COVER MM

WEATHER CONDITIONS
 THE FOLLOWING WEATHER WAS RECORDED TODAY.
 FOG


RELATIVE HUMIDITY
 HIGHEST RH     MM PERCENT       MM
 LOWEST  RH     MM PERCENT       MM
 AVERAGE RH     MM PERCENT       MM
...................................................................

THE KOTZEBUE CLIMATE NORMALS FOR TOMORROW
                        NORMAL    RECORD   YEAR
 MAXIMUM TEMPERATURE      59        73     2009
 MINIMUM TEMPERATURE      50        37     1975

SUNRISE AND SUNSET
 JUL 28 2015..........SUNRISE  5:07 AM      SUNSET 12:44 AM
 JUL 29 2015..........SUNRISE  5:11 AM      SUNSET 12:40 AM

-  INDICATES NEGATIVE NUMBERS.
R  INDICATES RECORD HAS BEEN SET OR TIED.
MM INDICATES DATA IS MISSING.
T  INDICATES TRACE OF PRECIPITATION.

&&
-------------------------------------------------------------------

AMOUNT OF DAYLIGHT TODAY  (HOUR:MIN)........19 HOURS 37 MINUTES
LOSS SINCE YESTERDAY (HOUR:MIN:SEC).........-0:09:10

$$
TGH JUL 15
