000
CDAK49 PAFG 140043
CLIOTZ

CLIMATE REPORT
NATIONAL WEATHER SERVICE FAIRBANKS AK
343 PM AKST WED DEC 13 2017


...................................

...THE KOTZEBUE AK CLIMATE SUMMARY FOR DECEMBER 13 2017...
VALID TODAY AS OF 0300 PM LOCAL TIME.

CLIMATE NORMAL PERIOD 1981 TO 2010
CLIMATE RECORD PERIOD 1920 TO 2017


WEATHER ITEM   OBSERVED TIME   RECORD YEAR NORMAL DEPARTURE LAST
                VALUE   (LST)  VALUE       VALUE  FROM      YEAR
                                                  NORMAL
..................................................................
TEMPERATURE (F)
 TODAY
  MAXIMUM         34R   211 PM  30    2000   9     25       15
                                      1955
  MINIMUM         31   1110 AM -49    1935  -3     34       10
  AVERAGE         33                         3     30       13

PRECIPITATION (IN)
  TODAY            T             0.13 1989   0.03  -0.03     0.00
  MONTH TO DATE    0.35                      0.33   0.02      T
  SINCE DEC 1      0.35                      0.33   0.02      T
  SINCE JAN 1     12.93                     10.57   2.36     8.16

SNOWFALL (IN)
  TODAY            T             6.5  1957   0.4   -0.4      0.0
  MONTH TO DATE    2.6                       5.1   -2.5       T
  SINCE DEC 1      2.6                       5.1   -2.5       T
  SINCE JUL 1     43.6                      22.5   21.1      5.6
  SNOW DEPTH      44

DEGREE DAYS
 HEATING
  TODAY           32                        62    -30       52
  MONTH TO DATE  591                       792   -201      896
  SINCE DEC 1    591                       792   -201      896
  SINCE JUL 1   4408                      5150   -742     4509

 COOLING
  TODAY            0                         0      0        0
  MONTH TO DATE    0                         0      0        0
  SINCE DEC 1      0                         0      0        0
  SINCE JAN 1      1                         5     -4        5
..................................................................


WIND (MPH)
  HIGHEST GUST SPEED    36   HIGHEST GUST DIRECTION     E (100)


SKY COVER
  AVERAGE SKY COVER 0.7


WEATHER CONDITIONS
 THE FOLLOWING WEATHER WAS RECORDED TODAY.
  LIGHT RAIN
  LIGHT SNOW
  FOG


RELATIVE HUMIDITY (PERCENT)
 HIGHEST    96
 LOWEST     82
 AVERAGE    89

..........................................................


THE KOTZEBUE AK CLIMATE NORMALS FOR TOMORROW
                         NORMAL    RECORD    YEAR
 MAXIMUM TEMPERATURE (F)    9        34      1955
 MINIMUM TEMPERATURE (F)   -4       -45      1935


SUNRISE AND SUNSET
DECEMBER 13 2017......SUNRISE  1243 PM AKST  SUNSET   247 PM AKST
DECEMBER 14 2017......SUNRISE  1246 PM AKST  SUNSET   245 PM AKST

-  INDICATES NEGATIVE NUMBERS.
R  INDICATES RECORD WAS SET OR TIED.
MM INDICATES DATA IS MISSING.
T  INDICATES TRACE AMOUNT.

&&

SNOW DEPTH IS MEASURED AT 3AM AKST/4AM AKDT.

----------------------------
AVAILABLE DAYLIGHT

AMOUNT OF DAYLIGHT TODAY  (HOUR:MIN)........2:04
GAIN/LOSS SINCE YESTERDAY (HOUR:MIN:SEC)....-0:05:11

$$
AY DEC 17
