000
CDAK49 PAFG 170216
CLIOTZ

CLIMATE REPORT
NATIONAL WEATHER SERVICE FAIRBANKS AK
616 PM AKDT WED AUG 16 2017


...................................

...THE KOTZEBUE AK CLIMATE SUMMARY FOR AUGUST 16 2017...
VALID TODAY AS OF 0400 PM LOCAL TIME.

CLIMATE NORMAL PERIOD 1981 TO 2010
CLIMATE RECORD PERIOD 1920 TO 2017


WEATHER ITEM   OBSERVED TIME   RECORD YEAR NORMAL DEPARTURE LAST
                VALUE   (LST)  VALUE       VALUE  FROM      YEAR
                                                  NORMAL
..................................................................
TEMPERATURE (F)
 TODAY
  MAXIMUM         47    239 PM  75    1950  56     -9       52
  MINIMUM         44   1042 AM  33    1929  47     -3       47
                                      1902
  AVERAGE         46                        52     -6       50

PRECIPITATION (IN)
  TODAY            0.11          1.08 1984   0.07   0.04     0.00
  MONTH TO DATE    1.02                      1.16  -0.14     0.71
  SINCE JUN 1      3.85                      3.19   0.66     2.40
  SINCE JAN 1      5.93                      5.86   0.07     4.53

SNOWFALL (IN)
  TODAY            0.0           0.0    MM   0.0    0.0      0.0
  MONTH TO DATE    0.0                       0.0    0.0      0.0
  SINCE JUN 1      0.0                       0.0    0.0      0.0
  SINCE JUL 1      0.0                       0.0    0.0      0.0
  SNOW DEPTH       0

DEGREE DAYS
 HEATING
  TODAY           19                        13      6       15
  MONTH TO DATE  164                       190    -26      106
  SINCE JUN 1    804                      1095   -291      763
  SINCE JUL 1    393                       515   -122      359

 COOLING
  TODAY            0                         0      0        0
  MONTH TO DATE    0                         0      0        0
  SINCE JUN 1      1                         4     -3        5
  SINCE JAN 1      1                         4     -3        5
..................................................................


WIND (MPH)
  HIGHEST GUST SPEED    23   HIGHEST GUST DIRECTION    SW (240)


SKY COVER
  AVERAGE SKY COVER 1.0


WEATHER CONDITIONS
 THE FOLLOWING WEATHER WAS RECORDED TODAY.
  RAIN
  LIGHT RAIN
  FOG


RELATIVE HUMIDITY (PERCENT)
 HIGHEST    89
 LOWEST     71
 AVERAGE    80

..........................................................


THE KOTZEBUE AK CLIMATE NORMALS FOR TOMORROW
                         NORMAL    RECORD    YEAR
 MAXIMUM TEMPERATURE (F)   56        71      2007
 MINIMUM TEMPERATURE (F)   47        30      1902


SUNRISE AND SUNSET
AUGUST 16 2017........SUNRISE   627 AM AKDT  SUNSET  1120 PM AKDT
AUGUST 17 2017........SUNRISE   631 AM AKDT  SUNSET  1116 PM AKDT

-  INDICATES NEGATIVE NUMBERS.
R  INDICATES RECORD WAS SET OR TIED.
MM INDICATES DATA IS MISSING.
T  INDICATES TRACE AMOUNT.

&&

SNOW DEPTH IS MEASURED AT 3AM AKST/4AM AKDT.

----------------------------
AVAILABLE DAYLIGHT

AMOUNT OF DAYLIGHT TODAY  (HOUR:MIN)........16:53
GAIN/LOSS SINCE YESTERDAY (HOUR:MIN:SEC)....-0:07:56

$$
HFL AUG 17
