000
CDAK49 PAFG 200944
CLIOTZ

CLIMATE REPORT
NATIONAL WEATHER SERVICE FAIRBANKS AK
144 AM AKDT FRI OCT 20 2017


...................................

...THE KOTZEBUE AK CLIMATE SUMMARY FOR OCTOBER 19 2017...

CLIMATE NORMAL PERIOD 1981 TO 2010
CLIMATE RECORD PERIOD 1920 TO 2017


WEATHER ITEM   OBSERVED TIME   RECORD YEAR NORMAL DEPARTURE LAST
                VALUE   (LST)  VALUE       VALUE  FROM      YEAR
                                                  NORMAL
..................................................................
TEMPERATURE (F)
 YESTERDAY
  MAXIMUM         28    725 AM  46    1938  26      2       29
  MINIMUM         18   1042 PM  -1    1997  18      0       22
                                      1996
  AVERAGE         23                        22      1       26

PRECIPITATION (IN)
  YESTERDAY        0.08          0.23 1989   0.03   0.05     0.02
  MONTH TO DATE    1.41                      0.72   0.69     0.06
  SINCE SEP 1      3.03                      2.30   0.73     2.08
  SINCE JAN 1      9.49                      9.18   0.31     7.82

SNOWFALL (IN)
  YESTERDAY       MM             3.0  1934   0.2   MM        0.1
  MONTH TO DATE    0.7                       3.2   -2.5      0.1
  SINCE SEP 1      0.7                       4.0   -3.3      0.3
  SINCE JUL 1      0.7                       4.0   -3.3      0.3
  SNOW DEPTH       0

DEGREE DAYS
 HEATING
  YESTERDAY       42                        43     -1       39
  MONTH TO DATE  534                       703   -169      506
  SINCE SEP 1   1180                      1384   -204     1125
  SINCE JUL 1   1867                      2122   -255     1617

 COOLING
  YESTERDAY        0                         0      0        0
  MONTH TO DATE    0                         0      0        0
  SINCE SEP 1      0                         0      0        0
  SINCE JAN 1      1                         5     -4        5
..................................................................


WIND (MPH)
  HIGHEST GUST SPEED    21   HIGHEST GUST DIRECTION     E (110)


SKY COVER
  AVERAGE SKY COVER 0.7


WEATHER CONDITIONS
 THE FOLLOWING WEATHER WAS RECORDED YESTERDAY.
  SNOW
  LIGHT SNOW
  FOG


RELATIVE HUMIDITY (PERCENT)
 HIGHEST    96
 LOWEST     74
 AVERAGE    85

..........................................................


THE KOTZEBUE AK CLIMATE NORMALS FOR TODAY
                         NORMAL    RECORD    YEAR
 MAXIMUM TEMPERATURE (F)   26        44      1938
 MINIMUM TEMPERATURE (F)   17        -7      1970


SUNRISE AND SUNSET
OCTOBER 20 2017.......SUNRISE  1010 AM AKDT  SUNSET   700 PM AKDT
OCTOBER 21 2017.......SUNRISE  1014 AM AKDT  SUNSET   656 PM AKDT

-  INDICATES NEGATIVE NUMBERS.
R  INDICATES RECORD WAS SET OR TIED.
MM INDICATES DATA IS MISSING.
T  INDICATES TRACE AMOUNT.

&&

SNOW DEPTH IS MEASURED AT 3AM AKST/4AM AKDT.

----------------------------
AVAILABLE DAYLIGHT

AMOUNT OF DAYLIGHT TODAY  (HOUR:MIN)........8:50
GAIN/LOSS SINCE YESTERDAY (HOUR:MIN:SEC)....-0:07:31

$$
OCT 17
