000
CDUS43 KDDC 170706
CLIP28


CLIMATE REPORT
NATIONAL WEATHER SERVICE DODGE CITY KS
106 AM CST SUN DEC 17 2017


...................................

...THE MEDICINE LODGE KS CLIMATE SUMMARY FOR DECEMBER 16 2017...

CLIMATE NORMAL PERIOD 1981 TO 2010
CLIMATE RECORD PERIOD 1893 TO 2017


WEATHER ITEM   OBSERVED TIME   RECORD YEAR NORMAL DEPARTURE LAST
                VALUE   (LST)  VALUE       VALUE  FROM      YEAR
                                                  NORMAL
..................................................................
TEMPERATURE (F)
 YESTERDAY
  MAXIMUM         62    317 PM  72    1962  46     16       59
  MINIMUM         29    736 AM   2    1989  23      6       28
  AVERAGE         46                        34     12       44

PRECIPITATION (IN)
  YESTERDAY        0.00          0.55 1928   0.03  -0.03     0.00
  MONTH TO DATE    0.00                      0.49  -0.49     0.27
  SINCE DEC 1      0.00                      0.49  -0.49     0.27
  SINCE JAN 1     29.81                     26.71   3.10    29.91

SNOWFALL (IN)
  YESTERDAY        0.0          MM      MM   0.1             0.0
  MONTH TO DATE    0.0                       1.6             0.0
  SINCE DEC 1      0.0                       1.6             0.0
  SINCE JUL 1      0.0                       1.8             0.0
  SNOW DEPTH       0

DEGREE DAYS
 HEATING
  YESTERDAY       19                        31    -12       21
  MONTH TO DATE  366                       464    -98      538
  SINCE DEC 1    366                       464    -98      538
  SINCE JUL 1   1126                      1322   -196     1074

 COOLING
  YESTERDAY        0                         0      0        0
  MONTH TO DATE    0                         0      0        0
  SINCE DEC 1      0                         0      0        0
  SINCE JAN 1   1656                      1770   -114     1937
..................................................................


WIND (MPH)
  HIGHEST WIND SPEED    24   HIGHEST WIND DIRECTION     S (190)
  HIGHEST GUST SPEED    36   HIGHEST GUST DIRECTION     S (180)
  AVERAGE WIND SPEED    10.0




RELATIVE HUMIDITY (PERCENT)
 HIGHEST    75           700 AM
 LOWEST     22           300 PM
 AVERAGE    49

..........................................................


THE MEDICINE LODGE KS CLIMATE NORMALS FOR TODAY
                         NORMAL    RECORD    YEAR
 MAXIMUM TEMPERATURE (F)   45        79      1939
 MINIMUM TEMPERATURE (F)   23         1      1979


SUNRISE AND SUNSET
DECEMBER 17 2017......SUNRISE   743 AM CST   SUNSET   519 PM CST
DECEMBER 18 2017......SUNRISE   743 AM CST   SUNSET   519 PM CST


-  INDICATES NEGATIVE NUMBERS.
R  INDICATES RECORD WAS SET OR TIED.
MM INDICATES DATA IS MISSING.
T  INDICATES TRACE AMOUNT.




$$
