000
CDUS43 KDDC 022327
CLIP28


CLIMATE REPORT
NATIONAL WEATHER SERVICE DODGE CITY KS
627 PM CDT WED SEP 2 2015


...................................

...THE MEDICINE LODGE KS CLIMATE SUMMARY FOR SEPTEMBER 2 2015...
VALID TODAY AS OF 0500 PM LOCAL TIME.

CLIMATE NORMAL PERIOD 1981 TO 2010
CLIMATE RECORD PERIOD 1893 TO 2015


WEATHER ITEM   OBSERVED TIME   RECORD YEAR NORMAL DEPARTURE LAST
                VALUE   (LST)  VALUE       VALUE  FROM      YEAR
                                                  NORMAL
..................................................................
TEMPERATURE (F)
 TODAY
  MAXIMUM         98    319 PM 107    1939  89      9       84
  MINIMUM         71    538 AM  46    1952  64      7       66
  AVERAGE         85                        76      9       75

PRECIPITATION (IN)
  TODAY            0.00          0.92 1923   0.08  -0.08     0.36
  MONTH TO DATE    0.00                      0.17  -0.17     0.36
  SINCE SEP 1      0.00                      0.17  -0.17     0.36
  SINCE JAN 1     26.17                     20.52   5.65    17.87

DEGREE DAYS
 HEATING
  TODAY            0                         0      0        0
  MONTH TO DATE    0                         0      0        0
  SINCE SEP 1      0                         0      0        0
  SINCE JUL 1      0                         0      0        5

 COOLING
  TODAY           20                        11      9       10
  MONTH TO DATE   39                        23     16       25
  SINCE SEP 1     39                        23     16       25
  SINCE JAN 1   1518                      1534    -16     1509
..................................................................


WIND (MPH)
  HIGHEST WIND SPEED    24   HIGHEST WIND DIRECTION     S (180)
  HIGHEST GUST SPEED    32   HIGHEST GUST DIRECTION     S (190)
  AVERAGE WIND SPEED    12.1




RELATIVE HUMIDITY (PERCENT)
 HIGHEST    73           400 AM
 LOWEST     29           300 PM
 AVERAGE    51

..........................................................


THE MEDICINE LODGE KS CLIMATE NORMALS FOR TOMORROW
                         NORMAL    RECORD    YEAR
 MAXIMUM TEMPERATURE (F)   89       112      1939
 MINIMUM TEMPERATURE (F)   64        40      1974


SUNRISE AND SUNSET
SEPTEMBER  2 2015.....SUNRISE   705 AM CDT   SUNSET   802 PM CDT
SEPTEMBER  3 2015.....SUNRISE   706 AM CDT   SUNSET   800 PM CDT


-  INDICATES NEGATIVE NUMBERS.
R  INDICATES RECORD WAS SET OR TIED.
MM INDICATES DATA IS MISSING.
T  INDICATES TRACE AMOUNT.




$$
