000
CDUS43 KDDC 021008
CLIP28


CLIMATE REPORT
NATIONAL WEATHER SERVICE DODGE CITY KS
508 AM CDT TUE JUN 2 2015


...................................

...THE MEDICINE LODGE KS CLIMATE SUMMARY FOR JUNE 1 2015...

CLIMATE NORMAL PERIOD 1981 TO 2010
CLIMATE RECORD PERIOD 1893 TO 2015


WEATHER ITEM   OBSERVED TIME   RECORD YEAR NORMAL DEPARTURE LAST
                VALUE   (LST)  VALUE       VALUE  FROM      YEAR
                                                  NORMAL
..................................................................
TEMPERATURE (F)
 YESTERDAY
  MAXIMUM         80    429 PM 103    1953  84     -4       91
  MINIMUM         58    518 AM  44    1964  61     -3       66
  AVERAGE         69                        72     -3       79

PRECIPITATION (IN)
  YESTERDAY        0.00          1.85 1996   0.14  -0.14     0.96
  MONTH TO DATE    0.00                      0.14  -0.14     0.96
  SINCE JUN 1      0.00                      0.14  -0.14     0.96
  SINCE JAN 1     11.96                      9.88   2.08     3.85

SNOWFALL (IN)
  YESTERDAY        0.0          MM      MM   0.0             0.0
  MONTH TO DATE    0.0                       0.0             0.0
  SINCE JUN 1      0.0                       0.0             0.0
  SINCE JUL 1     13.2                       8.5            28.5
  SNOW DEPTH       0

DEGREE DAYS
 HEATING
  YESTERDAY        0                         0      0        0
  MONTH TO DATE    0                         0      0        0
  SINCE JUN 1      0                         0      0        0
  SINCE JUL 1   4323                      4455   -132     5023

 COOLING
  YESTERDAY        4                         8     -4       14
  MONTH TO DATE    4                         8     -4       14
  SINCE JUN 1      4                         8     -4       14
  SINCE JAN 1    111                       164    -53      283
..................................................................


WIND (MPH)
  HIGHEST WIND SPEED    18   HIGHEST WIND DIRECTION     S (180)
  HIGHEST GUST SPEED    23   HIGHEST GUST DIRECTION     S (170)
  AVERAGE WIND SPEED     9.0




RELATIVE HUMIDITY (PERCENT)
 HIGHEST   100           500 AM
 LOWEST     54           300 PM
 AVERAGE    77

..........................................................


THE MEDICINE LODGE KS CLIMATE NORMALS FOR TODAY
                         NORMAL    RECORD    YEAR
 MAXIMUM TEMPERATURE (F)   85       100      1953
 MINIMUM TEMPERATURE (F)   61        43      1917


SUNRISE AND SUNSET
JUNE  2 2015..........SUNRISE   615 AM CDT   SUNSET   850 PM CDT
JUNE  3 2015..........SUNRISE   615 AM CDT   SUNSET   850 PM CDT


-  INDICATES NEGATIVE NUMBERS.
R  INDICATES RECORD WAS SET OR TIED.
MM INDICATES DATA IS MISSING.
T  INDICATES TRACE AMOUNT.




$$
