000
CDUS43 KDDC 102329
CLIP28


CLIMATE REPORT
NATIONAL WEATHER SERVICE DODGE CITY KS
528 PM CST WED FEB 10 2016


...................................

...THE MEDICINE LODGE KS CLIMATE SUMMARY FOR FEBRUARY 10 2016...
VALID TODAY AS OF 0500 PM LOCAL TIME.

CLIMATE NORMAL PERIOD 1981 TO 2010
CLIMATE RECORD PERIOD 1893 TO 2016


WEATHER ITEM   OBSERVED TIME   RECORD YEAR NORMAL DEPARTURE LAST
                VALUE   (LST)  VALUE       VALUE  FROM      YEAR
                                                  NORMAL
..................................................................
TEMPERATURE (F)
 TODAY
  MAXIMUM         80    351 PM  82    1976  49     31       59
  MINIMUM         23    707 AM -17    2011  25     -2       30
  AVERAGE         52                        37     15       45

PRECIPITATION (IN)
  TODAY            0.00          1.11 1898   0.04  -0.04     0.00
  MONTH TO DATE    0.38                      0.30   0.08     0.01
  SINCE DEC 1      3.26                      1.93   1.33     2.09
  SINCE JAN 1      0.89                      1.01  -0.12     0.77

DEGREE DAYS
 HEATING
  TODAY           13                        28    -15       20
  MONTH TO DATE  264                       291    -27      266
  SINCE DEC 1   1952                      2210   -258     2046
  SINCE JUL 1   2547                      3068   -521     2951

 COOLING
  TODAY            0                         0      0        0
  MONTH TO DATE    0                         0      0        0
  SINCE DEC 1      0                         0      0        0
  SINCE JAN 1      0                         0      0        0
..................................................................


WIND (MPH)
  HIGHEST WIND SPEED    22   HIGHEST WIND DIRECTION    NW (300)
  HIGHEST GUST SPEED    30   HIGHEST GUST DIRECTION    NW (300)
  AVERAGE WIND SPEED     7.0




RELATIVE HUMIDITY (PERCENT)
 HIGHEST    88           700 AM
 LOWEST     10           300 PM
 AVERAGE    49

..........................................................


THE MEDICINE LODGE KS CLIMATE NORMALS FOR TOMORROW
                         NORMAL    RECORD    YEAR
 MAXIMUM TEMPERATURE (F)   49        85      1962
 MINIMUM TEMPERATURE (F)   25       -20      1899


SUNRISE AND SUNSET
FEBRUARY 10 2016......SUNRISE   729 AM CST   SUNSET   608 PM CST
FEBRUARY 11 2016......SUNRISE   728 AM CST   SUNSET   609 PM CST


-  INDICATES NEGATIVE NUMBERS.
R  INDICATES RECORD WAS SET OR TIED.
MM INDICATES DATA IS MISSING.
T  INDICATES TRACE AMOUNT.




$$
