000
CDUS43 KDDC 292332
CLIP28


CLIMATE REPORT
NATIONAL WEATHER SERVICE DODGE CITY KS
631 PM CDT FRI APR 29 2016


...................................

...THE MEDICINE LODGE KS CLIMATE SUMMARY FOR APRIL 29 2016...
VALID TODAY AS OF 0500 PM LOCAL TIME.

CLIMATE NORMAL PERIOD 1981 TO 2010
CLIMATE RECORD PERIOD 1893 TO 2016


WEATHER ITEM   OBSERVED TIME   RECORD YEAR NORMAL DEPARTURE LAST
                VALUE   (LST)  VALUE       VALUE  FROM      YEAR
                                                  NORMAL
..................................................................
TEMPERATURE (F)
 TODAY
  MAXIMUM         54   1225 AM 100    1910  73    -19       77
  MINIMUM         44   1237 PM  32    1907  49     -5       40
  AVERAGE         49                        61    -12       59

PRECIPITATION (IN)
  TODAY            0.93          2.37 1924   0.09   0.84     0.00
  MONTH TO DATE    4.92                      2.33   2.59     3.48
  SINCE MAR 1      5.59                      4.59   1.00     3.86
  SINCE JAN 1      6.48                      6.34   0.14     5.17

DEGREE DAYS
 HEATING
  TODAY           16                         5     11        6
  MONTH TO DATE  181                       283   -102      180
  SINCE MAR 1    592                       851   -259      640
  SINCE JUL 1   3481                      4380   -899     4214

 COOLING
  TODAY            0                         1     -1        0
  MONTH TO DATE   26                        21      5       32
  SINCE MAR 1     36                        23     13       32
  SINCE JAN 1     36                        23     13       32
..................................................................


WIND (MPH)
  HIGHEST WIND SPEED    32   HIGHEST WIND DIRECTION     W (260)
  HIGHEST GUST SPEED    42   HIGHEST GUST DIRECTION     W (250)
  AVERAGE WIND SPEED    18.3




RELATIVE HUMIDITY (PERCENT)
 HIGHEST   100           100 PM
 LOWEST     89          1200 AM
 AVERAGE    95

..........................................................


THE MEDICINE LODGE KS CLIMATE NORMALS FOR TOMORROW
                         NORMAL    RECORD    YEAR
 MAXIMUM TEMPERATURE (F)   73        95      1959
 MINIMUM TEMPERATURE (F)   49        26      1908


SUNRISE AND SUNSET
APRIL 29 2016.........SUNRISE   641 AM CDT   SUNSET   823 PM CDT
APRIL 30 2016.........SUNRISE   640 AM CDT   SUNSET   823 PM CDT


-  INDICATES NEGATIVE NUMBERS.
R  INDICATES RECORD WAS SET OR TIED.
MM INDICATES DATA IS MISSING.
T  INDICATES TRACE AMOUNT.




$$
