000
CDUS43 KDDC 261008
CLIP28


CLIMATE REPORT
NATIONAL WEATHER SERVICE DODGE CITY KS
407 AM CST WED NOV 26 2014


...................................

...THE MEDICINE LODGE KS CLIMATE SUMMARY FOR NOVEMBER 25 2014...

CLIMATE NORMAL PERIOD 1981 TO 2010
CLIMATE RECORD PERIOD 1893 TO 2014


WEATHER ITEM   OBSERVED TIME   RECORD YEAR NORMAL DEPARTURE LAST
                VALUE   (LST)  VALUE       VALUE  FROM      YEAR
                                                  NORMAL
..................................................................
TEMPERATURE (F)
 YESTERDAY
  MAXIMUM         51    412 PM  83    1910  53     -2       36
  MINIMUM         25    244 AM  11    1993  29     -4       23
  AVERAGE         38                        41     -3       30

PRECIPITATION (IN)
  YESTERDAY        0.00          1.78 1992   0.03  -0.03     0.00
  MONTH TO DATE    0.30                      0.83  -0.53     0.67
  SINCE SEP 1      1.85                      5.77  -3.92     3.59
  SINCE JAN 1     19.36                     26.12  -6.76    25.23

SNOWFALL (IN)
  YESTERDAY        0.0          MM      MM   0.0             0.0
  MONTH TO DATE    2.5                       0.1             1.5
  SINCE SEP 1      2.5                       0.1             1.5
  SINCE JUL 1      2.5                       0.1             1.5
  SNOW DEPTH       0

DEGREE DAYS
 HEATING
  YESTERDAY       27                        24      3
  MONTH TO DATE  607                       461    146
  SINCE SEP 1    781                       730     51
  SINCE JUL 1    786                       730     56

 COOLING
  YESTERDAY        0                         0      0        0
  MONTH TO DATE    0                         0      0        0
  SINCE SEP 1    318                       258     60      337
  SINCE JAN 1   1802                      1769     33     1786
..................................................................


WIND (MPH)
  HIGHEST WIND SPEED    17   HIGHEST WIND DIRECTION    SW (210)
  HIGHEST GUST SPEED    22   HIGHEST GUST DIRECTION     S (200)
  AVERAGE WIND SPEED     5.8




RELATIVE HUMIDITY (PERCENT)
 HIGHEST    85           500 AM
 LOWEST     30           400 PM
 AVERAGE    58

..........................................................


THE MEDICINE LODGE KS CLIMATE NORMALS FOR TODAY
                         NORMAL    RECORD    YEAR
 MAXIMUM TEMPERATURE (F)   53        84      1910
 MINIMUM TEMPERATURE (F)   28         4      1938


SUNRISE AND SUNSET
NOVEMBER 26 2014......SUNRISE   725 AM CST   SUNSET   518 PM CST
NOVEMBER 27 2014......SUNRISE   726 AM CST   SUNSET   518 PM CST


-  INDICATES NEGATIVE NUMBERS.
R  INDICATES RECORD WAS SET OR TIED.
MM INDICATES DATA IS MISSING.
T  INDICATES TRACE AMOUNT.




$$
