000
CDUS43 KDDC 280712
CLIP28


CLIMATE REPORT
NATIONAL WEATHER SERVICE DODGE CITY KS
212 AM CDT WED JUN 28 2017


...................................

...THE MEDICINE LODGE KS CLIMATE SUMMARY FOR JUNE 27 2017...

CLIMATE NORMAL PERIOD 1981 TO 2010
CLIMATE RECORD PERIOD 1893 TO 2017


WEATHER ITEM   OBSERVED TIME   RECORD YEAR NORMAL DEPARTURE LAST
                VALUE   (LST)  VALUE       VALUE  FROM      YEAR
                                                  NORMAL
..................................................................
TEMPERATURE (F)
 YESTERDAY
  MAXIMUM         96    306 PM 109    2013  92      4       93
                                      2012
  MINIMUM         65    420 AM  50    1968  67     -2       68
  AVERAGE         81                        80      1       81

PRECIPITATION (IN)
  YESTERDAY        0.00          2.55 1985   0.11  -0.11     0.00
  MONTH TO DATE    1.76                      3.82  -2.06     1.76
  SINCE JUN 1      1.76                      3.82  -2.06     1.76
  SINCE JAN 1     17.31                     13.56   3.75    10.54

SNOWFALL (IN)
  YESTERDAY        0.0          MM      MM   0.0             0.0
  MONTH TO DATE    0.0                       0.0             0.0
  SINCE JUN 1      0.0                       0.0             0.0
  SINCE JUL 1      1.4                       8.5             2.0
  SNOW DEPTH       0

DEGREE DAYS
 HEATING
  YESTERDAY        0                         0      0        0
  MONTH TO DATE    0                         0      0        0
  SINCE JUN 1      0                         0      0        0
  SINCE JUL 1   3711                      4455   -744     3601

 COOLING
  YESTERDAY       16                        15      1       16
  MONTH TO DATE  326                       307     19      412
  SINCE JUN 1    326                       307     19      412
  SINCE JAN 1    424                       463    -39      549
..................................................................


WIND (MPH)
  HIGHEST WIND SPEED    26   HIGHEST WIND DIRECTION     S (190)
  HIGHEST GUST SPEED    35   HIGHEST GUST DIRECTION     S (200)
  AVERAGE WIND SPEED    13.5




RELATIVE HUMIDITY (PERCENT)
 HIGHEST    87           300 AM
 LOWEST     33           300 PM
 AVERAGE    60

..........................................................


THE MEDICINE LODGE KS CLIMATE NORMALS FOR TODAY
                         NORMAL    RECORD    YEAR
 MAXIMUM TEMPERATURE (F)   92       107      1933
 MINIMUM TEMPERATURE (F)   68        50      1904


SUNRISE AND SUNSET
JUNE 28 2017..........SUNRISE   616 AM CDT   SUNSET   859 PM CDT
JUNE 29 2017..........SUNRISE   617 AM CDT   SUNSET   859 PM CDT


-  INDICATES NEGATIVE NUMBERS.
R  INDICATES RECORD WAS SET OR TIED.
MM INDICATES DATA IS MISSING.
T  INDICATES TRACE AMOUNT.




$$
