000
CDUS43 KDDC 271425
CLIP28


CLIMATE REPORT
NATIONAL WEATHER SERVICE DODGE CITY KS
925 AM CDT FRI MAR 27 2015


...................................

...THE MEDICINE LODGE KS CLIMATE SUMMARY FOR MARCH 27 2015...
VALID AS OF 0800 AM LOCAL TIME.

CLIMATE NORMAL PERIOD 1981 TO 2010
CLIMATE RECORD PERIOD 1893 TO 2015


WEATHER ITEM   OBSERVED TIME   RECORD YEAR NORMAL DEPARTURE LAST
                VALUE   (LST)  VALUE       VALUE  FROM      YEAR
                                                  NORMAL
..................................................................
TEMPERATURE (F)
 TODAY
  MAXIMUM         50   1222 AM  89    1905  63    -13       70
  MINIMUM         37    759 AM   7    1899  37      0       42
  AVERAGE         44                        50     -6       56

PRECIPITATION (IN)
  TODAY            0.00          1.11 2004   0.07  -0.07     0.00
  MONTH TO DATE    0.38                      1.96  -1.58     0.49
  SINCE MAR 1      0.38                      1.96  -1.58     0.49
  SINCE JAN 1      1.69                      3.71  -2.02     1.44

..................................................................


WIND (MPH)
  HIGHEST WIND SPEED    24   HIGHEST WIND DIRECTION     N (10)
  HIGHEST GUST SPEED    31   HIGHEST GUST DIRECTION     N (10)



WEATHER CONDITIONS
 THE FOLLOWING WEATHER WAS RECORDED TODAY.
  NO SIGNIFICANT WEATHER WAS OBSERVED.


RELATIVE HUMIDITY (PERCENT)
 HIGHEST    85

..........................................................


THE MEDICINE LODGE KS CLIMATE NORMALS FOR TOMORROW
                         NORMAL    RECORD    YEAR
 MAXIMUM TEMPERATURE (F)   63        89      1963
 MINIMUM TEMPERATURE (F)   38        13      1931


SUNRISE AND SUNSET
MARCH 27 2015.........SUNRISE   728 AM CDT   SUNSET   752 PM CDT
MARCH 28 2015.........SUNRISE   726 AM CDT   SUNSET   753 PM CDT


-  INDICATES NEGATIVE NUMBERS.
R  INDICATES RECORD WAS SET OR TIED.
MM INDICATES DATA IS MISSING.
T  INDICATES TRACE AMOUNT.




$$
