000
CDUS43 KDDC 062331
CLIP28


CLIMATE REPORT
NATIONAL WEATHER SERVICE DODGE CITY KS
530 PM CST FRI MAR 6 2015


...................................

...THE MEDICINE LODGE KS CLIMATE SUMMARY FOR MARCH 6 2015...
VALID TODAY AS OF 0500 PM LOCAL TIME.

CLIMATE NORMAL PERIOD 1981 TO 2010
CLIMATE RECORD PERIOD 1893 TO 2015


WEATHER ITEM   OBSERVED TIME   RECORD YEAR NORMAL DEPARTURE LAST
                VALUE   (LST)  VALUE       VALUE  FROM      YEAR
                                                  NORMAL
..................................................................
TEMPERATURE (F)
 TODAY
  MAXIMUM         65    342 PM  87    1925  56      9       47
  MINIMUM         24    736 AM   2    1943  31     -7       29
  AVERAGE         45                        44      1       38

PRECIPITATION (IN)
  TODAY            0.00          0.25 1990   0.07  -0.07     0.00
  MONTH TO DATE    0.02                      0.39  -0.37     0.32
  SINCE MAR 1      0.02                      0.39  -0.37     0.32
  SINCE JAN 1      1.33                      2.14  -0.81     1.27

DEGREE DAYS
 HEATING
  TODAY           20                        21     -1       27
  MONTH TO DATE  194                       133     61      264
  SINCE MAR 1    194                       133     61      264
  SINCE JUL 1   3768                      3662    106     4215

 COOLING
  TODAY            0                         0      0        0
  MONTH TO DATE    0                         0      0        0
  SINCE MAR 1      0                         0      0        0
  SINCE JAN 1      0                         0      0        0
..................................................................


WIND (MPH)
  HIGHEST WIND SPEED    15   HIGHEST WIND DIRECTION     S (200)
  HIGHEST GUST SPEED    20   HIGHEST GUST DIRECTION    SW (220)
  AVERAGE WIND SPEED     7.0




RELATIVE HUMIDITY (PERCENT)
 HIGHEST    88           400 AM
 LOWEST     21           400 PM
 AVERAGE    55

..........................................................


THE MEDICINE LODGE KS CLIMATE NORMALS FOR TOMORROW
                         NORMAL    RECORD    YEAR
 MAXIMUM TEMPERATURE (F)   57        80      1974
 MINIMUM TEMPERATURE (F)   32        -3      1920


SUNRISE AND SUNSET
MARCH  6 2015.........SUNRISE   659 AM CST   SUNSET   633 PM CST
MARCH  7 2015.........SUNRISE   657 AM CST   SUNSET   634 PM CST


-  INDICATES NEGATIVE NUMBERS.
R  INDICATES RECORD WAS SET OR TIED.
MM INDICATES DATA IS MISSING.
T  INDICATES TRACE AMOUNT.




$$
