000
CDUS45 KRIW 300744
CLIP60


CLIMATE REPORT
NATIONAL WEATHER SERVICE RIVERTON WY
135 AM MDT WED JUL 30 2014


...................................

...THE LAKE YELLOWSTONE WY CLIMATE SUMMARY FOR JULY 29 2014...

CLIMATE NORMAL PERIOD 1981 TO 2010
CLIMATE RECORD PERIOD 1998 TO 2014


WEATHER ITEM   OBSERVED TIME   RECORD YEAR NORMAL DEPARTURE LAST
                VALUE   (LST)  VALUE       VALUE  FROM      YEAR
                                                  NORMAL
..................................................................
TEMPERATURE (F)
 YESTERDAY
  MAXIMUM         66    257 PM  82    2006  74     -8       71
  MINIMUM         43   1154 PM  33    2011  41      2       36
  AVERAGE         55                        57     -2       54

PRECIPITATION (IN)
  YESTERDAY        0.06R         0.03 2013   0.05   0.01     0.03
  MONTH TO DATE    1.30                      1.38  -0.08     1.24
  SINCE JUN 1      3.64                      3.38   0.26     2.00
  SINCE JAN 1     18.78                     12.46   6.32    10.99

DEGREE DAYS
 HEATING
  YESTERDAY       10                         8      2       11
  MONTH TO DATE  245                       267    -22      178
  SINCE JUN 1    831                       760     71      611
  SINCE JUL 1    245                       267    -22      178

 COOLING
  YESTERDAY        0                         0      0        0
  MONTH TO DATE    0                         0      0        0
  SINCE JUN 1      0                         0      0        0
  SINCE JAN 1      0                         0      0        0
..................................................................


WIND (MPH)
  HIGHEST WIND SPEED    10   HIGHEST WIND DIRECTION    NW (320)
  HIGHEST GUST SPEED    19   HIGHEST GUST DIRECTION    NW (320)
  AVERAGE WIND SPEED     2.2


SKY COVER
  POSSIBLE SUNSHINE  MM
  AVERAGE SKY COVER 0.0


WEATHER CONDITIONS
 THE FOLLOWING WEATHER WAS RECORDED YESTERDAY.
  NO SIGNIFICANT WEATHER WAS OBSERVED.


RELATIVE HUMIDITY (PERCENT)
 HIGHEST    93           900 PM
 LOWEST     52           300 PM
 AVERAGE    73

..........................................................


THE LAKE YELLOWSTONE WY CLIMATE NORMALS FOR TODAY
                         NORMAL    RECORD    YEAR
 MAXIMUM TEMPERATURE (F)   74        82      2012
                                             2000
 MINIMUM TEMPERATURE (F)   41        29      2009


SUNRISE AND SUNSET
JULY 30 2014..........SUNRISE   606 AM MDT   SUNSET   849 PM MDT
JULY 31 2014..........SUNRISE   607 AM MDT   SUNSET   848 PM MDT


-  INDICATES NEGATIVE NUMBERS.
R  INDICATES RECORD WAS SET OR TIED.
MM INDICATES DATA IS MISSING.
T  INDICATES TRACE AMOUNT.




$$
