000
CDUS45 KRIW 200738
CLIP60


CLIMATE REPORT
NATIONAL WEATHER SERVICE RIVERTON WY
1238 AM MST THU NOV 20 2014


...................................

...THE LAKE YELLOWSTONE WY CLIMATE SUMMARY FOR NOVEMBER 19 2014...

CLIMATE NORMAL PERIOD 1981 TO 2010
CLIMATE RECORD PERIOD 1998 TO 2014


WEATHER ITEM   OBSERVED TIME   RECORD YEAR NORMAL DEPARTURE LAST
                VALUE   (LST)  VALUE       VALUE  FROM      YEAR
                                                  NORMAL
..................................................................
TEMPERATURE (F)
 YESTERDAY
  MAXIMUM         34    149 PM  47    2008  31      3       37
  MINIMUM          5    756 AM  -2    2000  11     -6       23
  AVERAGE         20                        21     -1       30

PRECIPITATION (IN)
  YESTERDAY        0.00          0.28 2003   0.07  -0.07     0.00
  MONTH TO DATE    0.93                      1.33  -0.40     0.63
  SINCE SEP 1      4.43                      3.98   0.45     6.32
  SINCE JAN 1     27.55                     18.05   9.50    18.49

DEGREE DAYS
 HEATING
  YESTERDAY       45                        44      1       35
  MONTH TO DATE  863                       758    105      758
  SINCE SEP 1   2229                      2219     10     2300
  SINCE JUL 1   2891                      2806     85     2724

 COOLING
  YESTERDAY        0                         0      0        0
  MONTH TO DATE    0                         0      0        0
  SINCE SEP 1      0                         0      0        0
  SINCE JAN 1      0                         0      0        0
..................................................................


WIND (MPH)
  HIGHEST WIND SPEED     8   HIGHEST WIND DIRECTION    SW (220)
  HIGHEST GUST SPEED    14   HIGHEST GUST DIRECTION     S (200)
  AVERAGE WIND SPEED     2.2


SKY COVER
  POSSIBLE SUNSHINE  MM
  AVERAGE SKY COVER 0.0


WEATHER CONDITIONS
 THE FOLLOWING WEATHER WAS RECORDED YESTERDAY.
  NO SIGNIFICANT WEATHER WAS OBSERVED.


RELATIVE HUMIDITY (PERCENT)
 HIGHEST    92           300 AM
 LOWEST     51           100 PM
 AVERAGE    72

..........................................................


THE LAKE YELLOWSTONE WY CLIMATE NORMALS FOR TODAY
                         NORMAL    RECORD    YEAR
 MAXIMUM TEMPERATURE (F)   31        44      2006
 MINIMUM TEMPERATURE (F)   10        -3      2004


SUNRISE AND SUNSET
NOVEMBER 20 2014......SUNRISE   725 AM MST   SUNSET   449 PM MST
NOVEMBER 21 2014......SUNRISE   726 AM MST   SUNSET   449 PM MST


-  INDICATES NEGATIVE NUMBERS.
R  INDICATES RECORD WAS SET OR TIED.
MM INDICATES DATA IS MISSING.
T  INDICATES TRACE AMOUNT.




$$
