000
CDUS45 KRIW 240741
CLIP60


CLIMATE REPORT
NATIONAL WEATHER SERVICE RIVERTON WY
136 AM MDT THU APR 24 2014


...................................

...THE LAKE YELLOWSTONE WY CLIMATE SUMMARY FOR APRIL 23 2014...

CLIMATE NORMAL PERIOD 1981 TO 2010
CLIMATE RECORD PERIOD 1998 TO 2014


WEATHER ITEM   OBSERVED TIME   RECORD YEAR NORMAL DEPARTURE LAST
                VALUE   (LST)  VALUE       VALUE  FROM      YEAR
                                                  NORMAL
..................................................................
TEMPERATURE (F)
 YESTERDAY
  MAXIMUM         34    100 PM  51    2009  45    -11       32
  MINIMUM         24    344 PM -11    2013  22      2      -11
  AVERAGE         29                        33     -4       11

PRECIPITATION (IN)
  YESTERDAY        0.06          0.46 2007   0.07  -0.01     0.00
  MONTH TO DATE    2.51                      1.55   0.96     2.28
  SINCE MAR 1      7.09                      2.76   4.33     4.59
  SINCE JAN 1     12.17                      6.28   5.89     6.93

DEGREE DAYS
 HEATING
  YESTERDAY       36                        32      4       54
  MONTH TO DATE  865                       800     65      935
  SINCE MAR 1   2238                      2102    136     2331
  SINCE JUL 1  10291                     10039    252    10198

 COOLING
  YESTERDAY        0                         0      0        0
  MONTH TO DATE    0                         0      0        0
  SINCE MAR 1      0                         0      0        0
  SINCE JAN 1      0                         0      0        0
..................................................................


WIND (MPH)
  HIGHEST WIND SPEED    17   HIGHEST WIND DIRECTION     W (270)
  HIGHEST GUST SPEED    29   HIGHEST GUST DIRECTION     W (280)
  AVERAGE WIND SPEED     7.6


SKY COVER
  POSSIBLE SUNSHINE  MM
  AVERAGE SKY COVER 0.0


WEATHER CONDITIONS
 THE FOLLOWING WEATHER WAS RECORDED YESTERDAY.
  NO SIGNIFICANT WEATHER WAS OBSERVED.


RELATIVE HUMIDITY (PERCENT)
 HIGHEST    88           500 AM
 LOWEST     35           100 PM
 AVERAGE    62

..........................................................


THE LAKE YELLOWSTONE WY CLIMATE NORMALS FOR TODAY
                         NORMAL    RECORD    YEAR
 MAXIMUM TEMPERATURE (F)   45        52      2005
 MINIMUM TEMPERATURE (F)   22        -1      2011


SUNRISE AND SUNSET
APRIL 24 2014.........SUNRISE   623 AM MDT   SUNSET   818 PM MDT
APRIL 25 2014.........SUNRISE   621 AM MDT   SUNSET   819 PM MDT


-  INDICATES NEGATIVE NUMBERS.
R  INDICATES RECORD WAS SET OR TIED.
MM INDICATES DATA IS MISSING.
T  INDICATES TRACE AMOUNT.




$$
