000
CDUS45 KRIW 070046
CLIP60


CLIMATE REPORT
NATIONAL WEATHER SERVICE RIVERTON WY
536 PM MST FRI MAR 6 2015


...................................

...THE LAKE YELLOWSTONE WY CLIMATE SUMMARY FOR MARCH 6 2015...
VALID TODAY AS OF 0500 PM LOCAL TIME.

CLIMATE NORMAL PERIOD 1981 TO 2010
CLIMATE RECORD PERIOD 1998 TO 2015


WEATHER ITEM   OBSERVED TIME   RECORD YEAR NORMAL DEPARTURE LAST
                VALUE   (LST)  VALUE       VALUE  FROM      YEAR
                                                  NORMAL
..................................................................
TEMPERATURE (F)
 TODAY
  MAXIMUM         41        MM  42    2006  34      7       35
  MINIMUM          1        MM -24    1999   6     -5       20
  AVERAGE         21

PRECIPITATION (IN)
  TODAY            0.00          0.82 2014   0.02  -0.02     0.82
  MONTH TO DATE    0.11                      0.17  -0.06     1.42
  SINCE MAR 1      0.11                      0.17  -0.06     1.42
  SINCE JAN 1      3.00                      3.69  -0.69     6.50

DEGREE DAYS
 HEATING
  TODAY           44                        45     -1       37
  MONTH TO DATE  345                       275     70      257
  SINCE MAR 1    345                       275     70      257
  SINCE JUL 1   7909                      8212   -303     8310

 COOLING
  TODAY            0                         0      0        0
  MONTH TO DATE    0                         0      0        0
  SINCE MAR 1      0                         0      0        0
  SINCE JAN 1      0                         0      0        0
..................................................................


WIND (MPH)
  HIGHEST WIND SPEED    12   HIGHEST WIND DIRECTION     W (270)
  HIGHEST GUST SPEED    20   HIGHEST GUST DIRECTION     W (270)
  AVERAGE WIND SPEED     3.1


SKY COVER
  POSSIBLE SUNSHINE  MM
  AVERAGE SKY COVER 0.0


WEATHER CONDITIONS
 THE FOLLOWING WEATHER WAS RECORDED TODAY.
  NO SIGNIFICANT WEATHER WAS OBSERVED.


RELATIVE HUMIDITY (PERCENT)
 HIGHEST    95           500 AM
 LOWEST     33           300 PM
 AVERAGE    64

..........................................................


THE LAKE YELLOWSTONE WY CLIMATE NORMALS FOR TOMORROW
                         NORMAL    RECORD    YEAR
 MAXIMUM TEMPERATURE (F)   34        44      2007
 MINIMUM TEMPERATURE (F)    7       -10      2009
                                             2008


SUNRISE AND SUNSET
MARCH  6 2015.........SUNRISE   651 AM MST   SUNSET   616 PM MST
MARCH  7 2015.........SUNRISE   649 AM MST   SUNSET   617 PM MST


-  INDICATES NEGATIVE NUMBERS.
R  INDICATES RECORD WAS SET OR TIED.
MM INDICATES DATA IS MISSING.
T  INDICATES TRACE AMOUNT.




$$
