000
CDUS45 KRIW 240735
CLIP60


CLIMATE REPORT
NATIONAL WEATHER SERVICE RIVERTON WY
133 AM MDT SAT JUN 24 2017


...................................

...THE LAKE YELLOWSTONE WY CLIMATE SUMMARY FOR JUNE 23 2017...

CLIMATE NORMAL PERIOD 1981 TO 2010
CLIMATE RECORD PERIOD 1998 TO 2017


WEATHER ITEM   OBSERVED TIME   RECORD YEAR NORMAL DEPARTURE LAST
                VALUE   (LST)  VALUE       VALUE  FROM      YEAR
                                                  NORMAL
..................................................................
TEMPERATURE (F)
 YESTERDAY
  MAXIMUM         62    530 PM  80    2012  66     -4       77
  MINIMUM         27R   504 AM  27    2009  36     -9       35
                                      2003
  AVERAGE         45                        51     -6       56

PRECIPITATION (IN)
  YESTERDAY        0.00          0.12 2005   0.06  -0.06     0.00
  MONTH TO DATE    1.19                      1.67  -0.48     0.83
  SINCE JUN 1      1.19                      1.67  -0.48     0.83
  SINCE JAN 1     18.40                     10.75   7.65     9.89

DEGREE DAYS
 HEATING
  YESTERDAY       20                        14      6        9
  MONTH TO DATE  383                       402    -19      292
  SINCE JUN 1    383                       402    -19      292
  SINCE JUL 1  11382                     11430    -48    11045

 COOLING
  YESTERDAY        0                         0      0        0
  MONTH TO DATE    0                         0      0        0
  SINCE JUN 1      0                         0      0        0
  SINCE JAN 1      0                         0      0        0
..................................................................


WIND (MPH)
  HIGHEST WIND SPEED     8   HIGHEST WIND DIRECTION    NW (330)
  HIGHEST GUST SPEED    14   HIGHEST GUST DIRECTION    NW (320)
  AVERAGE WIND SPEED     2.6


SKY COVER
  POSSIBLE SUNSHINE  MM
  AVERAGE SKY COVER 0.0


WEATHER CONDITIONS
 THE FOLLOWING WEATHER WAS RECORDED YESTERDAY.
  NO SIGNIFICANT WEATHER WAS OBSERVED.


RELATIVE HUMIDITY (PERCENT)
 HIGHEST    92           500 AM
 LOWEST     28           700 PM
 AVERAGE    60

..........................................................


THE LAKE YELLOWSTONE WY CLIMATE NORMALS FOR TODAY
                         NORMAL    RECORD    YEAR
 MAXIMUM TEMPERATURE (F)   66        82      2012
 MINIMUM TEMPERATURE (F)   36        31      2010
                                             2009


SUNRISE AND SUNSET
JUNE 24 2017..........SUNRISE   538 AM MDT   SUNSET   911 PM MDT
JUNE 25 2017..........SUNRISE   538 AM MDT   SUNSET   911 PM MDT


-  INDICATES NEGATIVE NUMBERS.
R  INDICATES RECORD WAS SET OR TIED.
MM INDICATES DATA IS MISSING.
T  INDICATES TRACE AMOUNT.




$$
