000
CDUS45 KRIW 230737
CLIP60


CLIMATE REPORT
NATIONAL WEATHER SERVICE RIVERTON WY
1236 AM MST FRI FEB 23 2018


...................................

...THE LAKE YELLOWSTONE WY CLIMATE SUMMARY FOR FEBRUARY 22 2018...

CLIMATE NORMAL PERIOD 1981 TO 2010
CLIMATE RECORD PERIOD 1998 TO 2018


WEATHER ITEM   OBSERVED TIME   RECORD YEAR NORMAL DEPARTURE LAST
                VALUE   (LST)  VALUE       VALUE  FROM      YEAR
                                                  NORMAL
..................................................................
TEMPERATURE (F)
 YESTERDAY
  MAXIMUM         13    434 PM  41    2012  29    -16       28
  MINIMUM        -19    540 AM -23    2010   3    -22       -3
  AVERAGE         -3                        16    -19       13

PRECIPITATION (IN)
  YESTERDAY        0.01          0.52 2012   0.05  -0.04     0.01
  MONTH TO DATE    3.27                      1.10   2.17     7.11
  SINCE DEC 1      7.63                      4.71   2.92    12.90
  SINCE JAN 1      5.38                      3.21   2.17     9.80

DEGREE DAYS
 HEATING
  YESTERDAY       68                        49     19       52
  MONTH TO DATE 1154                      1119     35      987
  SINCE DEC 1   4262                      4330    -68     4575
  SINCE JUL 1   7631                      7650    -19     7719

 COOLING
  YESTERDAY        0                         0      0        0
  MONTH TO DATE    0                         0      0        0
  SINCE DEC 1      0                         0      0        0
  SINCE JAN 1      0                         0      0        0
..................................................................


WIND (MPH)
  HIGHEST WIND SPEED     7   HIGHEST WIND DIRECTION     E (70)
  HIGHEST GUST SPEED     9   HIGHEST GUST DIRECTION     E (110)
  AVERAGE WIND SPEED     1.6


SKY COVER
  POSSIBLE SUNSHINE  MM
  AVERAGE SKY COVER 0.0


WEATHER CONDITIONS
 THE FOLLOWING WEATHER WAS RECORDED YESTERDAY.
  NO SIGNIFICANT WEATHER WAS OBSERVED.


RELATIVE HUMIDITY (PERCENT)
 HIGHEST    91           900 PM
 LOWEST     58           100 PM
 AVERAGE    75

..........................................................


THE LAKE YELLOWSTONE WY CLIMATE NORMALS FOR TODAY
                         NORMAL    RECORD    YEAR
 MAXIMUM TEMPERATURE (F)   30        41      2002
 MINIMUM TEMPERATURE (F)    4       -27      2015


SUNRISE AND SUNSET
FEBRUARY 23 2018......SUNRISE   709 AM MST   SUNSET   602 PM MST
FEBRUARY 24 2018......SUNRISE   707 AM MST   SUNSET   603 PM MST


-  INDICATES NEGATIVE NUMBERS.
R  INDICATES RECORD WAS SET OR TIED.
MM INDICATES DATA IS MISSING.
T  INDICATES TRACE AMOUNT.




$$
