000
CDUS45 KRIW 150030
CLIP60


CLIMATE REPORT
NATIONAL WEATHER SERVICE RIVERTON WY
629 PM MDT SUN SEP 14 2014


...................................

...THE LAKE YELLOWSTONE WY CLIMATE SUMMARY FOR SEPTEMBER 14 2014...
VALID TODAY AS OF 0500 PM LOCAL TIME.

CLIMATE NORMAL PERIOD 1981 TO 2010
CLIMATE RECORD PERIOD 1998 TO 2014


WEATHER ITEM   OBSERVED TIME   RECORD YEAR NORMAL DEPARTURE LAST
                VALUE   (LST)  VALUE       VALUE  FROM      YEAR
                                                  NORMAL
..................................................................
TEMPERATURE (F)
 TODAY
  MAXIMUM         66        MM  71    2012  63      3       53
  MINIMUM         27        MM  22    2003  32     -5       45
  AVERAGE         47

PRECIPITATION (IN)
  TODAY            0.00          0.21 2004   0.04  -0.04     0.14
  MONTH TO DATE    0.55                      0.69  -0.14     1.28
  SINCE SEP 1      0.55                      0.69  -0.14     1.28
  SINCE JAN 1     23.67                     14.76   8.91    13.45

DEGREE DAYS
 HEATING
  TODAY           18                        18      0       16
  MONTH TO DATE  288                       215     73      154
  SINCE SEP 1    288                       215     73      154
  SINCE JUL 1    950                       802    148      578

 COOLING
  TODAY            0                         0      0        0
  MONTH TO DATE    0                         0      0        0
  SINCE SEP 1      0                         0      0        0
  SINCE JAN 1      0                         0      0        0
..................................................................


WIND (MPH)
  HIGHEST WIND SPEED    13   HIGHEST WIND DIRECTION     W (270)
  HIGHEST GUST SPEED    25   HIGHEST GUST DIRECTION     W (270)
  AVERAGE WIND SPEED     4.1


SKY COVER
  POSSIBLE SUNSHINE  MM
  AVERAGE SKY COVER 0.0


WEATHER CONDITIONS
 THE FOLLOWING WEATHER WAS RECORDED TODAY.
  NO SIGNIFICANT WEATHER WAS OBSERVED.


RELATIVE HUMIDITY (PERCENT)
 HIGHEST    92           300 AM
 LOWEST     16           400 PM
 AVERAGE    54

..........................................................


THE LAKE YELLOWSTONE WY CLIMATE NORMALS FOR TOMORROW
                         NORMAL    RECORD    YEAR
 MAXIMUM TEMPERATURE (F)   63        78      2000
 MINIMUM TEMPERATURE (F)   32        26      2005
                                             2004
                                             2003


SUNRISE AND SUNSET
SEPTEMBER 14 2014.....SUNRISE   659 AM MDT   SUNSET   734 PM MDT
SEPTEMBER 15 2014.....SUNRISE   701 AM MDT   SUNSET   732 PM MDT


-  INDICATES NEGATIVE NUMBERS.
R  INDICATES RECORD WAS SET OR TIED.
MM INDICATES DATA IS MISSING.
T  INDICATES TRACE AMOUNT.




$$
