000
CDUS45 KLKN 240926
CLIP68


CLIMATE REPORT
NATIONAL WEATHER SERVICE ELKO NV
226 AM PDT WED MAY 24 2017


...................................

...THE EUREKA AIRPORT NV CLIMATE SUMMARY FOR MAY 23 2017...

CLIMATE NORMAL PERIOD 1981 TO 2010
CLIMATE RECORD PERIOD 1963 TO 2017


WEATHER ITEM   OBSERVED TIME   RECORD YEAR NORMAL DEPARTURE LAST
                VALUE   (LST)  VALUE       VALUE  FROM      YEAR
                                                  NORMAL
..................................................................
TEMPERATURE (F)
 YESTERDAY
  MAXIMUM         83    338 PM  87    2001  72     11       63
  MINIMUM         39    334 AM  22    2007  35      4       37
  AVERAGE         61                        54      7       50

PRECIPITATION (IN)
  YESTERDAY        0.00          0.66 2011   0.03  -0.03     0.00
  MONTH TO DATE    0.39                      0.56  -0.17     1.35
  SINCE OCT 1      8.95                      6.19   2.76    11.05
  SINCE JAN 1      6.86                      4.06   2.80     6.78

DEGREE DAYS
 HEATING
  YESTERDAY        4                        12     -8       15
  MONTH TO DATE  299                       328    -29      321
  SINCE MAR 1   1631                      1847   -216     1625
  SINCE JUL 1   6491                      7132   -641     6728

 COOLING
  YESTERDAY        0                         0      0        0
  MONTH TO DATE    0                         0      0        0
  SINCE MAR 1      0                         0      0        0
  SINCE JAN 1      0                         0      0        0
..................................................................


WIND (MPH)
  HIGHEST WIND SPEED    17   HIGHEST WIND DIRECTION     W (270)
  HIGHEST GUST SPEED    22   HIGHEST GUST DIRECTION     W (260)
  AVERAGE WIND SPEED     5.7




RELATIVE HUMIDITY (PERCENT)
 HIGHEST    70           100 AM
 LOWEST     11           300 PM
 AVERAGE    41

..........................................................


THE EUREKA AIRPORT NV CLIMATE NORMALS FOR TODAY
                         NORMAL    RECORD    YEAR
 MAXIMUM TEMPERATURE (F)   72        88      2001
 MINIMUM TEMPERATURE (F)   36        22      2010
                                             1989


SUNRISE AND SUNSET
MAY 24 2017...........SUNRISE   523 AM PDT   SUNSET   759 PM PDT
MAY 25 2017...........SUNRISE   522 AM PDT   SUNSET   800 PM PDT


-  INDICATES NEGATIVE NUMBERS.
R  INDICATES RECORD WAS SET OR TIED.
MM INDICATES DATA IS MISSING.
T  INDICATES TRACE AMOUNT.




$$
