000
CDUS45 KLKN 290928
CLIP68


CLIMATE REPORT
NATIONAL WEATHER SERVICE ELKO NV
228 AM PDT FRI MAY 29 2015


...................................

...THE EUREKA AIRPORT NV CLIMATE SUMMARY FOR MAY 28 2015...

CLIMATE NORMAL PERIOD 1981 TO 2010
CLIMATE RECORD PERIOD 1963 TO 2015


WEATHER ITEM   OBSERVED TIME   RECORD YEAR NORMAL DEPARTURE LAST
                VALUE   (LST)  VALUE       VALUE  FROM      YEAR
                                                  NORMAL
..................................................................
TEMPERATURE (F)
 YESTERDAY
  MAXIMUM         75    354 PM  95    2003  73      2       83
  MINIMUM         42    412 AM  25    1982  36      6       38
  AVERAGE         59                        55      4       61

PRECIPITATION (IN)
  YESTERDAY        0.00          0.55 1990   0.02  -0.02     0.00
  MONTH TO DATE    1.96                      0.66   1.30     0.95
  SINCE OCT 1      4.33                      6.29  -1.96     6.95
  SINCE JAN 1      3.21                      4.16  -0.95     4.55

DEGREE DAYS
 HEATING
  YESTERDAY        6                        10     -4        4
  MONTH TO DATE  378                       382     -4      339
  SINCE MAR 1   1658                      1901   -243     1706
  SINCE JUL 1   5701                      7186  -1485     6510

 COOLING
  YESTERDAY        0                         0      0        0
  MONTH TO DATE    0                         0      0        2
  SINCE MAR 1      0                         0      0        2
  SINCE JAN 1      0                         0      0        2
..................................................................


WIND (MPH)
  HIGHEST WIND SPEED    23   HIGHEST WIND DIRECTION     N (350)
  HIGHEST GUST SPEED    30   HIGHEST GUST DIRECTION     N (350)
  AVERAGE WIND SPEED     6.0




RELATIVE HUMIDITY (PERCENT)
 HIGHEST    82           400 AM
 LOWEST     23           400 PM
 AVERAGE    53

..........................................................


THE EUREKA AIRPORT NV CLIMATE NORMALS FOR TODAY
                         NORMAL    RECORD    YEAR
 MAXIMUM TEMPERATURE (F)   74        92      2003
 MINIMUM TEMPERATURE (F)   37        24      1989


SUNRISE AND SUNSET
MAY 29 2015...........SUNRISE   520 AM PDT   SUNSET   803 PM PDT
MAY 30 2015...........SUNRISE   520 AM PDT   SUNSET   804 PM PDT


-  INDICATES NEGATIVE NUMBERS.
R  INDICATES RECORD WAS SET OR TIED.
MM INDICATES DATA IS MISSING.
T  INDICATES TRACE AMOUNT.




$$
