000
CDUS45 KLKN 030929
CLIP68


CLIMATE REPORT
NATIONAL WEATHER SERVICE ELKO NV
229 AM PDT FRI JUL 3 2015


...................................

...THE EUREKA AIRPORT NV CLIMATE SUMMARY FOR JULY 2 2015...

CLIMATE NORMAL PERIOD 1981 TO 2010
CLIMATE RECORD PERIOD 1963 TO 2015


WEATHER ITEM   OBSERVED TIME   RECORD YEAR NORMAL DEPARTURE LAST
                VALUE   (LST)  VALUE       VALUE  FROM      YEAR
                                                  NORMAL
..................................................................
TEMPERATURE (F)
 YESTERDAY
  MAXIMUM         89   1203 PM 102    2013  86      3       93
  MINIMUM         64    453 AM  34    1992  47     17       58
  AVERAGE         77                        66     11       76

PRECIPITATION (IN)
  YESTERDAY        0.00          0.56 1980   0.01  -0.01     0.00
  MONTH TO DATE    0.07                      0.02   0.05     0.00
  SINCE OCT 1      5.21                      7.23  -2.02     7.07
  SINCE JAN 1      4.09                      5.10  -1.01     4.67

DEGREE DAYS
 HEATING
  YESTERDAY        0                         1     -1        0
  MONTH TO DATE    0                         2     -2        0
  SINCE JUN 1     39                       162   -123      103
  SINCE JUL 1      0                         2     -2        0

 COOLING
  YESTERDAY       12                         3      9       11
  MONTH TO DATE   24                         5     19       17
  SINCE JUN 1    181                        34    147       58
  SINCE JAN 1    189                        37    152       60
..................................................................


WIND (MPH)
  HIGHEST WIND SPEED    29   HIGHEST WIND DIRECTION     S (180)
  HIGHEST GUST SPEED    33   HIGHEST GUST DIRECTION     S (170)
  AVERAGE WIND SPEED     7.5




RELATIVE HUMIDITY (PERCENT)
 HIGHEST    73          1200 AM
 LOWEST     20           400 PM
 AVERAGE    47

..........................................................


THE EUREKA AIRPORT NV CLIMATE NORMALS FOR TODAY
                         NORMAL    RECORD    YEAR
 MAXIMUM TEMPERATURE (F)   87        99      2011
                                             1985
 MINIMUM TEMPERATURE (F)   47        31      1997
                                             1983
                                             1966


SUNRISE AND SUNSET
JULY  3 2015..........SUNRISE   521 AM PDT   SUNSET   815 PM PDT
JULY  4 2015..........SUNRISE   522 AM PDT   SUNSET   815 PM PDT


-  INDICATES NEGATIVE NUMBERS.
R  INDICATES RECORD WAS SET OR TIED.
MM INDICATES DATA IS MISSING.
T  INDICATES TRACE AMOUNT.




$$
