000
CDUS45 KLKN 280927
CLIP68


CLIMATE REPORT
NATIONAL WEATHER SERVICE ELKO NV
126 AM PST FRI NOV 28 2014


...................................

...THE EUREKA AIRPORT NV CLIMATE SUMMARY FOR NOVEMBER 27 2014...

CLIMATE NORMAL PERIOD 1981 TO 2010
CLIMATE RECORD PERIOD 1963 TO 2014


WEATHER ITEM   OBSERVED TIME   RECORD YEAR NORMAL DEPARTURE LAST
                VALUE   (LST)  VALUE       VALUE  FROM      YEAR
                                                  NORMAL
..................................................................
TEMPERATURE (F)
 YESTERDAY
  MAXIMUM         55    225 PM  60    1999  44     11       51
  MINIMUM         31   1159 PM  -4    1993  16     15       26
  AVERAGE         43                        30     13       39

PRECIPITATION (IN)
  YESTERDAY        0.00          0.61 2004   0.02  -0.02     0.00
  MONTH TO DATE    0.33                      0.72  -0.39     0.64
  SINCE OCT 1      0.33                      1.46  -1.13     1.33
  SINCE JAN 1      8.27                      8.33  -0.06     7.47

DEGREE DAYS
 HEATING
  YESTERDAY       22                        35    -13       26
  MONTH TO DATE  747                       805    -58      719
  SINCE SEP 1   1244                      1605   -361     1527
  SINCE JUL 1   1269                      1652   -383     1528

 COOLING
  YESTERDAY        0                         0      0        0
  MONTH TO DATE    0                         0      0        0
  SINCE SEP 1     37                        11     26       44
  SINCE JAN 1    436                       288    148      585
..................................................................


WIND (MPH)
  HIGHEST WIND SPEED    14   HIGHEST WIND DIRECTION    SW (210)
  HIGHEST GUST SPEED    16   HIGHEST GUST DIRECTION     S (200)
  AVERAGE WIND SPEED     6.2




RELATIVE HUMIDITY (PERCENT)
 HIGHEST    59           600 PM
 LOWEST     28           100 PM
 AVERAGE    44

..........................................................


THE EUREKA AIRPORT NV CLIMATE NORMALS FOR TODAY
                         NORMAL    RECORD    YEAR
 MAXIMUM TEMPERATURE (F)   44        58      1999
                                             1993
 MINIMUM TEMPERATURE (F)   16        -1      1994


SUNRISE AND SUNSET
NOVEMBER 28 2014......SUNRISE   642 AM PST   SUNSET   421 PM PST
NOVEMBER 29 2014......SUNRISE   643 AM PST   SUNSET   421 PM PST


-  INDICATES NEGATIVE NUMBERS.
R  INDICATES RECORD WAS SET OR TIED.
MM INDICATES DATA IS MISSING.
T  INDICATES TRACE AMOUNT.




$$
