000
CDUS45 KLKN 300932
CLIP68


CLIMATE REPORT
NATIONAL WEATHER SERVICE ELKO NV
232 AM PDT WED JUL 30 2014


...................................

...THE EUREKA AIRPORT NV CLIMATE SUMMARY FOR JULY 29 2014...

CLIMATE NORMAL PERIOD 1981 TO 2010
CLIMATE RECORD PERIOD 1963 TO 2014


WEATHER ITEM   OBSERVED TIME   RECORD YEAR NORMAL DEPARTURE LAST
                VALUE   (LST)  VALUE       VALUE  FROM      YEAR
                                                  NORMAL
..................................................................
TEMPERATURE (F)
 YESTERDAY
  MAXIMUM         84   1256 PM  97    2000  90     -6       83
  MINIMUM         54   1149 PM  35    1965  50      4       52
  AVERAGE         69                        70     -1       68

PRECIPITATION (IN)
  YESTERDAY        0.03          1.00 1968   0.02   0.01     0.80
  MONTH TO DATE    0.30                      0.58  -0.28     1.68
  SINCE OCT 1      7.37                      7.79  -0.42     6.25
  SINCE JAN 1      4.97                      5.66  -0.69     4.81

DEGREE DAYS
 HEATING
  YESTERDAY        0                         0      0        0
  MONTH TO DATE    0                         8     -8        1
  SINCE JUN 1    103                       168    -65       81
  SINCE JUL 1      0                         8     -8        1

 COOLING
  YESTERDAY        4                         5     -1        3
  MONTH TO DATE  250                       132    118      261
  SINCE JUN 1    291                       161    130      353
  SINCE JAN 1    293                       164    129      354
..................................................................


WIND (MPH)
  HIGHEST WIND SPEED    20   HIGHEST WIND DIRECTION     N (360)
  HIGHEST GUST SPEED    25   HIGHEST GUST DIRECTION     N (10)
  AVERAGE WIND SPEED     4.7




RELATIVE HUMIDITY (PERCENT)
 HIGHEST    90          1200 AM
 LOWEST     28           100 PM
 AVERAGE    59

..........................................................


THE EUREKA AIRPORT NV CLIMATE NORMALS FOR TODAY
                         NORMAL    RECORD    YEAR
 MAXIMUM TEMPERATURE (F)   90       101      2000
 MINIMUM TEMPERATURE (F)   50        36      1995


SUNRISE AND SUNSET
JULY 30 2014..........SUNRISE   542 AM PDT   SUNSET   758 PM PDT
JULY 31 2014..........SUNRISE   543 AM PDT   SUNSET   757 PM PDT


-  INDICATES NEGATIVE NUMBERS.
R  INDICATES RECORD WAS SET OR TIED.
MM INDICATES DATA IS MISSING.
T  INDICATES TRACE AMOUNT.




$$
