532
CDUS45 KLKN 230032
CLIP68


CLIMATE REPORT
NATIONAL WEATHER SERVICE ELKO NV
527 PM PDT SUN OCT 22 2017


...................................

...THE EUREKA AIRPORT NV CLIMATE SUMMARY FOR OCTOBER 22 2017...
VALID TODAY AS OF 0500 PM LOCAL TIME.

CLIMATE NORMAL PERIOD 1981 TO 2010
CLIMATE RECORD PERIOD 1963 TO 2017


WEATHER ITEM   OBSERVED TIME   RECORD YEAR NORMAL DEPARTURE LAST
                VALUE   (LST)  VALUE       VALUE  FROM      YEAR
                                                  NORMAL
..................................................................
TEMPERATURE (F)
 TODAY
  MAXIMUM         73    122 PM  83    2003  61     12       74
  MINIMUM         27    522 AM   6    1996  27      0       31
  AVERAGE         50                        44      6       53

PRECIPITATION (IN)
  TODAY            0.00          0.07 2010   0.03  -0.03     0.00
  MONTH TO DATE    0.28                      0.49  -0.21     0.09
  SINCE OCT 1      0.28                      0.49  -0.21     0.09
  SINCE JAN 1      9.32                      7.36   1.96     9.00

DEGREE DAYS
 HEATING
  TODAY           15                        21     -6       12
  MONTH TO DATE  459                       377     82      335
  SINCE SEP 1    721                       594    127      524
  SINCE JUL 1    725                       641     84      548

 COOLING
  TODAY            0                         0      0        0
  MONTH TO DATE    0                         0      0        0
  SINCE SEP 1     61                        11     50        9
  SINCE JAN 1    570                       288    282      424
..................................................................


WIND (MPH)
  HIGHEST WIND SPEED    20   HIGHEST WIND DIRECTION     W (290)
  HIGHEST GUST SPEED    27   HIGHEST GUST DIRECTION     W (290)




RELATIVE HUMIDITY (PERCENT)
 HIGHEST    78           600 AM
 LOWEST     11           200 PM
 AVERAGE    45

..........................................................


THE EUREKA AIRPORT NV CLIMATE NORMALS FOR TOMORROW
                         NORMAL    RECORD    YEAR
 MAXIMUM TEMPERATURE (F)   61        75      2011
                                             1965
 MINIMUM TEMPERATURE (F)   27         8      1995
                                             1980


SUNRISE AND SUNSET
OCTOBER 22 2017.......SUNRISE   702 AM PDT   SUNSET   554 PM PDT
OCTOBER 23 2017.......SUNRISE   703 AM PDT   SUNSET   553 PM PDT


-  INDICATES NEGATIVE NUMBERS.
R  INDICATES RECORD WAS SET OR TIED.
MM INDICATES DATA IS MISSING.
T  INDICATES TRACE AMOUNT.




$$
