633
CDUS43 KPAH 220633
CLIPAH


CLIMATE REPORT
NATIONAL WEATHER SERVICE PADUCAH KY
1231 AM CST WED FEB 22 2017


...................................

...THE PADUCAH KY CLIMATE SUMMARY FOR FEBRUARY 21 2017...

CLIMATE NORMAL PERIOD 1981 TO 2010
CLIMATE RECORD PERIOD 1937 TO 2017


WEATHER ITEM   OBSERVED TIME   RECORD YEAR NORMAL DEPARTURE LAST
                VALUE   (LST)  VALUE       VALUE  FROM      YEAR
                                                  NORMAL
..................................................................
TEMPERATURE (F)
 YESTERDAY
  MAXIMUM         64    209 PM  71    1983  51     13       66
  MINIMUM         56   1034 PM   1    1963  31     25       47
  AVERAGE         60                        41     19       57

PRECIPITATION (IN)
  YESTERDAY        T             2.07 1974   0.14  -0.14     0.05
  MONTH TO DATE    1.15                      2.94  -1.79     1.42
  SINCE DEC 1      9.66                     11.21  -1.55    11.39
  SINCE JAN 1      3.65                      6.62  -2.97     3.97

SNOWFALL (IN)
  YESTERDAY        0.0           0.2  2008   0.1   -0.1      0.0
  MONTH TO DATE    T                         2.6   -2.6      3.7
  SINCE DEC 1      0.2                       7.8   -7.6     12.1
  SINCE JUL 1      0.2                       7.9   -7.7     12.1
  SNOW DEPTH       0

DEGREE DAYS
 HEATING
  YESTERDAY        5                        24    -19        8
  MONTH TO DATE  387                       563   -176      522
  SINCE DEC 1   1907                      2359   -452     1951
  SINCE JUL 1   2408                      3136   -728     2495

 COOLING
  YESTERDAY        0                         0      0        0
  MONTH TO DATE    0                         0      0        0
  SINCE DEC 1      0                         0      0        6
  SINCE JAN 1      0                         0      0        0
..................................................................


WIND (MPH)
  HIGHEST WIND SPEED    10   HIGHEST WIND DIRECTION    SE (150)
  HIGHEST GUST SPEED    13   HIGHEST GUST DIRECTION    SE (150)
  AVERAGE WIND SPEED     3.8


SKY COVER
  POSSIBLE SUNSHINE  MM
  AVERAGE SKY COVER 0.7


WEATHER CONDITIONS
 THE FOLLOWING WEATHER WAS RECORDED YESTERDAY.
  LIGHT RAIN
  FOG


RELATIVE HUMIDITY (PERCENT)
 HIGHEST    93           800 PM
 LOWEST     56           100 AM
 AVERAGE    75

..........................................................


THE PADUCAH KY CLIMATE NORMALS FOR TODAY
                         NORMAL    RECORD    YEAR
 MAXIMUM TEMPERATURE (F)   51        72      1992
 MINIMUM TEMPERATURE (F)   31        -3      1963


SUNRISE AND SUNSET
FEBRUARY 22 2017......SUNRISE   635 AM CST   SUNSET   543 PM CST
FEBRUARY 23 2017......SUNRISE   634 AM CST   SUNSET   544 PM CST


-  INDICATES NEGATIVE NUMBERS.
R  INDICATES RECORD WAS SET OR TIED.
MM INDICATES DATA IS MISSING.
T  INDICATES TRACE AMOUNT.

.........................................................

***** AGRICULTURAL DATA *****

SOIL TEMPERATURES AT A DEPTH OF FOUR INCHES

UNDER GRASS...  MAX: 49    MIN: 47


$$
