000
CDUS43 KPAH 230629
CLIPAH


CLIMATE REPORT
NATIONAL WEATHER SERVICE PADUCAH KY
1228 AM CST MON JAN 23 2017


...................................

...THE PADUCAH KY CLIMATE SUMMARY FOR JANUARY 22 2017...

CLIMATE NORMAL PERIOD 1981 TO 2010
CLIMATE RECORD PERIOD 1937 TO 2017


WEATHER ITEM   OBSERVED TIME   RECORD YEAR NORMAL DEPARTURE LAST
                VALUE   (LST)  VALUE       VALUE  FROM      YEAR
                                                  NORMAL
..................................................................
TEMPERATURE (F)
 YESTERDAY
  MAXIMUM         63    354 PM  67    1999  44     19       31
  MINIMUM         49   1159 PM   0    1984  26     23       27
  AVERAGE         56                        35     21       29

PRECIPITATION (IN)
  YESTERDAY        0.04          3.21 1982   0.12  -0.08     0.16
  MONTH TO DATE    2.48                      2.60  -0.12     2.48
  SINCE DEC 1      8.49                      7.19   1.30     9.90
  SINCE JAN 1      2.48                      2.60  -0.12     2.48

SNOWFALL (IN)
  YESTERDAY        0.0           5.9  2016   0.1   -0.1      5.9
  MONTH TO DATE    0.2                       2.0   -1.8      8.4
  SINCE DEC 1      0.2                       4.2   -4.0      8.4
  SINCE JUL 1      0.2                       4.3   -4.1      8.4
  SNOW DEPTH       0

DEGREE DAYS
 HEATING
  YESTERDAY        9                        30    -21       36
  MONTH TO DATE  487                       677   -190      710
  SINCE DEC 1   1313                      1531   -218     1209
  SINCE JUL 1   1814                      2308   -494     1753

 COOLING
  YESTERDAY        0                         0      0        0
  MONTH TO DATE    0                         0      0        0
  SINCE DEC 1      0                         0      0        6
  SINCE JAN 1      0                         0      0        0
..................................................................


WIND (MPH)
  HIGHEST WIND SPEED    24   HIGHEST WIND DIRECTION     N (340)
  HIGHEST GUST SPEED    36   HIGHEST GUST DIRECTION     N (340)
  AVERAGE WIND SPEED     9.3


SKY COVER
  POSSIBLE SUNSHINE  MM
  AVERAGE SKY COVER 0.6


WEATHER CONDITIONS
 THE FOLLOWING WEATHER WAS RECORDED YESTERDAY.
  LIGHT RAIN


RELATIVE HUMIDITY (PERCENT)
 HIGHEST    89           700 AM
 LOWEST     65           400 PM
 AVERAGE    77

..........................................................


THE PADUCAH KY CLIMATE NORMALS FOR TODAY
                         NORMAL    RECORD    YEAR
 MAXIMUM TEMPERATURE (F)   44        73      1967
 MINIMUM TEMPERATURE (F)   26       -10      1963


SUNRISE AND SUNSET
JANUARY 23 2017.......SUNRISE   704 AM CST   SUNSET   511 PM CST
JANUARY 24 2017.......SUNRISE   703 AM CST   SUNSET   512 PM CST


-  INDICATES NEGATIVE NUMBERS.
R  INDICATES RECORD WAS SET OR TIED.
MM INDICATES DATA IS MISSING.
T  INDICATES TRACE AMOUNT.

&&
.........................................................

***** AGRICULTURAL DATA *****

SOIL TEMPERATURES AT A DEPTH OF FOUR INCHES

UNDER GRASS...  MAX: 49    MIN: 47

$$
