000
CDUS43 KPAH 280634
CLIPAH


CLIMATE REPORT
NATIONAL WEATHER SERVICE PADUCAH KY
132 AM CDT SUN MAY 28 2017


...................................

...THE PADUCAH KY CLIMATE SUMMARY FOR MAY 27 2017...

CLIMATE NORMAL PERIOD 1981 TO 2010
CLIMATE RECORD PERIOD 1937 TO 2017


WEATHER ITEM   OBSERVED TIME   RECORD YEAR NORMAL DEPARTURE LAST
                VALUE   (LST)  VALUE       VALUE  FROM      YEAR
                                                  NORMAL
..................................................................
TEMPERATURE (F)
 YESTERDAY
  MAXIMUM         86   1126 AM  95    2012  81      5       84
  MINIMUM         64   1159 PM  34    1961  60      4       66
  AVERAGE         75                        70      5       75

PRECIPITATION (IN)
  YESTERDAY        1.25          2.18 1973   0.15   1.10     0.02
  MONTH TO DATE    4.88                      4.35   0.53     5.27
  SINCE MAR 1     17.45                     13.04   4.41    17.74
  SINCE JAN 1     22.28                     20.63   1.65    23.20

SNOWFALL (IN)
  YESTERDAY        0.0           0.0  2002   0.0    0.0      0.0
                                      2001
  MONTH TO DATE    0.0                       0.0    0.0      0.0
  SINCE MAR 1      1.0                       0.6    0.4       T
  SINCE JUL 1      1.2                       9.1   -7.9     12.1
  SNOW DEPTH       0

DEGREE DAYS
 HEATING
  YESTERDAY        0                         1     -1        0
  MONTH TO DATE   59                        61     -2       91
  SINCE MAR 1    599                       829   -230      630
  SINCE JUL 1   3078                      4125  -1047     3292

 COOLING
  YESTERDAY       10                         6      4       10
  MONTH TO DATE  122                       103     19       69
  SINCE MAR 1    198                       145     53      105
  SINCE JAN 1    198                       145     53      105
..................................................................


WIND (MPH)
  HIGHEST WIND SPEED    30   HIGHEST WIND DIRECTION    NW (300)
  HIGHEST GUST SPEED    42   HIGHEST GUST DIRECTION     W (280)
  AVERAGE WIND SPEED     6.4


SKY COVER
  POSSIBLE SUNSHINE  MM
  AVERAGE SKY COVER 0.8


WEATHER CONDITIONS
 THE FOLLOWING WEATHER WAS RECORDED YESTERDAY.
  THUNDERSTORM
  HEAVY RAIN
  RAIN
  LIGHT RAIN
  FOG


RELATIVE HUMIDITY (PERCENT)
 HIGHEST    90           200 AM
 LOWEST     55          1000 AM
 AVERAGE    73

..........................................................


THE PADUCAH KY CLIMATE NORMALS FOR TODAY
                         NORMAL    RECORD    YEAR
 MAXIMUM TEMPERATURE (F)   81        95      2012
 MINIMUM TEMPERATURE (F)   60        44      1994


SUNRISE AND SUNSET
MAY 28 2017...........SUNRISE   538 AM CDT   SUNSET   807 PM CDT
MAY 29 2017...........SUNRISE   538 AM CDT   SUNSET   807 PM CDT


-  INDICATES NEGATIVE NUMBERS.
R  INDICATES RECORD WAS SET OR TIED.
MM INDICATES DATA IS MISSING.
T  INDICATES TRACE AMOUNT.


&&

***** AGRICULTURAL DATA *****

SOIL TEMPERATURES AT A DEPTH OF FOUR INCHES

UNDER GRASS...  MAX: 69    MIN: 68

$$
