000
CDUS43 KPAH 030629
CLIPAH

CLIMATE REPORT
NATIONAL WEATHER SERVICE PADUCAH KY
127 AM CDT MON AUG 3 2015

...................................

...THE PADUCAH KY CLIMATE SUMMARY FOR AUGUST 2 2015...

CLIMATE NORMAL PERIOD 1981 TO 2010
CLIMATE RECORD PERIOD 1937 TO 2015

WEATHER ITEM   OBSERVED TIME   RECORD YEAR NORMAL DEPARTURE LAST
                VALUE   (LST)  VALUE       VALUE  FROM      YEAR
                                                  NORMAL
..................................................................
TEMPERATURE (F)
 YESTERDAY
  MAXIMUM         91    157 PM 102    1947  89      2       90
                                      1942
                                      1941
  MINIMUM         66    526 AM  58    1977  68     -2       64
  AVERAGE         79                        78      1       77

PRECIPITATION (IN)
  YESTERDAY        0.00          1.47 1978   0.11  -0.11     0.00
  MONTH TO DATE    0.00                      0.22  -0.22     0.00
  SINCE JUN 1     12.86                      8.72   4.14     8.73
  SINCE JAN 1     38.48                     29.94   8.54    28.92

SNOWFALL (IN)
  YESTERDAY        0.0           0.0  2002   0.0    0.0      0.0
                                      2001
  MONTH TO DATE    0.0                       0.0    0.0      0.0
  SINCE JUN 1      0.0                       0.0    0.0      0.0
  SINCE JUL 1      0.0                       0.0    0.0      0.0
  SNOW DEPTH       0

DEGREE DAYS
 HEATING
  YESTERDAY        0                         0      0        0
  MONTH TO DATE    0                         0      0        0
  SINCE JUN 1      2                         4     -2        0
  SINCE JUL 1      0                         0      0        0

 COOLING
  YESTERDAY       14                        13      1       12
  MONTH TO DATE   28                        27      1       23
  SINCE JUN 1    917                       778    139      744
  SINCE JAN 1   1128                       950    178     1022
..................................................................

WIND (MPH)
  HIGHEST WIND SPEED     9   HIGHEST WIND DIRECTION    SW (230)
  HIGHEST GUST SPEED    13   HIGHEST GUST DIRECTION    SW (210)
  AVERAGE WIND SPEED     3.7

SKY COVER
  POSSIBLE SUNSHINE  MM
  AVERAGE SKY COVER 0.0

WEATHER CONDITIONS
 THE FOLLOWING WEATHER WAS RECORDED YESTERDAY.
  NO SIGNIFICANT WEATHER WAS OBSERVED.

RELATIVE HUMIDITY (PERCENT)
 HIGHEST    93           300 AM
 LOWEST     53          1100 AM
 AVERAGE    73
..........................................................

THE PADUCAH KY CLIMATE NORMALS FOR TODAY
                         NORMAL    RECORD    YEAR
 MAXIMUM TEMPERATURE (F)   89       104      2010
                                             1947
 MINIMUM TEMPERATURE (F)   68        55      1965
                                             1950

SUNRISE AND SUNSET
AUGUST  3 2015........SUNRISE   602 AM CDT   SUNSET   800 PM CDT
AUGUST  4 2015........SUNRISE   602 AM CDT   SUNSET   759 PM CDT

-  INDICATES NEGATIVE NUMBERS.
R  INDICATES RECORD WAS SET OR TIED.
MM INDICATES DATA IS MISSING.
T  INDICATES TRACE AMOUNT.

&&
.........................................................
***** AGRICULTURAL DATA *****

SOIL TEMPERATURES AT A DEPTH OF FOUR INCHES

UNDER GRASS....   MAX: 81  MIN: 81

$$
