000
CDUS44 KLZK 270634
CLIPBF


CLIMATE REPORT
NATIONAL WEATHER SERVICE LITTLE ROCK AR
1233 AM CST MON FEB 27 2017


...................................

...THE PINE BLUFF CLIMATE SUMMARY FOR FEBRUARY 26 2017...

CLIMATE NORMAL PERIOD 1981 TO 2010
CLIMATE RECORD PERIOD 1883 TO 2017


WEATHER ITEM   OBSERVED TIME   RECORD YEAR NORMAL DEPARTURE LAST
                VALUE   (LST)  VALUE       VALUE  FROM      YEAR
                                                  NORMAL
..................................................................
TEMPERATURE (F)
 YESTERDAY
  MAXIMUM         62    317 PM  85    1917  59      3       55
  MINIMUM         33    627 AM  20    1891  39     -6       31
  AVERAGE         48                        49     -1       43

PRECIPITATION (IN)
  YESTERDAY        0.42          1.70 1923   0.17   0.25     0.00
  MONTH TO DATE    2.80                      3.72  -0.92     4.12
  SINCE DEC 1     10.25                     12.92  -2.67    11.39
  SINCE JAN 1      5.67                      7.48  -1.81     6.05

SNOWFALL (IN)
  YESTERDAY        0.0           6.1  1982   0.0    0.0      0.0
  MONTH TO DATE    0.0                       0.6   -0.6      0.0
  SINCE DEC 1      1.5                       3.1   -1.6      3.6
  SINCE JUL 1      1.5                       3.1   -1.6      3.6
  SNOW DEPTH       0

DEGREE DAYS
 HEATING
  YESTERDAY       17                        16      1       22
  MONTH TO DATE  293                       496   -203      439
  SINCE DEC 1   1405                      1850   -445     1543
  SINCE JUL 1   1702                      2354   -652     1882

 COOLING
  YESTERDAY        0                         0      0        0
  MONTH TO DATE   12                         0     12        2
  SINCE DEC 1     22                         2     20       14
  SINCE JAN 1     17                         1     16        4
..................................................................


WIND (MPH)
  HIGHEST WIND SPEED    20   HIGHEST WIND DIRECTION    NW (320)
  HIGHEST GUST SPEED    24   HIGHEST GUST DIRECTION    NW (320)
  AVERAGE WIND SPEED     8.7


SKY COVER
  POSSIBLE SUNSHINE  MM
  AVERAGE SKY COVER 0.3


WEATHER CONDITIONS
 THE FOLLOWING WEATHER WAS RECORDED YESTERDAY.
  THUNDERSTORM
  RAIN
  LIGHT RAIN
  FOG


RELATIVE HUMIDITY (PERCENT)
 HIGHEST    92           100 AM
 LOWEST     35           500 PM
 AVERAGE    64

..........................................................


THE PINE BLUFF CLIMATE NORMALS FOR TODAY
                         NORMAL    RECORD    YEAR
 MAXIMUM TEMPERATURE (F)   59        93      1918
 MINIMUM TEMPERATURE (F)   39        19      2014
                                             2002
                                             1934


SUNRISE AND SUNSET
FEBRUARY 27 2017......SUNRISE   639 AM CST   SUNSET   603 PM CST
FEBRUARY 28 2017......SUNRISE   637 AM CST   SUNSET   603 PM CST


-  INDICATES NEGATIVE NUMBERS.
R  INDICATES RECORD WAS SET OR TIED.
MM INDICATES DATA IS MISSING.
T  INDICATES TRACE AMOUNT.




$$
