000
CDUS44 KLZK 010911
CLIPBF


CLIMATE REPORT
NATIONAL WEATHER SERVICE LITTLE ROCK AR
411 AM CDT WED OCT 1 2014


...................................

...THE PINE BLUFF CLIMATE SUMMARY FOR SEPTEMBER 30 2014...

CLIMATE NORMAL PERIOD 1981 TO 2010
CLIMATE RECORD PERIOD 1883 TO 2014


WEATHER ITEM   OBSERVED TIME   RECORD YEAR NORMAL DEPARTURE LAST
                VALUE   (LST)  VALUE       VALUE  FROM      YEAR
                                                  NORMAL
..................................................................
TEMPERATURE (F)
 YESTERDAY
  MAXIMUM         88    326 PM  98    1953  81      7       83
  MINIMUM         59    634 AM  40    1949  57      2       71
                                      1916
                                      1899
  AVERAGE         74                        69      5       77

PRECIPITATION (IN)
  YESTERDAY        0.00          2.60 1939   0.13  -0.13     0.03
  MONTH TO DATE    0.79                      2.69  -1.90     4.48
  SINCE SEP 1      0.79                      2.69  -1.90     4.48
  SINCE JAN 1     30.70                     35.88  -5.18    38.11

SNOWFALL (IN)
  YESTERDAY        0.0          MM      MM   0.0    0.0      0.0
  MONTH TO DATE    0.0                       0.0    0.0      0.0
  SINCE SEP 1      0.0                       0.0    0.0      0.0
  SINCE JUL 1      0.0                       0.0    0.0      0.0
  SNOW DEPTH       0

DEGREE DAYS
 HEATING
  YESTERDAY        0                         1     -1        0
  MONTH TO DATE    3                        10     -7        0
  SINCE SEP 1      3                        11     -8        0
  SINCE JUL 1      4                        11     -7        0

 COOLING
  YESTERDAY        9                         5      4       12
  MONTH TO DATE  305                       286     19      388
  SINCE SEP 1    305                       286     19      388
  SINCE JAN 1   1806                      2044   -238     2052
..................................................................


WIND (MPH)
  HIGHEST WIND SPEED     8   HIGHEST WIND DIRECTION    SW (210)
  HIGHEST GUST SPEED    12   HIGHEST GUST DIRECTION     S (200)
  AVERAGE WIND SPEED     2.3


SKY COVER
  POSSIBLE SUNSHINE  MM
  AVERAGE SKY COVER 0.1


WEATHER CONDITIONS
 THE FOLLOWING WEATHER WAS RECORDED YESTERDAY.
  FOG
  FOG W/VISIBILITY <= 1/4 MILE
  HAZE


RELATIVE HUMIDITY (PERCENT)
 HIGHEST    97           400 AM
 LOWEST     37           200 PM
 AVERAGE    67

..........................................................


THE PINE BLUFF CLIMATE NORMALS FOR TODAY
                         NORMAL    RECORD    YEAR
 MAXIMUM TEMPERATURE (F)   80        96      1928
 MINIMUM TEMPERATURE (F)   57        39      1984
                                             1920


SUNRISE AND SUNSET
OCTOBER  1 2014.......SUNRISE   702 AM CDT   SUNSET   652 PM CDT
OCTOBER  2 2014.......SUNRISE   703 AM CDT   SUNSET   651 PM CDT


-  INDICATES NEGATIVE NUMBERS.
R  INDICATES RECORD WAS SET OR TIED.
MM INDICATES DATA IS MISSING.
T  INDICATES TRACE AMOUNT.




$$
