000
CDUS44 KLZK 170912
CLIPBF


CLIMATE REPORT
NATIONAL WEATHER SERVICE LITTLE ROCK AR
411 AM CDT THU APR 17 2014


...................................

...THE PINE BLUFF CLIMATE SUMMARY FOR APRIL 16 2014...

CLIMATE NORMAL PERIOD 1981 TO 2010
CLIMATE RECORD PERIOD 1883 TO 2014


WEATHER ITEM   OBSERVED TIME   RECORD YEAR NORMAL DEPARTURE LAST
                VALUE   (LST)  VALUE       VALUE  FROM      YEAR
                                                  NORMAL
..................................................................
TEMPERATURE (F)
 YESTERDAY
  MAXIMUM         60    358 PM  92    1924  74    -14       87
  MINIMUM         36    601 AM  32    1928  52    -16       69
  AVERAGE         48                        63    -15       78

PRECIPITATION (IN)
  YESTERDAY        0.00          1.83 1982   0.16  -0.16     0.00
  MONTH TO DATE    3.55                      2.60   0.95     3.17
  SINCE MAR 1      8.01                      8.00   0.01     6.99
  SINCE JAN 1     13.44                     15.82  -2.38    18.30

SNOWFALL (IN)
  YESTERDAY        0.0          MM      MM   0.0    0.0      0.0
  MONTH TO DATE    0.0                       0.0    0.0      0.0
  SINCE MAR 1      T                         0.0    0.0      0.0
  SINCE JUL 1      3.7                       3.1    0.6      2.1
  SNOW DEPTH       0

DEGREE DAYS
 HEATING
  YESTERDAY       17                         4     13        0
  MONTH TO DATE  124                        91     33      114
  SINCE MAR 1    608                       438    170      608
  SINCE JUL 1   3377                      2826    551     2819

 COOLING
  YESTERDAY        0                         2     -2       13
  MONTH TO DATE   22                        26     -4       33
  SINCE MAR 1     22                        43    -21       36
  SINCE JAN 1     22                        46    -24       41
..................................................................


WIND (MPH)
  HIGHEST WIND SPEED    17   HIGHEST WIND DIRECTION    SE (130)
  HIGHEST GUST SPEED    22   HIGHEST GUST DIRECTION    SE (120)
  AVERAGE WIND SPEED     8.3


SKY COVER
  POSSIBLE SUNSHINE  MM
  AVERAGE SKY COVER 0.0


WEATHER CONDITIONS
 THE FOLLOWING WEATHER WAS RECORDED YESTERDAY.
  NO SIGNIFICANT WEATHER WAS OBSERVED.


RELATIVE HUMIDITY (PERCENT)
 HIGHEST    89           600 AM
 LOWEST     43           100 PM
 AVERAGE    66

..........................................................


THE PINE BLUFF CLIMATE NORMALS FOR TODAY
                         NORMAL    RECORD    YEAR
 MAXIMUM TEMPERATURE (F)   75        92      2006
 MINIMUM TEMPERATURE (F)   52        34      1951


SUNRISE AND SUNSET
APRIL 17 2014.........SUNRISE   634 AM CDT   SUNSET   741 PM CDT
APRIL 18 2014.........SUNRISE   633 AM CDT   SUNSET   742 PM CDT


-  INDICATES NEGATIVE NUMBERS.
R  INDICATES RECORD WAS SET OR TIED.
MM INDICATES DATA IS MISSING.
T  INDICATES TRACE AMOUNT.




$$
