000
CDUS44 KLZK 270635
CLIPBF


CLIMATE REPORT
NATIONAL WEATHER SERVICE LITTLE ROCK AR
134 AM CDT FRI MAY 27 2016


...................................

...THE PINE BLUFF CLIMATE SUMMARY FOR MAY 26 2016...

CLIMATE NORMAL PERIOD 1981 TO 2010
CLIMATE RECORD PERIOD 1883 TO 2016


WEATHER ITEM   OBSERVED TIME   RECORD YEAR NORMAL DEPARTURE LAST
                VALUE   (LST)  VALUE       VALUE  FROM      YEAR
                                                  NORMAL
..................................................................
TEMPERATURE (F)
 YESTERDAY
  MAXIMUM         86    126 PM  96    1918  84      2       80
                                      1896
  MINIMUM         70    530 PM  48    1925  64      6       62
  AVERAGE         78                        74      4       71

PRECIPITATION (IN)
  YESTERDAY        0.14          2.45 1974   0.16  -0.02     0.03
  MONTH TO DATE    1.83                      4.27  -2.44     3.56
  SINCE MAR 1     22.34                     14.60   7.74    19.27
  SINCE JAN 1     28.39                     22.42   5.97    26.20

SNOWFALL (IN)
  YESTERDAY        0.0          MM      MM   0.0    0.0      0.0
  MONTH TO DATE    0.0                       0.0    0.0      0.0
  SINCE MAR 1      0.0                       0.0    0.0      2.0
  SINCE JUL 1      3.6                       3.1    0.5      9.2
  SNOW DEPTH       0

DEGREE DAYS
 HEATING
  YESTERDAY        0                         0      0        0
  MONTH TO DATE   28                        15     13       13
  SINCE MAR 1    327                       491   -164      515
  SINCE JUL 1   2234                      2879   -645     3249

 COOLING
  YESTERDAY       13                        10      3        6
  MONTH TO DATE  111                       170    -59      191
  SINCE MAR 1    194                       254    -60      276
  SINCE JAN 1    198                       257    -59      276
..................................................................


WIND (MPH)
  HIGHEST WIND SPEED    20   HIGHEST WIND DIRECTION     W (270)
  HIGHEST GUST SPEED    25   HIGHEST GUST DIRECTION     W (270)
  AVERAGE WIND SPEED     9.2


SKY COVER
  POSSIBLE SUNSHINE  MM
  AVERAGE SKY COVER 0.4


WEATHER CONDITIONS
 THE FOLLOWING WEATHER WAS RECORDED YESTERDAY.
  THUNDERSTORM
  HEAVY RAIN
  RAIN
  LIGHT RAIN
  FOG


RELATIVE HUMIDITY (PERCENT)
 HIGHEST    97           500 PM
 LOWEST     61           100 PM
 AVERAGE    79

..........................................................


THE PINE BLUFF CLIMATE NORMALS FOR TODAY
                         NORMAL    RECORD    YEAR
 MAXIMUM TEMPERATURE (F)   85        97      1918
 MINIMUM TEMPERATURE (F)   65        45      1901


SUNRISE AND SUNSET
MAY 27 2016...........SUNRISE   559 AM CDT   SUNSET   812 PM CDT
MAY 28 2016...........SUNRISE   558 AM CDT   SUNSET   812 PM CDT


-  INDICATES NEGATIVE NUMBERS.
R  INDICATES RECORD WAS SET OR TIED.
MM INDICATES DATA IS MISSING.
T  INDICATES TRACE AMOUNT.




$$
