000
CDUS44 KLZK 302104
CLIPBF


CLIMATE REPORT
NATIONAL WEATHER SERVICE LITTLE ROCK AR
404 PM CDT THU MAR 30 2017


...................................

...THE PINE BLUFF CLIMATE SUMMARY FOR MARCH 30 2017...
VALID TODAY AS OF 0400 PM LOCAL TIME.

CLIMATE NORMAL PERIOD 1981 TO 2010
CLIMATE RECORD PERIOD 1883 TO 2017


WEATHER ITEM   OBSERVED TIME   RECORD YEAR NORMAL DEPARTURE LAST
                VALUE   (LST)  VALUE       VALUE  FROM      YEAR
                                                  NORMAL
..................................................................
TEMPERATURE (F)
 TODAY
  MAXIMUM         68    223 PM  89    1946  70     -2       73
  MINIMUM         60    834 AM  28    1964  47     13       57
  AVERAGE         64                        58      6       65

PRECIPITATION (IN)
  TODAY            0.00          4.63 2016   0.17  -0.17     4.63
  MONTH TO DATE    3.10                      5.23  -2.13    15.04
  SINCE MAR 1      3.10                      5.23  -2.13    15.04
  SINCE JAN 1      9.40                     13.05  -3.65    21.09

SNOWFALL (IN)
  TODAY            0.0          MM      MM   0.0    0.0      0.0
  MONTH TO DATE    0.0                       0.0    0.0      0.0
  SINCE MAR 1      0.0                       0.0    0.0      0.0
  SINCE JUL 1      1.5                       3.1   -1.6      3.6
  SNOW DEPTH       0

DEGREE DAYS
 HEATING
  TODAY            1                         8     -7        0
  MONTH TO DATE  240                       341   -101      226
  SINCE MAR 1    240                       341   -101      226
  SINCE JUL 1   1951                      2729   -778     2133

 COOLING
  TODAY            0                         1     -1        0
  MONTH TO DATE   36                        15     21       15
  SINCE MAR 1     36                        15     21       15
  SINCE JAN 1     57                        18     39       19
..................................................................


WIND (MPH)
  HIGHEST WIND SPEED    23   HIGHEST WIND DIRECTION     W (250)
  HIGHEST GUST SPEED    32   HIGHEST GUST DIRECTION    SW (240)
  AVERAGE WIND SPEED    13.0


SKY COVER
  POSSIBLE SUNSHINE  MM
  AVERAGE SKY COVER 0.5


WEATHER CONDITIONS
 THE FOLLOWING WEATHER WAS RECORDED TODAY.
  NO SIGNIFICANT WEATHER WAS OBSERVED.


RELATIVE HUMIDITY (PERCENT)
 HIGHEST    93           300 AM
 LOWEST     42           100 PM
 AVERAGE    68

..........................................................


THE PINE BLUFF CLIMATE NORMALS FOR TOMORROW
                         NORMAL    RECORD    YEAR
 MAXIMUM TEMPERATURE (F)   70        93      1974
 MINIMUM TEMPERATURE (F)   47        30      1987


SUNRISE AND SUNSET
MARCH 30 2017.........SUNRISE   657 AM CDT   SUNSET   727 PM CDT
MARCH 31 2017.........SUNRISE   656 AM CDT   SUNSET   728 PM CDT


-  INDICATES NEGATIVE NUMBERS.
R  INDICATES RECORD WAS SET OR TIED.
MM INDICATES DATA IS MISSING.
T  INDICATES TRACE AMOUNT.




$$
