000
CDUS44 KLZK 060641
CLIPBF


CLIMATE REPORT
NATIONAL WEATHER SERVICE LITTLE ROCK AR
1240 AM CST TUE DEC 6 2016


...................................

...THE PINE BLUFF CLIMATE SUMMARY FOR DECEMBER 5 2016...

CLIMATE NORMAL PERIOD 1981 TO 2010
CLIMATE RECORD PERIOD 1883 TO 2016


WEATHER ITEM   OBSERVED TIME   RECORD YEAR NORMAL DEPARTURE LAST
                VALUE   (LST)  VALUE       VALUE  FROM      YEAR
                                                  NORMAL
..................................................................
TEMPERATURE (F)
 YESTERDAY
  MAXIMUM         46    617 PM  81    1933  56    -10       58
  MINIMUM         41    122 AM  18    1899  37      4       31
  AVERAGE         44                        46     -2       45

PRECIPITATION (IN)
  YESTERDAY        0.05          2.54 2011   0.19  -0.14     0.00
  MONTH TO DATE    1.13                      0.95   0.18     0.01
  SINCE DEC 1      1.13                      0.95   0.18     0.01
  SINCE JAN 1     50.93                     46.66   4.27    45.98

SNOWFALL (IN)
  YESTERDAY       MM             T    2005   0.0   MM        0.0
                                      1992
  MONTH TO DATE    0.0                       0.0    0.0      0.0
  SINCE DEC 1      0.0                       0.0    0.0      0.0
  SINCE JUL 1      0.0                       0.0    0.0      0.0
  SNOW DEPTH       0

DEGREE DAYS
 HEATING
  YESTERDAY       21                        19      2       20
  MONTH TO DATE   94                        91      3      100
  SINCE DEC 1     94                        91      3      100
  SINCE JUL 1    391                       595   -204      439

 COOLING
  YESTERDAY        0                         0      0        0
  MONTH TO DATE    0                         0      0        0
  SINCE DEC 1      0                         0      0        0
  SINCE JAN 1   2328                      2131    197     2287
..................................................................


WIND (MPH)
  HIGHEST WIND SPEED    14   HIGHEST WIND DIRECTION     E (70)
  HIGHEST GUST SPEED    16   HIGHEST GUST DIRECTION     E (70)
  AVERAGE WIND SPEED     7.3


SKY COVER
  POSSIBLE SUNSHINE  MM
  AVERAGE SKY COVER 0.6


WEATHER CONDITIONS
 THE FOLLOWING WEATHER WAS RECORDED YESTERDAY.
  RAIN
  LIGHT RAIN
  FOG


RELATIVE HUMIDITY (PERCENT)
 HIGHEST   100           700 PM
 LOWEST     86           300 PM
 AVERAGE    93

..........................................................


THE PINE BLUFF CLIMATE NORMALS FOR TODAY
                         NORMAL    RECORD    YEAR
 MAXIMUM TEMPERATURE (F)   55        79      1998
                                             1951
 MINIMUM TEMPERATURE (F)   37        14      1950


SUNRISE AND SUNSET
DECEMBER  6 2016......SUNRISE   700 AM CST   SUNSET   458 PM CST
DECEMBER  7 2016......SUNRISE   701 AM CST   SUNSET   458 PM CST


-  INDICATES NEGATIVE NUMBERS.
R  INDICATES RECORD WAS SET OR TIED.
MM INDICATES DATA IS MISSING.
T  INDICATES TRACE AMOUNT.




$$
