000
CDUS42 KMFL 030827
CLIPBI


CLIMATE REPORT
NATIONAL WEATHER SERVICE MIAMI, FL
427 AM EDT WED JUN 3 2015


...................................

...THE WEST PALM BEACH CLIMATE SUMMARY FOR JUNE 2 2015...

CLIMATE NORMAL PERIOD 1981 TO 2010
CLIMATE RECORD PERIOD 1888 TO 2015


WEATHER ITEM   OBSERVED TIME   RECORD YEAR NORMAL DEPARTURE LAST
                VALUE   (LST)  VALUE       VALUE  FROM      YEAR
                                                  NORMAL
..................................................................
TEMPERATURE (F)
 YESTERDAY
  MAXIMUM         85    120 PM  95    1998  88     -3       85
  MINIMUM         71   1156 PM  62    1984  74     -3       78
                                      1926
  AVERAGE         78                        81     -3       82

PRECIPITATION (IN)
  YESTERDAY        0.40          3.68 2007   0.26   0.14      T
  MONTH TO DATE    0.40                      0.52  -0.12      T
  SINCE NOV 1     17.85                     27.36  -9.51    24.84
  SINCE JAN 1     14.15                     19.23  -5.08    17.72

SNOWFALL (IN)
  YESTERDAY        0.0
  MONTH TO DATE    0.0
  SINCE JUN 1      0.0
  SINCE JUL 1      0.0
  SNOW DEPTH       0

DEGREE DAYS
 HEATING
  YESTERDAY        0                         0      0        0
  MONTH TO DATE    0                         0      0        0
  SINCE JUN 1      0                         0      0        0
  SINCE JUL 1    126                       233   -107      122

 COOLING
  YESTERDAY       13                        16     -3       17
  MONTH TO DATE   30                        31     -1       34
  SINCE JUN 1     30                        31     -1       34
  SINCE JAN 1   1564                      1140    424     1386
..................................................................


WIND (MPH)
  HIGHEST WIND SPEED    17   HIGHEST WIND DIRECTION     S (190)
  HIGHEST GUST SPEED    21   HIGHEST GUST DIRECTION     S (190)
  AVERAGE WIND SPEED     6.3


SKY COVER
  AVERAGE SKY COVER 0.8


WEATHER CONDITIONS
 THE FOLLOWING WEATHER WAS RECORDED YESTERDAY.
  HEAVY RAIN
  RAIN
  FOG


RELATIVE HUMIDITY (PERCENT)
 HIGHEST    82
 LOWEST     55
 AVERAGE    69

..........................................................


THE WEST PALM BEACH CLIMATE NORMALS FOR TODAY
                         NORMAL    RECORD    YEAR
 MAXIMUM TEMPERATURE (F)   88        95      2002
                                             1998
                                             1985
 MINIMUM TEMPERATURE (F)   74        62      1984
                                             1965


SUNRISE AND SUNSET
JUNE  3 2015..........SUNRISE   627 AM EDT   SUNSET   811 PM EDT
JUNE  4 2015..........SUNRISE   627 AM EDT   SUNSET   811 PM EDT


-  INDICATES NEGATIVE NUMBERS.
R  INDICATES RECORD WAS SET OR TIED.
MM INDICATES DATA IS MISSING.
T  INDICATES TRACE AMOUNT.




$$
