000
CDUS42 KMFL 290824
CLIPBI


CLIMATE REPORT
NATIONAL WEATHER SERVICE MIAMI, FL
423 AM EDT MON MAY 29 2017


...................................

...THE WEST PALM BEACH CLIMATE SUMMARY FOR MAY 28 2017...

CLIMATE NORMAL PERIOD 1981 TO 2010
CLIMATE RECORD PERIOD 1888 TO 2017


WEATHER ITEM   OBSERVED TIME   RECORD YEAR NORMAL DEPARTURE LAST
                VALUE   (LST)  VALUE       VALUE  FROM      YEAR
                                                  NORMAL
..................................................................
TEMPERATURE (F)
 YESTERDAY
  MAXIMUM         93    353 PM  94    1928  87      6       88
  MINIMUM         72    522 AM  59    1920  73     -1       73
  AVERAGE         83                        80      3       81

PRECIPITATION (IN)
  YESTERDAY        0.00          4.99 1976   0.21  -0.21     0.01
  MONTH TO DATE    2.61                      3.84  -1.23     4.95
  SINCE NOV 1     15.88                     26.17 -10.29    31.79
  SINCE JAN 1     11.41                     18.04  -6.63    21.39

SNOWFALL (IN)
  YESTERDAY        0.0
  MONTH TO DATE    0.0
  SINCE MAR 1      0.0
  SINCE JUL 1      0.0
  SNOW DEPTH       0

DEGREE DAYS
 HEATING
  YESTERDAY        0                         0      0        0
  MONTH TO DATE    0                         0      0        0
  SINCE MAR 1     16                        28    -12        2
  SINCE JUL 1     68                       233   -165      135

 COOLING
  YESTERDAY       18                        15      3       16
  MONTH TO DATE  396                       367     29      382
  SINCE MAR 1    929                       827    102     1030
  SINCE JAN 1   1269                      1062    207     1232
..................................................................


WIND (MPH)
  HIGHEST WIND SPEED    18   HIGHEST WIND DIRECTION     W (280)
  HIGHEST GUST SPEED    23   HIGHEST GUST DIRECTION     W (270)
  AVERAGE WIND SPEED     7.2


SKY COVER
  AVERAGE SKY COVER 0.1


WEATHER CONDITIONS
 THE FOLLOWING WEATHER WAS RECORDED YESTERDAY.
  NO SIGNIFICANT WEATHER WAS OBSERVED.


RELATIVE HUMIDITY (PERCENT)
 HIGHEST    79
 LOWEST     34
 AVERAGE    57

..........................................................


THE WEST PALM BEACH CLIMATE NORMALS FOR TODAY
                         NORMAL    RECORD    YEAR
 MAXIMUM TEMPERATURE (F)   87        96      2000
                                             1971
 MINIMUM TEMPERATURE (F)   73        59      1901


SUNRISE AND SUNSET
MAY 29 2017...........SUNRISE   628 AM EDT   SUNSET   808 PM EDT
MAY 30 2017...........SUNRISE   627 AM EDT   SUNSET   809 PM EDT


-  INDICATES NEGATIVE NUMBERS.
R  INDICATES RECORD WAS SET OR TIED.
MM INDICATES DATA IS MISSING.
T  INDICATES TRACE AMOUNT.




$$
