000
CDUS42 KMFL 260924
CLIPBI


CLIMATE REPORT
NATIONAL WEATHER SERVICE MIAMI, FL
424 AM EST FRI DEC 26 2014


...................................

...THE WEST PALM BEACH CLIMATE SUMMARY FOR DECEMBER 25 2014...

CLIMATE NORMAL PERIOD 1981 TO 2010
CLIMATE RECORD PERIOD 1888 TO 2014


WEATHER ITEM   OBSERVED TIME   RECORD YEAR NORMAL DEPARTURE LAST
                VALUE   (LST)  VALUE       VALUE  FROM      YEAR
                                                  NORMAL
..................................................................
TEMPERATURE (F)
 YESTERDAY
  MAXIMUM         79    221 AM  87    1948  75      4       77
  MINIMUM         66   1159 PM  28    1989  58      8       71
  AVERAGE         73                        67      6       74

PRECIPITATION (IN)
  YESTERDAY        0.75          1.60 1949   0.12   0.63     0.03
  MONTH TO DATE    1.19                      2.72  -1.53     4.21
  SINCE NOV 1      3.13                      7.47  -4.34     6.99
  SINCE JAN 1     60.72                     61.67  -0.95    64.85

SNOWFALL (IN)
  YESTERDAY        0.0
  MONTH TO DATE    0.0
  SINCE DEC 1      0.0
  SINCE JUL 1      0.0
  SNOW DEPTH       0

DEGREE DAYS
 HEATING
  YESTERDAY        0                         2     -2
  MONTH TO DATE   25                        40    -15
  SINCE DEC 1     25                        40    -15
  SINCE JUL 1     42                        52    -10

 COOLING
  YESTERDAY        8                         4      4
  MONTH TO DATE  141                       131     10
  SINCE DEC 1    141                       131     10
  SINCE JAN 1   4281                      3997    284
..................................................................


WIND (MPH)
  HIGHEST WIND SPEED    25   HIGHEST WIND DIRECTION     W (270)
  HIGHEST GUST SPEED    32   HIGHEST GUST DIRECTION     W (280)
  AVERAGE WIND SPEED     8.0


SKY COVER
  AVERAGE SKY COVER 0.8


WEATHER CONDITIONS
 THE FOLLOWING WEATHER WAS RECORDED YESTERDAY.
  THUNDERSTORM
  HEAVY RAIN
  LIGHT RAIN
  FOG


RELATIVE HUMIDITY (PERCENT)
 HIGHEST    87
 LOWEST     49
 AVERAGE    68

..........................................................


THE WEST PALM BEACH CLIMATE NORMALS FOR TODAY
                         NORMAL    RECORD    YEAR
 MAXIMUM TEMPERATURE (F)   75        87      1941
 MINIMUM TEMPERATURE (F)   58        30      1983
                                             1906


SUNRISE AND SUNSET
DECEMBER 26 2014......SUNRISE   707 AM EST   SUNSET   535 PM EST
DECEMBER 27 2014......SUNRISE   707 AM EST   SUNSET   536 PM EST


-  INDICATES NEGATIVE NUMBERS.
R  INDICATES RECORD WAS SET OR TIED.
MM INDICATES DATA IS MISSING.
T  INDICATES TRACE AMOUNT.




$$
