000
CDUS42 KMFL 240831
CLIPBI


CLIMATE REPORT
NATIONAL WEATHER SERVICE MIAMI, FL
430 AM EDT SUN JUL 24 2016


...................................

...THE WEST PALM BEACH CLIMATE SUMMARY FOR JULY 23 2016...

CLIMATE NORMAL PERIOD 1981 TO 2010
CLIMATE RECORD PERIOD 1888 TO 2016


WEATHER ITEM   OBSERVED TIME   RECORD YEAR NORMAL DEPARTURE LAST
                VALUE   (LST)  VALUE       VALUE  FROM      YEAR
                                                  NORMAL
..................................................................
TEMPERATURE (F)
 YESTERDAY
  MAXIMUM         90   1035 AM  98    1942  90      0       93
  MINIMUM         76   1150 PM  68    1921  76      0       74
                                      1920
  AVERAGE         83                        83      0       84

PRECIPITATION (IN)
  YESTERDAY        0.09          3.50 1920   0.17  -0.08     1.09
  MONTH TO DATE    1.50                      4.34  -2.84     3.74
  SINCE JUN 1      6.02                     12.64  -6.62     7.76
  SINCE JAN 1     27.41                     31.35  -3.94    21.51

SNOWFALL (IN)
  YESTERDAY        0.0
  MONTH TO DATE    0.0
  SINCE JUN 1      0.0
  SINCE JUL 1      0.0
  SNOW DEPTH       0

DEGREE DAYS
 HEATING
  YESTERDAY        0                         0      0        0
  MONTH TO DATE    0                         0      0        0
  SINCE JUN 1      0                         0      0        0
  SINCE JUL 1      0                         0      0        0

 COOLING
  YESTERDAY       18                        18      0       19
  MONTH TO DATE  500                       403     97      433
  SINCE JUN 1   1049                       893    156      968
  SINCE JAN 1   2330                      2002    328     2502
..................................................................


WIND (MPH)
  HIGHEST WIND SPEED    18   HIGHEST WIND DIRECTION    SW (230)
  HIGHEST GUST SPEED    25   HIGHEST GUST DIRECTION    SW (230)
  AVERAGE WIND SPEED     4.0


SKY COVER
  AVERAGE SKY COVER 0.5


WEATHER CONDITIONS
 THE FOLLOWING WEATHER WAS RECORDED YESTERDAY.
  THUNDERSTORM
  LIGHT RAIN


RELATIVE HUMIDITY (PERCENT)
 HIGHEST    94
 LOWEST     63
 AVERAGE    79

..........................................................


THE WEST PALM BEACH CLIMATE NORMALS FOR TODAY
                         NORMAL    RECORD    YEAR
 MAXIMUM TEMPERATURE (F)   90        97      1912
 MINIMUM TEMPERATURE (F)   76        67      1940


SUNRISE AND SUNSET
JULY 24 2016..........SUNRISE   641 AM EDT   SUNSET   812 PM EDT
JULY 25 2016..........SUNRISE   642 AM EDT   SUNSET   812 PM EDT


-  INDICATES NEGATIVE NUMBERS.
R  INDICATES RECORD WAS SET OR TIED.
MM INDICATES DATA IS MISSING.
T  INDICATES TRACE AMOUNT.




$$
