000
CDUS42 KMFL 010825
CLIPBI


CLIMATE REPORT
NATIONAL WEATHER SERVICE MIAMI, FL
425 AM EDT TUE SEP 1 2015


...................................

...THE WEST PALM BEACH CLIMATE SUMMARY FOR AUGUST 31 2015...

CLIMATE NORMAL PERIOD 1981 TO 2010
CLIMATE RECORD PERIOD 1888 TO 2015


WEATHER ITEM   OBSERVED TIME   RECORD YEAR NORMAL DEPARTURE LAST
                VALUE   (LST)  VALUE       VALUE  FROM      YEAR
                                                  NORMAL
..................................................................
TEMPERATURE (F)
 YESTERDAY
  MAXIMUM         90   1225 PM  95    1998  89      1       91
                                      1912
  MINIMUM         77   1157 PM  70    1984  76      1       81
                                      1927
  AVERAGE         84                        82      2       86

PRECIPITATION (IN)
  YESTERDAY        0.00          1.92 1973   0.28  -0.28      T
  MONTH TO DATE    7.08                      7.95  -0.87     9.71
  SINCE JUN 1     17.14                     22.01  -4.87    25.42
  SINCE JAN 1     30.89                     40.72  -9.83    43.14

SNOWFALL (IN)
  YESTERDAY        0.0
  MONTH TO DATE    0.0
  SINCE JUN 1      0.0
  SINCE JUL 1      0.0
  SNOW DEPTH       0

DEGREE DAYS
 HEATING
  YESTERDAY        0                         0      0        0
  MONTH TO DATE    0                         0      0        0
  SINCE JUN 1      0                         0      0        0
  SINCE JUL 1      0                         0      0        0

 COOLING
  YESTERDAY       19                        17      2       21
  MONTH TO DATE  565                       558      7      604
  SINCE JUN 1   1680                      1597     83     1656
  SINCE JAN 1   3214                      2706    508     3008
..................................................................


WIND (MPH)
  HIGHEST WIND SPEED    22   HIGHEST WIND DIRECTION    SE (130)
  HIGHEST GUST SPEED    25   HIGHEST GUST DIRECTION    SE (130)
  AVERAGE WIND SPEED     7.8


SKY COVER
  AVERAGE SKY COVER 0.5


WEATHER CONDITIONS
 THE FOLLOWING WEATHER WAS RECORDED YESTERDAY.
  NO SIGNIFICANT WEATHER WAS OBSERVED.


RELATIVE HUMIDITY (PERCENT)
 HIGHEST    85
 LOWEST     64
 AVERAGE    75

..........................................................


THE WEST PALM BEACH CLIMATE NORMALS FOR TODAY
                         NORMAL    RECORD    YEAR
 MAXIMUM TEMPERATURE (F)   89        94      1998
                                             1947
                                             1911
 MINIMUM TEMPERATURE (F)   76        69      1919


SUNRISE AND SUNSET
SEPTEMBER  1 2015.....SUNRISE   700 AM EDT   SUNSET   741 PM EDT
SEPTEMBER  2 2015.....SUNRISE   700 AM EDT   SUNSET   740 PM EDT


-  INDICATES NEGATIVE NUMBERS.
R  INDICATES RECORD WAS SET OR TIED.
MM INDICATES DATA IS MISSING.
T  INDICATES TRACE AMOUNT.




$$
