000
CDUS42 KFFC 301245
CLIPDK


CLIMATE REPORT
NATIONAL WEATHER SERVICE PEACHTREE CITY GA
845 AM EDT FRI SEP 30 2016


...................................

...THE DEKALB PEACHTREE AIRPORT CLIMATE SUMMARY FOR SEPTEMBER 29 2016...

CLIMATE NORMAL PERIOD 1981 TO 2010
CLIMATE RECORD PERIOD 9999 TO 9999


WEATHER ITEM   OBSERVED TIME   RECORD YEAR NORMAL DEPARTURE LAST
                VALUE   (LST)  VALUE       VALUE  FROM      YEAR
                                                  NORMAL
..................................................................
TEMPERATURE (F)
 YESTERDAY
  MAXIMUM         78    325 PM  MM      MM  78      0       77
  MINIMUM         57    405 AM  MM      MM  58     -1       69
  AVERAGE         68                        68      0       73

PRECIPITATION (IN)
  YESTERDAY        0.00         MM      MM   0.17  -0.17     0.90
  MONTH TO DATE    3.01                      4.40  -1.39     3.64
  SINCE SEP 1      3.01                      4.40  -1.39     3.64
  SINCE JAN 1     28.64                     40.98 -12.34    33.32

DEGREE DAYS
 HEATING
  YESTERDAY        0                         1     -1        0
  MONTH TO DATE    0                         7     -7        5
  SINCE SEP 1      0                         7     -7        5
  SINCE JUL 1      0                         7     -7        5

 COOLING
  YESTERDAY        3                         4     -1        8
  MONTH TO DATE  383                       242    141      239
  SINCE SEP 1    383                       242    141      239
  SINCE JAN 1   2247                      1699    548     1942
..................................................................


WIND (MPH)
  RESULTANT WIND SPEED   5   RESULTANT WIND DIRECTION  NW (300)
  HIGHEST WIND SPEED    15   HIGHEST WIND DIRECTION    NW (300)
  HIGHEST GUST SPEED    20   HIGHEST GUST DIRECTION    NW (300)
  AVERAGE WIND SPEED     6.6


SKY COVER
  AVERAGE SKY COVER 0.0


WEATHER CONDITIONS
 THE FOLLOWING WEATHER WAS RECORDED YESTERDAY.
  NO SIGNIFICANT WEATHER WAS OBSERVED.


RELATIVE HUMIDITY (PERCENT)
 HIGHEST    86           400 AM
 LOWEST     31           300 PM
 AVERAGE    59

..........................................................


THE DEKALB PEACHTREE AIRPORT CLIMATE NORMALS FOR TODAY
                         NORMAL    RECORD    YEAR
 MAXIMUM TEMPERATURE (F)   78        MM        MM
 MINIMUM TEMPERATURE (F)   57        MM        MM


SUNRISE AND SUNSET
SEPTEMBER 30 2016.....SUNRISE   731 AM EDT   SUNSET   722 PM EDT
OCTOBER  1 2016.......SUNRISE   732 AM EDT   SUNSET   721 PM EDT


-  INDICATES NEGATIVE NUMBERS.
R  INDICATES RECORD WAS SET OR TIED.
MM INDICATES DATA IS MISSING.
T  INDICATES TRACE AMOUNT.




$$
