000
CDUS42 KFFC 270818
CLIPDK


CLIMATE REPORT
NATIONAL WEATHER SERVICE PEACHTREE CITY GA
418 AM EDT TUE JUN 27 2017


...................................

...THE DEKALB PEACHTREE AIRPORT CLIMATE SUMMARY FOR JUNE 26 2017...

CLIMATE NORMAL PERIOD 1981 TO 2010
CLIMATE RECORD PERIOD 9999 TO 9999


WEATHER ITEM   OBSERVED TIME   RECORD YEAR NORMAL DEPARTURE LAST
                VALUE   (LST)  VALUE       VALUE  FROM      YEAR
                                                  NORMAL
..................................................................
TEMPERATURE (F)
 YESTERDAY
  MAXIMUM         86    424 PM  MM      MM  89     -3       92
  MINIMUM         60    546 AM  MM      MM  69     -9       74
  AVERAGE         73                        79     -6       83

PRECIPITATION (IN)
  YESTERDAY        0.00         MM      MM   0.20  -0.20     0.01
  MONTH TO DATE    8.44                      4.03   4.41     1.45
  SINCE JUN 1      8.44                      4.03   4.41     1.45
  SINCE JAN 1     29.72                     26.52   3.20    17.98

DEGREE DAYS
 COOLING
  YESTERDAY        8                        14     -6       18
  MONTH TO DATE  300                       297      3      398
  SINCE JUN 1    300                       297      3      398
  SINCE JAN 1    620                       508    112      679
..................................................................


WIND (MPH)
  RESULTANT WIND SPEED   3   RESULTANT WIND DIRECTION   N (0)
  HIGHEST WIND SPEED    14   HIGHEST WIND DIRECTION     N (360)
  HIGHEST GUST SPEED    16   HIGHEST GUST DIRECTION     N (340)
  AVERAGE WIND SPEED     4.1


SKY COVER
  AVERAGE SKY COVER 0.0


WEATHER CONDITIONS
 THE FOLLOWING WEATHER WAS RECORDED YESTERDAY.
  NO SIGNIFICANT WEATHER WAS OBSERVED.


RELATIVE HUMIDITY (PERCENT)
 HIGHEST    90           200 AM
 LOWEST     27           300 PM
 AVERAGE    59

..........................................................


THE DEKALB PEACHTREE AIRPORT CLIMATE NORMALS FOR TODAY
                         NORMAL    RECORD    YEAR
 MAXIMUM TEMPERATURE (F)   89        MM        MM
 MINIMUM TEMPERATURE (F)   69        MM        MM


SUNRISE AND SUNSET
JUNE 27 2017..........SUNRISE   628 AM EDT   SUNSET   852 PM EDT
JUNE 28 2017..........SUNRISE   629 AM EDT   SUNSET   852 PM EDT


-  INDICATES NEGATIVE NUMBERS.
R  INDICATES RECORD WAS SET OR TIED.
MM INDICATES DATA IS MISSING.
T  INDICATES TRACE AMOUNT.




$$
