000
CDUS46 KPDT 230827
CLIPDT

CLIMATE REPORT
NATIONAL WEATHER SERVICE PENDLETON OR
127 AM PDT WED JUL 23 2014


...................................

...THE PENDLETON OR CLIMATE SUMMARY FOR JULY 22 2014...

CLIMATE NORMAL PERIOD 1981 TO 2010
CLIMATE RECORD PERIOD 1890 TO 2014


WEATHER ITEM   OBSERVED TIME   RECORD YEAR NORMAL DEPARTURE LAST
                VALUE   (LST)  VALUE       VALUE  FROM      YEAR
                                                  NORMAL
..................................................................
TEMPERATURE (F)
 YESTERDAY
  MAXIMUM         87    251 PM 111    1905  90     -3       97
  MINIMUM         63   1130 PM  41    1897  58      5       58
  AVERAGE         75                        74      1       78

PRECIPITATION (IN)
  YESTERDAY        0.13          0.43 1992   0.01   0.12     0.00
  MONTH TO DATE    0.16                      0.25  -0.09     0.06
  SINCE OCT 1      9.44                     11.64  -2.20     9.41
  SINCE JAN 1      7.65                      7.64   0.01     4.97

SNOWFALL (IN)
  YESTERDAY        0.0           0.0  2002   0.0    0.0      0.0
                                      2001
                                      2000
  MONTH TO DATE    0.0                       0.0    0.0      0.0
  SINCE JAN 1     15.2                       7.7    7.5      0.2
  SINCE JUL 1      0.0                       0.0    0.0      0.0
  SNOW DEPTH       0

DEGREE DAYS
 HEATING
  YESTERDAY        0                         0      0        0
  MONTH TO DATE    0                         7     -7        0
  SINCE JUN 1     43                        90    -47       80
  SINCE JUL 1      0                         7     -7        0

 COOLING
  YESTERDAY       10                         9      1       13
  MONTH TO DATE  302                       161    141      238
  SINCE JUN 1    362                       240    122      333
  SINCE JAN 1    384                       263    121      364
..................................................................


WIND (MPH)
  HIGHEST WIND SPEED    23   HIGHEST WIND DIRECTION     W (280)
  HIGHEST GUST SPEED    27   HIGHEST GUST DIRECTION     W (290)
  AVERAGE WIND SPEED     7.6


SKY COVER
  POSSIBLE SUNSHINE  MM
  AVERAGE SKY COVER 0.4


WEATHER CONDITIONS
 THE FOLLOWING WEATHER WAS RECORDED YESTERDAY.
  THUNDERSTORM
  HEAVY RAIN
  LIGHT RAIN


RELATIVE HUMIDITY (PERCENT)
 HIGHEST    87          1100 PM
 LOWEST     27           200 PM
 AVERAGE    57

..........................................................


THE PENDLETON OR CLIMATE NORMALS FOR TODAY
                         NORMAL    RECORD    YEAR
 MAXIMUM TEMPERATURE (F)   90       111      1928
 MINIMUM TEMPERATURE (F)   59        41      1924


SUNRISE AND SUNSET
JULY 23 2014..........SUNRISE   529 AM PDT   SUNSET   834 PM PDT
JULY 24 2014..........SUNRISE   530 AM PDT   SUNSET   833 PM PDT


-  INDICATES NEGATIVE NUMBERS.
R  INDICATES RECORD WAS SET OR TIED.
MM INDICATES DATA IS MISSING.
T  INDICATES TRACE AMOUNT.




$$
