000
CDUS46 KPDT 230953
CLIPDT

CLIMATE REPORT
NATIONAL WEATHER SERVICE PENDLETON OR
153 AM PST SUN NOV 23 2014


...................................

...THE PENDLETON OR CLIMATE SUMMARY FOR NOVEMBER 22 2014...

CLIMATE NORMAL PERIOD 1981 TO 2010
CLIMATE RECORD PERIOD 1890 TO 2014


WEATHER ITEM   OBSERVED TIME   RECORD YEAR NORMAL DEPARTURE LAST
                VALUE   (LST)  VALUE       VALUE  FROM      YEAR
                                                  NORMAL
..................................................................
TEMPERATURE (F)
 YESTERDAY
  MAXIMUM         49   1158 AM  71    1933  46      3       35
  MINIMUM         41    839 AM  -5    1985  32      9       11
  AVERAGE         45                        39      6       23

PRECIPITATION (IN)
  YESTERDAY        0.11          0.68 1909   0.05   0.06     0.00
  MONTH TO DATE    1.20                      1.11   0.09     0.65
  SINCE OCT 1      1.80                      2.12  -0.32     0.97
  SINCE JAN 1     10.34                     10.78  -0.44     8.46

SNOWFALL (IN)
  YESTERDAY        0.0           8.0  1977   0.1   -0.1      0.0
  MONTH TO DATE    3.7                       0.7    3.0      0.0
  SINCE JAN 1     18.9                       8.5   10.4      0.2
  SINCE JUL 1      3.7                       0.8    2.9       T
  SNOW DEPTH       0

DEGREE DAYS
 HEATING
  YESTERDAY       20                        26     -6       42
  MONTH TO DATE  671                       490    181      501
  SINCE SEP 1    962                      1010    -48     1098
  SINCE JUL 1    965                      1032    -67     1098

 COOLING
  YESTERDAY        0                         0      0        0
  MONTH TO DATE    0                         0      0        0
  SINCE SEP 1     78                        66     12      121
  SINCE JAN 1    839                       636    203      831
..................................................................


WIND (MPH)
  HIGHEST WIND SPEED    38   HIGHEST WIND DIRECTION     W (260)
  HIGHEST GUST SPEED    48   HIGHEST GUST DIRECTION     W (260)
  AVERAGE WIND SPEED    21.2


SKY COVER
  POSSIBLE SUNSHINE  MM
  AVERAGE SKY COVER 0.5


WEATHER CONDITIONS
THE FOLLOWING WEATHER WAS RECORDED YESTERDAY.
  LIGHT RAIN
  FOG


RELATIVE HUMIDITY (PERCENT)
 HIGHEST    80           100 AM
 LOWEST     61          1100 AM
 AVERAGE    71

..........................................................


THE PENDLETON OR CLIMATE NORMALS FOR TODAY
                         NORMAL    RECORD    YEAR
 MAXIMUM TEMPERATURE (F)   46        75      1933
 MINIMUM TEMPERATURE (F)   32       -12      1985


SUNRISE AND SUNSET
NOVEMBER 23 2014......SUNRISE   706 AM PST   SUNSET   417 PM PST
NOVEMBER 24 2014......SUNRISE   707 AM PST   SUNSET   417 PM PST


-  INDICATES NEGATIVE NUMBERS.
R  INDICATES RECORD WAS SET OR TIED.
MM INDICATES DATA IS MISSING.
T  INDICATES TRACE AMOUNT.

$$
