000
CDUS46 KPDT 300826
CLIPDT

CLIMATE REPORT
NATIONAL WEATHER SERVICE PENDLETON OR
126 AM PDT MON MAR 30 2015


...................................

...THE PENDLETON OR CLIMATE SUMMARY FOR MARCH 29 2015...

CLIMATE NORMAL PERIOD 1981 TO 2010
CLIMATE RECORD PERIOD 1890 TO 2015


WEATHER ITEM   OBSERVED TIME   RECORD YEAR NORMAL DEPARTURE LAST
                VALUE   (LST)  VALUE       VALUE  FROM      YEAR
                                                  NORMAL
..................................................................
TEMPERATURE (F)
 YESTERDAY
  MAXIMUM         65    504 PM  80    2004  59      6       63
                                      1919
  MINIMUM         40    134 AM  18    1954  37      3       37
  AVERAGE         53                        48      5       50

PRECIPITATION (IN)
  YESTERDAY        0.00          1.00 1904   0.04  -0.04     0.01
  MONTH TO DATE    1.19                      1.25  -0.06     2.26
  SINCE OCT 1      7.44                      7.79  -0.35     6.41
  SINCE JAN 1      2.74                      3.79  -1.05     4.62

SNOWFALL (IN)
  YESTERDAY        0.0           1.5  1988   0.0    0.0      0.0
  MONTH TO DATE    0.0                       0.7   -0.7      1.0
  SINCE JAN 1      0.4                       7.7   -7.3     15.2
  SINCE JUL 1      7.2                      15.2   -8.0     21.7
  SNOW DEPTH       0

DEGREE DAYS
 HEATING
  YESTERDAY       12                        17     -5       15
  MONTH TO DATE  445                       583   -138      562
  SINCE MAR 1    445                       583   -138      562
  SINCE JUL 1   3938                      4482   -544     4827

 COOLING
  YESTERDAY        0                         0      0        0
  MONTH TO DATE    0                         0      0        0
  SINCE MAR 1      0                         0      0        0
  SINCE JAN 1      0                         0      0        0
..................................................................


WIND (MPH)
  HIGHEST WIND SPEED    12   HIGHEST WIND DIRECTION    SE (140)
  HIGHEST GUST SPEED    15   HIGHEST GUST DIRECTION    NW (300)
  AVERAGE WIND SPEED     5.6


SKY COVER
  POSSIBLE SUNSHINE  MM
  AVERAGE SKY COVER 0.2


WEATHER CONDITIONS
 THE FOLLOWING WEATHER WAS RECORDED YESTERDAY.
  NO SIGNIFICANT WEATHER WAS OBSERVED.


RELATIVE HUMIDITY (PERCENT)
 HIGHEST    89          1100 PM
 LOWEST     39           600 PM
 AVERAGE    64

..........................................................


THE PENDLETON OR CLIMATE NORMALS FOR TODAY
                         NORMAL    RECORD    YEAR
 MAXIMUM TEMPERATURE (F)   59        79      1964
                                             1911
 MINIMUM TEMPERATURE (F)   37        19      1936


SUNRISE AND SUNSET
MARCH 30 2015.........SUNRISE   640 AM PDT   SUNSET   721 PM PDT
MARCH 31 2015.........SUNRISE   638 AM PDT   SUNSET   722 PM PDT


-  INDICATES NEGATIVE NUMBERS.
R  INDICATES RECORD WAS SET OR TIED.
MM INDICATES DATA IS MISSING.
T  INDICATES TRACE AMOUNT.




$$
