408
CDUS46 KPDT 220848
CLIPDT

CLIMATE REPORT
NATIONAL WEATHER SERVICE PENDLETON OR
146 AM PDT FRI MAY 22 2015


...................................

...THE PENDLETON OR CLIMATE SUMMARY FOR MAY 21 2015...

CLIMATE NORMAL PERIOD 1981 TO 2010
CLIMATE RECORD PERIOD 1890 TO 2015


WEATHER ITEM   OBSERVED TIME   RECORD YEAR NORMAL DEPARTURE LAST
                VALUE   (LST)  VALUE       VALUE  FROM      YEAR
                                                  NORMAL
..................................................................
TEMPERATURE (F)
 YESTERDAY
  MAXIMUM         79    121 PM  95    1928  71      8       79
  MINIMUM         56    419 AM  30    1903  47      9       49
  AVERAGE         68                        59      9       64

PRECIPITATION (IN)
  YESTERDAY        0.04          0.99 1972   0.04   0.00     0.00
  MONTH TO DATE    1.25                      0.87   0.38     0.78
  SINCE OCT 1      9.08                      9.93  -0.85     8.21
  SINCE JAN 1      4.38                      5.93  -1.55     6.42

SNOWFALL (IN)
  YESTERDAY        0.0           0.0  2002   0.0    0.0      0.0
                                      2001
                                      2000
  MONTH TO DATE    0.0                       0.0    0.0      0.0
  SINCE JAN 1      0.4                       7.7   -7.3     15.2
  SINCE JUL 1      7.2                      15.2   -8.0     21.7
  SNOW DEPTH       0

DEGREE DAYS
 HEATING
  YESTERDAY        0                         7     -7        1
  MONTH TO DATE  150                       190    -40      134
  SINCE MAR 1   1096                      1238   -142     1147
  SINCE JUL 1   4589                      5137   -548     5412

 COOLING
  YESTERDAY        3                         1      2        0
  MONTH TO DATE    3                        12     -9       12
  SINCE MAR 1      3                        13    -10       12
  SINCE JAN 1      3                        13    -10       12
..................................................................


WIND (MPH)
  HIGHEST WIND SPEED    22   HIGHEST WIND DIRECTION    SE (150)
  HIGHEST GUST SPEED    27   HIGHEST GUST DIRECTION    SE (140)
  AVERAGE WIND SPEED     5.9


SKY COVER
  POSSIBLE SUNSHINE  MM
  AVERAGE SKY COVER 0.4


WEATHER CONDITIONS
 THE FOLLOWING WEATHER WAS RECORDED YESTERDAY.
  THUNDERSTORM
  RAIN
  LIGHT RAIN


RELATIVE HUMIDITY (PERCENT)
 HIGHEST    86           200 AM
 LOWEST     37           100 PM
 AVERAGE    62

..........................................................


THE PENDLETON OR CLIMATE NORMALS FOR TODAY
                         NORMAL    RECORD    YEAR
 MAXIMUM TEMPERATURE (F)   72        94      1951
                                             1904
 MINIMUM TEMPERATURE (F)   47        32      1920
                                             1918


SUNRISE AND SUNSET
MAY 22 2015...........SUNRISE   517 AM PDT   SUNSET   828 PM PDT
MAY 23 2015...........SUNRISE   516 AM PDT   SUNSET   829 PM PDT


-  INDICATES NEGATIVE NUMBERS.
R  INDICATES RECORD WAS SET OR TIED.
MM INDICATES DATA IS MISSING.
T  INDICATES TRACE AMOUNT.


$$
