000
CDUS46 KPDT 230903
CLIPDT

CLIMATE REPORT
NATIONAL WEATHER SERVICE PENDLETON OR
201 AM PDT FRI JUN 23 2017


...................................

...THE PENDLETON OR CLIMATE SUMMARY FOR JUNE 22 2017...

CLIMATE NORMAL PERIOD 1981 TO 2010
CLIMATE RECORD PERIOD 1890 TO 2017


WEATHER ITEM   OBSERVED TIME   RECORD YEAR NORMAL DEPARTURE LAST
                VALUE   (LST)  VALUE       VALUE  FROM      YEAR
                                                  NORMAL
..................................................................
TEMPERATURE (F)
 YESTERDAY
  MAXIMUM         79    423 PM 103    1973  80     -1       86
                                      1958
  MINIMUM         43    433 AM  37    1916  53    -10       48
  AVERAGE         61                        66     -5       67

PRECIPITATION (IN)
  YESTERDAY        0.00          0.54 1918   0.02  -0.02     0.00
  MONTH TO DATE    1.05                      0.83   0.22     0.91
  SINCE OCT 1     15.72                     11.24   4.48    10.77
  SINCE JAN 1     10.20                      7.24   2.96     6.50

SNOWFALL (IN)
  YESTERDAY        0.0           0.0  2002   0.0    0.0      0.0
                                      2001
                                      2000
  MONTH TO DATE    0.0                       0.0    0.0      0.0
  SINCE JAN 1     25.9                       7.7   18.2       T
  SINCE JUL 1     44.4                      15.2   29.2      4.1
  SNOW DEPTH       0

DEGREE DAYS
 HEATING
  YESTERDAY        4                         2      2        0
  MONTH TO DATE   75                        71      4       66
  SINCE JUN 1     75                        71      4       66
  SINCE JUL 1   5670                      5264    406     4634

 COOLING
  YESTERDAY        0                         3     -3        2
  MONTH TO DATE   44                        46     -2       83
  SINCE JUN 1     44                        46     -2       83
  SINCE JAN 1     72                        69      3      101
..................................................................


WIND (MPH)
  HIGHEST WIND SPEED    13   HIGHEST WIND DIRECTION     N (20)
  HIGHEST GUST SPEED    18   HIGHEST GUST DIRECTION    NE (30)
  AVERAGE WIND SPEED     6.2


SKY COVER
  POSSIBLE SUNSHINE  MM
  AVERAGE SKY COVER 0.0


WEATHER CONDITIONS
 THE FOLLOWING WEATHER WAS RECORDED YESTERDAY.
  HAZE


RELATIVE HUMIDITY (PERCENT)
 HIGHEST    76           400 AM
 LOWEST     19           300 PM
 AVERAGE    48

..........................................................


THE PENDLETON OR CLIMATE NORMALS FOR TODAY
                         NORMAL    RECORD    YEAR
 MAXIMUM TEMPERATURE (F)   81       102      1992
                                             1970
 MINIMUM TEMPERATURE (F)   53        40      1920
                                             1917


SUNRISE AND SUNSET
JUNE 23 2017..........SUNRISE   507 AM PDT   SUNSET   849 PM PDT
JUNE 24 2017..........SUNRISE   507 AM PDT   SUNSET   849 PM PDT


-  INDICATES NEGATIVE NUMBERS.
R  INDICATES RECORD WAS SET OR TIED.
MM INDICATES DATA IS MISSING.
T  INDICATES TRACE AMOUNT.




$$
