000
CDUS46 KPDT 040841
CLIPDT

CLIMATE REPORT
NATIONAL WEATHER SERVICE PENDLETON OR
141 AM PDT TUE AUG 4 2015


...................................

...THE PENDLETON OR CLIMATE SUMMARY FOR AUGUST 3 2015...

CLIMATE NORMAL PERIOD 1981 TO 2010
CLIMATE RECORD PERIOD 1890 TO 2015


WEATHER ITEM   OBSERVED TIME   RECORD YEAR NORMAL DEPARTURE LAST
                VALUE   (LST)  VALUE       VALUE  FROM      YEAR
                                                  NORMAL
..................................................................
TEMPERATURE (F)
 YESTERDAY
  MAXIMUM         90   1128 AM 104    1978  90      0       96
                                      1961
  MINIMUM         65    518 AM  40    1910  59      6       62
  AVERAGE         78                        74      4       79

PRECIPITATION (IN)
  YESTERDAY        0.00          0.60 1912   0.01  -0.01     0.00
  MONTH TO DATE    0.00                      0.03  -0.03      T
  SINCE OCT 1      9.70                     11.74  -2.04     9.50
  SINCE JAN 1      5.00                      7.74  -2.74     7.71

SNOWFALL (IN)
  YESTERDAY        0.0           0.0  2002   0.0    0.0      0.0
                                      2001
                                      1999
  MONTH TO DATE    0.0                       0.0    0.0      0.0
  SINCE JAN 1      0.4                       7.7   -7.3     15.2
  SINCE JUL 1      0.0                       0.0    0.0      0.0
  SNOW DEPTH       0

DEGREE DAYS
 HEATING
  YESTERDAY        0                         0      0        0
  MONTH TO DATE    0                         0      0        0
  SINCE JUN 1     10                        94    -84       45
  SINCE JUL 1      0                        11    -11        2

 COOLING
  YESTERDAY       13                         9      4       14
  MONTH TO DATE   48                        27     21       50
  SINCE JUN 1    655                       352    303      511
  SINCE JAN 1    682                       375    307      533
..................................................................


WIND (MPH)
  HIGHEST WIND SPEED    23   HIGHEST WIND DIRECTION     W (280)
  HIGHEST GUST SPEED    28   HIGHEST GUST DIRECTION     W (290)
  AVERAGE WIND SPEED     8.5


SKY COVER
  POSSIBLE SUNSHINE  MM
  AVERAGE SKY COVER 0.1


WEATHER CONDITIONS
 THE FOLLOWING WEATHER WAS RECORDED YESTERDAY.
  NO SIGNIFICANT WEATHER WAS OBSERVED.


RELATIVE HUMIDITY (PERCENT)
 HIGHEST    35           900 PM
 LOWEST     15          1100 AM
 AVERAGE    25

..........................................................


THE PENDLETON OR CLIMATE NORMALS FOR TODAY
                         NORMAL    RECORD    YEAR
 MAXIMUM TEMPERATURE (F)   90       113      1961
 MINIMUM TEMPERATURE (F)   59        40      1911


SUNRISE AND SUNSET
AUGUST  4 2015........SUNRISE   542 AM PDT   SUNSET   820 PM PDT
AUGUST  5 2015........SUNRISE   543 AM PDT   SUNSET   819 PM PDT


-  INDICATES NEGATIVE NUMBERS.
R  INDICATES RECORD WAS SET OR TIED.
MM INDICATES DATA IS MISSING.
T  INDICATES TRACE AMOUNT.

$$
