000
CDUS46 KPQR 252323
CLIPDX


CLIMATE REPORT
NATIONAL WEATHER SERVICE PORTLAND OREGON
423 PM PDT SAT OCT 25 2014


...................................

...THE PORTLAND OR CLIMATE SUMMARY FOR OCTOBER 25 2014...
VALID TODAY AS OF 0400 PM LOCAL TIME.

CLIMATE NORMAL PERIOD 1981 TO 2010
CLIMATE RECORD PERIOD 1940 TO 2014


WEATHER ITEM   OBSERVED TIME   RECORD YEAR NORMAL DEPARTURE LAST
                VALUE   (LST)  VALUE       VALUE  FROM      YEAR
                                                  NORMAL
..................................................................
TEMPERATURE (F)
 TODAY
  MAXIMUM         66    115 PM  74    1965  60      6       57
  MINIMUM         48    150 AM  34    2002  44      4       50
                                      1978
  AVERAGE         57                        52      5       54

PRECIPITATION (IN)
  TODAY            0.05          1.10 1955   0.12  -0.07      T
  MONTH TO DATE    3.95                      2.19   1.76     0.87
  SINCE OCT 1      3.95                      2.19   1.76     0.87
  SINCE JAN 1     29.08                     24.10   4.98    21.77

DEGREE DAYS
 HEATING
  TODAY            8                        13     -5       11
  MONTH TO DATE  108                       233   -125      260
  SINCE SEP 1    125                       309   -184      345
  SINCE JUL 1    126                       336   -210      350

 COOLING
  TODAY            0                         0      0        0
  MONTH TO DATE   17                         0     17        0
  SINCE SEP 1    118                        59     59       86
  SINCE JAN 1    653                       422    231      539
..................................................................


WIND (MPH)
  HIGHEST WIND SPEED    36   HIGHEST WIND DIRECTION     S (180)
  HIGHEST GUST SPEED    45   HIGHEST GUST DIRECTION     S (180)
  AVERAGE WIND SPEED    12.5



WEATHER CONDITIONS
 THE FOLLOWING WEATHER WAS RECORDED TODAY.
  LIGHT RAIN
  FOG


RELATIVE HUMIDITY (PERCENT)
 HIGHEST   100          1200 AM
 LOWEST     63           100 PM
 AVERAGE    82

..........................................................


THE PORTLAND OR CLIMATE NORMALS FOR TOMORROW
                         NORMAL    RECORD    YEAR
 MAXIMUM TEMPERATURE (F)   60        74      1987
 MINIMUM TEMPERATURE (F)   44        30      1963


SUNRISE AND SUNSET
OCTOBER 25 2014.......SUNRISE   740 AM PDT   SUNSET   608 PM PDT
OCTOBER 26 2014.......SUNRISE   742 AM PDT   SUNSET   606 PM PDT


-  INDICATES NEGATIVE NUMBERS.
R  INDICATES RECORD WAS SET OR TIED.
MM INDICATES DATA IS MISSING.
T  INDICATES TRACE AMOUNT.




$$
