000
CDUS46 KPQR 230023
CLIPDX


CLIMATE REPORT
NATIONAL WEATHER SERVICE PORTLAND OREGON
423 PM PST MON DEC 22 2014


...................................

...THE PORTLAND OR CLIMATE SUMMARY FOR DECEMBER 22 2014...
VALID TODAY AS OF 0400 PM LOCAL TIME.

CLIMATE NORMAL PERIOD 1981 TO 2010
CLIMATE RECORD PERIOD 1940 TO 2014


WEATHER ITEM   OBSERVED TIME   RECORD YEAR NORMAL DEPARTURE LAST
                VALUE   (LST)  VALUE       VALUE  FROM      YEAR
                                                  NORMAL
..................................................................
TEMPERATURE (F)
 TODAY
  MAXIMUM         56    230 PM  60    1940  45     11       53
  MINIMUM         45    824 AM  13    1990  35     10       45
  AVERAGE         51                        40     11       49

PRECIPITATION (IN)
  TODAY            0.03          1.50 1964   0.17  -0.14     0.05
  MONTH TO DATE    4.71                      4.01   0.70     1.33
  SINCE OCT 1     13.64                     12.64   1.00     5.53
  SINCE JAN 1     38.77                     34.55   4.22    26.43

DEGREE DAYS
 HEATING
  TODAY           14                        25    -11       16
  MONTH TO DATE  424                       533   -109      644
  SINCE DEC 1    424                       533   -109      644
  SINCE JUL 1   1157                      1502   -345     1655

 COOLING
  TODAY            0                         0      0        0
  MONTH TO DATE    0                         0      0        0
  SINCE DEC 1      0                         0      0        0
  SINCE JAN 1    653                       424    229      539
..................................................................


WIND (MPH)
  HIGHEST WIND SPEED     7   HIGHEST WIND DIRECTION     E (70)
  HIGHEST GUST SPEED     9   HIGHEST GUST DIRECTION     E (70)
  AVERAGE WIND SPEED     2.7



WEATHER CONDITIONS
 THE FOLLOWING WEATHER WAS RECORDED TODAY.
  LIGHT RAIN
  FOG


RELATIVE HUMIDITY (PERCENT)
 HIGHEST   100           100 AM
 LOWEST     72           300 PM
 AVERAGE    86

..........................................................


THE PORTLAND OR CLIMATE NORMALS FOR TOMORROW
                         NORMAL    RECORD    YEAR
 MAXIMUM TEMPERATURE (F)   45        64      1950
 MINIMUM TEMPERATURE (F)   35        11      1998


SUNRISE AND SUNSET
DECEMBER 22 2014......SUNRISE   748 AM PST   SUNSET   430 PM PST
DECEMBER 23 2014......SUNRISE   749 AM PST   SUNSET   430 PM PST


-  INDICATES NEGATIVE NUMBERS.
R  INDICATES RECORD WAS SET OR TIED.
MM INDICATES DATA IS MISSING.
T  INDICATES TRACE AMOUNT.




$$
