000
CDUS46 KPQR 211141
CLIPDX


CLIMATE REPORT
NATIONAL WEATHER SERVICE PORTLAND OREGON
441 AM PDT SAT OCT 21 2017


...................................

...THE PORTLAND OR CLIMATE SUMMARY FOR OCTOBER 20 2017...

CLIMATE NORMAL PERIOD 1981 TO 2010
CLIMATE RECORD PERIOD 1940 TO 2017


WEATHER ITEM   OBSERVED TIME   RECORD YEAR NORMAL DEPARTURE LAST
                VALUE   (LST)  VALUE       VALUE  FROM      YEAR
                                                  NORMAL
..................................................................
TEMPERATURE (F)
 YESTERDAY
  MAXIMUM         54    214 PM  77    2003  62     -8       63
  MINIMUM         48   1124 PM  28    1949  45      3       53
  AVERAGE         51                        54     -3       58

PRECIPITATION (IN)
  YESTERDAY        0.11          0.99 1956   0.11   0.00     0.26
  MONTH TO DATE    1.96                      1.60   0.36     6.35
  SINCE OCT 1      1.96                      1.60   0.36     6.35
  SINCE JAN 1     33.66                     23.51  10.15    29.95

SNOWFALL (IN)
  YESTERDAY       MM             0.0  2016
  MONTH TO DATE    0.0
  SINCE SEP 1      0.0
  SINCE JUL 1      0.0

DEGREE DAYS
 HEATING
  YESTERDAY       14                        12      2        7
  MONTH TO DATE  218                       171     47      164
  SINCE SEP 1    294                       247     47      236
  SINCE JUL 1    296                       274     22      242

 COOLING
  YESTERDAY        0                         0      0        0
  MONTH TO DATE    0                         0      0        0
  SINCE SEP 1    132                        59     73       30
  SINCE JAN 1    700                       422    278      548
..................................................................


WIND (MPH)
  HIGHEST WIND SPEED    23   HIGHEST WIND DIRECTION     W (270)
  HIGHEST GUST SPEED    28   HIGHEST GUST DIRECTION     W (280)
  AVERAGE WIND SPEED    11.1


SKY COVER
  POSSIBLE SUNSHINE  MM
  AVERAGE SKY COVER 0.7


WEATHER CONDITIONS
 THE FOLLOWING WEATHER WAS RECORDED YESTERDAY.
  RAIN
  LIGHT RAIN
  FOG


RELATIVE HUMIDITY (PERCENT)
 HIGHEST    93           200 AM
 LOWEST     80           600 PM
 AVERAGE    87

..........................................................


THE PORTLAND OR CLIMATE NORMALS FOR TODAY
                         NORMAL    RECORD    YEAR
 MAXIMUM TEMPERATURE (F)   62        81      2003
 MINIMUM TEMPERATURE (F)   45        30      1949


SUNRISE AND SUNSET
OCTOBER 21 2017.......SUNRISE   735 AM PDT   SUNSET   614 PM PDT
OCTOBER 22 2017.......SUNRISE   737 AM PDT   SUNSET   612 PM PDT


-  INDICATES NEGATIVE NUMBERS.
R  INDICATES RECORD WAS SET OR TIED.
MM INDICATES DATA IS MISSING.
T  INDICATES TRACE AMOUNT.




$$
