000
CDUS46 KPQR 131141
CLIPDX


CLIMATE REPORT
NATIONAL WEATHER SERVICE PORTLAND OREGON
341 AM PST SAT FEB 13 2016


...................................

...THE PORTLAND OR CLIMATE SUMMARY FOR FEBRUARY 12 2016...

CLIMATE NORMAL PERIOD 1981 TO 2010
CLIMATE RECORD PERIOD 1940 TO 2016


WEATHER ITEM   OBSERVED TIME   RECORD YEAR NORMAL DEPARTURE LAST
                VALUE   (LST)  VALUE       VALUE  FROM      YEAR
                                                  NORMAL
..................................................................
TEMPERATURE (F)
 YESTERDAY
  MAXIMUM         56    441 PM  63    2015  51      5       63
  MINIMUM         47   1159 PM  24    1948  36     11       37
  AVERAGE         52                        43      9       50

PRECIPITATION (IN)
  YESTERDAY        0.27          1.21 1954   0.13   0.14     0.00
  MONTH TO DATE    1.23                      1.59  -0.36     3.28
  SINCE OCT 1     31.88                     20.59  11.29    21.59
  SINCE JAN 1      8.46                      6.47   1.99     6.61

DEGREE DAYS
 HEATING
  YESTERDAY       13                        22     -9       15
  MONTH TO DATE  194                       264    -70      187
  SINCE DEC 1   1541                      1759   -218     1489
  SINCE JUL 1   2349                      2728   -379     2222

 COOLING
  YESTERDAY        0                         0      0        0
  MONTH TO DATE    0                         0      0        0
  SINCE DEC 1      0                         0      0        0
  SINCE JAN 1      0                         0      0        0
..................................................................


WIND (MPH)
  HIGHEST WIND SPEED    20   HIGHEST WIND DIRECTION    SE (120)
  HIGHEST GUST SPEED    25   HIGHEST GUST DIRECTION    SE (120)
  AVERAGE WIND SPEED    10.7


SKY COVER
  POSSIBLE SUNSHINE  MM
  AVERAGE SKY COVER 0.8


WEATHER CONDITIONS
 THE FOLLOWING WEATHER WAS RECORDED YESTERDAY.
  HEAVY RAIN
  RAIN
  LIGHT RAIN
  FOG


RELATIVE HUMIDITY (PERCENT)
 HIGHEST   100           300 PM
 LOWEST     71           200 AM
 AVERAGE    86

..........................................................


THE PORTLAND OR CLIMATE NORMALS FOR TODAY
                         NORMAL    RECORD    YEAR
 MAXIMUM TEMPERATURE (F)   51        60      1996
                                             1971
 MINIMUM TEMPERATURE (F)   36        23      1990
                                             1949


SUNRISE AND SUNSET
FEBRUARY 13 2016......SUNRISE   716 AM PST   SUNSET   534 PM PST
FEBRUARY 14 2016......SUNRISE   714 AM PST   SUNSET   535 PM PST


-  INDICATES NEGATIVE NUMBERS.
R  INDICATES RECORD WAS SET OR TIED.
MM INDICATES DATA IS MISSING.
T  INDICATES TRACE AMOUNT.




$$
