000
CDUS46 KPQR 311141
CLIPDX


CLIMATE REPORT
NATIONAL WEATHER SERVICE PORTLAND OREGON
340 AM PST SAT JAN 31 2015


...................................

...THE PORTLAND OR CLIMATE SUMMARY FOR JANUARY 30 2015...

CLIMATE NORMAL PERIOD 1981 TO 2010
CLIMATE RECORD PERIOD 1940 TO 2015


WEATHER ITEM   OBSERVED TIME   RECORD YEAR NORMAL DEPARTURE LAST
                VALUE   (LST)  VALUE       VALUE  FROM      YEAR
                                                  NORMAL
..................................................................
TEMPERATURE (F)
 YESTERDAY
  MAXIMUM         52    251 PM  62    1995  49      3       50
  MINIMUM         33    804 AM  10    1950  36     -3       41
  AVERAGE         43                        43      0       46

PRECIPITATION (IN)
  YESTERDAY        0.00          1.14 1997   0.14  -0.14     0.08
  MONTH TO DATE    3.33                      4.74  -1.41     2.65
  SINCE OCT 1     18.31                     18.86  -0.55     8.47
  SINCE JAN 1      3.33                      4.74  -1.41     2.65

DEGREE DAYS
 HEATING
  YESTERDAY       22                        22      0       19
  MONTH TO DATE  637                       711    -74      704
  SINCE DEC 1   1277                      1474   -197     1584
  SINCE JUL 1   2010                      2443   -433     2595

 COOLING
  YESTERDAY        0                         0      0        0
  MONTH TO DATE    0                         0      0        0
  SINCE DEC 1      0                         0      0        0
  SINCE JAN 1      0                         0      0        0
..................................................................


WIND (MPH)
  HIGHEST WIND SPEED    12   HIGHEST WIND DIRECTION    SE (120)
  HIGHEST GUST SPEED    14   HIGHEST GUST DIRECTION    SE (130)
  AVERAGE WIND SPEED     4.5


SKY COVER
  POSSIBLE SUNSHINE  MM
  AVERAGE SKY COVER 0.2


WEATHER CONDITIONS
 THE FOLLOWING WEATHER WAS RECORDED YESTERDAY.
  FOG
  FOG W/VISIBILITY <= 1/4 MILE


RELATIVE HUMIDITY (PERCENT)
 HIGHEST   100           300 AM
 LOWEST     63           300 PM
 AVERAGE    82

..........................................................


THE PORTLAND OR CLIMATE NORMALS FOR TODAY
                         NORMAL    RECORD    YEAR
 MAXIMUM TEMPERATURE (F)   49        61      1995
 MINIMUM TEMPERATURE (F)   36        -2      1950


SUNRISE AND SUNSET
JANUARY 31 2015.......SUNRISE   733 AM PST   SUNSET   515 PM PST
FEBRUARY  1 2015......SUNRISE   732 AM PST   SUNSET   517 PM PST


-  INDICATES NEGATIVE NUMBERS.
R  INDICATES RECORD WAS SET OR TIED.
MM INDICATES DATA IS MISSING.
T  INDICATES TRACE AMOUNT.




$$
