000
CDUS41 KPBZ 300702
CLIPHD


CLIMATE REPORT
NATIONAL WEATHER SERVICE PITTSBURGH PA
301 AM EDT FRI SEP 30 2016


...................................

...THE NEW PHILADELPHIA OH CLIMATE SUMMARY FOR SEPTEMBER 29 2016...

CLIMATE NORMAL PERIOD 1981 TO 2010
CLIMATE RECORD PERIOD 1946 TO 2016


WEATHER ITEM   OBSERVED TIME   RECORD YEAR NORMAL DEPARTURE LAST
                VALUE   (LST)  VALUE       VALUE  FROM      YEAR
                                                  NORMAL
..................................................................
TEMPERATURE (F)
 YESTERDAY
  MAXIMUM         65   1123 AM  85    1971  71     -6       71
  MINIMUM         55            31    1961  47      8       65
  AVERAGE         60                        59      1       68

PRECIPITATION (IN)
  YESTERDAY        0.88         MM      MM   0.08   0.80     0.88
  MONTH TO DATE    2.65                      3.17  -0.52     2.32
  SINCE JUN 1     10.51                     14.52  -4.01    10.73
  SINCE JAN 1     25.16                     30.12  -4.96    23.95

DEGREE DAYS
 HEATING
  YESTERDAY        5                         7     -2        0
  MONTH TO DATE   17                        90    -73       28
  SINCE SEP 1     17                        90    -73       28
  SINCE JUL 1     17                       100    -83       41

 COOLING
  YESTERDAY        0                         1     -1        3
  MONTH TO DATE  184                        65    119      145
  SINCE SEP 1    184                        65    119      145
  SINCE JAN 1   1312                       687    625      864
..................................................................


WIND (MPH)
  HIGHEST WIND SPEED    18   HIGHEST WIND DIRECTION    NE (60)
  HIGHEST GUST SPEED    24   HIGHEST GUST DIRECTION    NE (50)
  AVERAGE WIND SPEED     4.2


SKY COVER
  POSSIBLE SUNSHINE  MM
  AVERAGE SKY COVER 0.8


WEATHER CONDITIONS
 THE FOLLOWING WEATHER WAS RECORDED YESTERDAY.
  THUNDERSTORM
  HEAVY RAIN
  RAIN
  LIGHT RAIN
  FOG


RELATIVE HUMIDITY (PERCENT)
 HIGHEST   100           300 AM
 LOWEST     84          1100 AM
 AVERAGE    92

..........................................................


THE NEW PHILADELPHIA OH CLIMATE NORMALS FOR TODAY
                         NORMAL    RECORD    YEAR
 MAXIMUM TEMPERATURE (F)   70        88      1986
 MINIMUM TEMPERATURE (F)   46        31      1963


SUNRISE AND SUNSET
SEPTEMBER 30 2016.....SUNRISE   722 AM EDT   SUNSET   709 PM EDT
OCTOBER  1 2016.......SUNRISE   723 AM EDT   SUNSET   707 PM EDT


-  INDICATES NEGATIVE NUMBERS.
R  INDICATES RECORD WAS SET OR TIED.
MM INDICATES DATA IS MISSING.
T  INDICATES TRACE AMOUNT.




$$
