000
CDUS41 KPBZ 240823
CLIPHD


CLIMATE REPORT
NATIONAL WEATHER SERVICE PITTSBURGH PA
323 AM EST SAT FEB 24 2018


...................................

...THE NEW PHILADELPHIA OH CLIMATE SUMMARY FOR FEBRUARY 23 2018...

CLIMATE NORMAL PERIOD 1981 TO 2010
CLIMATE RECORD PERIOD 1948 TO 2018


WEATHER ITEM   OBSERVED TIME   RECORD YEAR NORMAL DEPARTURE LAST
                VALUE   (LST)  VALUE       VALUE  FROM      YEAR
                                                  NORMAL
..................................................................
TEMPERATURE (F)
 YESTERDAY
  MAXIMUM         64    414 PM  69    2017  43     21       69
                                      1975
  MINIMUM         41            -8    1963  23     18       55
  AVERAGE         53                        33     20       62

PRECIPITATION (IN)
  YESTERDAY        0.29          0.74 1975   0.09   0.20     0.14
  MONTH TO DATE    4.57                      1.91   2.66     1.23
  SINCE JUN 1     27.30                     27.81  -0.51    25.37
  SINCE JAN 1      6.78                      4.51   2.27     4.79

DEGREE DAYS
 HEATING
  YESTERDAY       12                        32    -20        3
  MONTH TO DATE  676                       779   -103      577
  SINCE DEC 1   3000                      2893    107     2534
  SINCE JUL 1   4002                      4051    -49     3401

 COOLING
  YESTERDAY        0                         0      0        0
  MONTH TO DATE    5                         0      5        0
  SINCE DEC 1      5                         0      5        0
  SINCE JAN 1      5                         0      5        0
..................................................................


WIND (MPH)
  HIGHEST WIND SPEED    14   HIGHEST WIND DIRECTION     W (250)
  HIGHEST GUST SPEED    21   HIGHEST GUST DIRECTION     W (250)
  AVERAGE WIND SPEED     6.5


SKY COVER
  POSSIBLE SUNSHINE  MM
  AVERAGE SKY COVER 1.0


WEATHER CONDITIONS
 THE FOLLOWING WEATHER WAS RECORDED YESTERDAY.
  RAIN
  LIGHT RAIN
  FOG


RELATIVE HUMIDITY (PERCENT)
 HIGHEST   100           600 AM
 LOWEST     80          1000 PM
 AVERAGE    90

..........................................................


THE NEW PHILADELPHIA OH CLIMATE NORMALS FOR TODAY
                         NORMAL    RECORD    YEAR
 MAXIMUM TEMPERATURE (F)   43        77      2017
 MINIMUM TEMPERATURE (F)   23       -15      2015


SUNRISE AND SUNSET
FEBRUARY 24 2018......SUNRISE   707 AM EST   SUNSET   611 PM EST
FEBRUARY 25 2018......SUNRISE   705 AM EST   SUNSET   613 PM EST


-  INDICATES NEGATIVE NUMBERS.
R  INDICATES RECORD WAS SET OR TIED.
MM INDICATES DATA IS MISSING.
T  INDICATES TRACE AMOUNT.




$$
