000
CDUS41 KPBZ 250702
CLIPHD


CLIMATE REPORT
NATIONAL WEATHER SERVICE PITTSBURGH PA
302 AM EDT FRI JUL 25 2014


...................................

...THE NEW PHILADELPHIA OH CLIMATE SUMMARY FOR JULY 24 2014...

CLIMATE NORMAL PERIOD 1981 TO 2010
CLIMATE RECORD PERIOD 1946 TO 2014


WEATHER ITEM   OBSERVED TIME   RECORD YEAR NORMAL DEPARTURE LAST
                VALUE   (LST)  VALUE       VALUE  FROM      YEAR
                                                  NORMAL
..................................................................
TEMPERATURE (F)
 YESTERDAY
  MAXIMUM         76    324 PM  93    1991  84     -8       73
  MINIMUM         53            49    1985  62     -9       55
  AVERAGE         65                        73     -8       64

PRECIPITATION (IN)
  YESTERDAY        0.00         MM      MM   0.14  -0.14     0.00
  MONTH TO DATE    3.18                      3.00   0.18     4.40
  SINCE JUN 1      8.05                      6.73   1.32    11.96
  SINCE JAN 1     23.23                     22.33   0.90    22.00

DEGREE DAYS
 HEATING
  YESTERDAY        0                         0      0        1
  MONTH TO DATE    8                         0      8        1
  SINCE JUN 1     18                        35    -17       23
  SINCE JUL 1      8                         0      8        1

 COOLING
  YESTERDAY        0                         8     -8        0
  MONTH TO DATE  134                       183    -49      230
  SINCE JUN 1    311                       326    -15      375
  SINCE JAN 1    377                       369      8      473
..................................................................


WIND (MPH)
  HIGHEST WIND SPEED    14   HIGHEST WIND DIRECTION     N (20)
  HIGHEST GUST SPEED    19   HIGHEST GUST DIRECTION    NE (50)
  AVERAGE WIND SPEED     4.7


SKY COVER
  POSSIBLE SUNSHINE  MM
  AVERAGE SKY COVER 0.3


WEATHER CONDITIONS
 THE FOLLOWING WEATHER WAS RECORDED YESTERDAY.
  NO SIGNIFICANT WEATHER WAS OBSERVED.


RELATIVE HUMIDITY (PERCENT)
 HIGHEST   100           500 AM
 LOWEST     49           600 PM
 AVERAGE    75

..........................................................


THE NEW PHILADELPHIA OH CLIMATE NORMALS FOR TODAY
                         NORMAL    RECORD    YEAR
 MAXIMUM TEMPERATURE (F)   84        94      1989
 MINIMUM TEMPERATURE (F)   62        51      2013
                                             1974


SUNRISE AND SUNSET
JULY 25 2014..........SUNRISE   616 AM EDT   SUNSET   847 PM EDT
JULY 26 2014..........SUNRISE   617 AM EDT   SUNSET   846 PM EDT


-  INDICATES NEGATIVE NUMBERS.
R  INDICATES RECORD WAS SET OR TIED.
MM INDICATES DATA IS MISSING.
T  INDICATES TRACE AMOUNT.




$$
