000
CDUS41 KPBZ 210804
CLIPHD


CLIMATE REPORT
NATIONAL WEATHER SERVICE PITTSBURGH PA
304 AM EST TUE NOV 21 2017


...................................

...THE NEW PHILADELPHIA OH CLIMATE SUMMARY FOR NOVEMBER 20 2017...

CLIMATE NORMAL PERIOD 1981 TO 2010
CLIMATE RECORD PERIOD 1948 TO 2017


WEATHER ITEM   OBSERVED TIME   RECORD YEAR NORMAL DEPARTURE LAST
                VALUE   (LST)  VALUE       VALUE  FROM      YEAR
                                                  NORMAL
..................................................................
TEMPERATURE (F)
 YESTERDAY
  MAXIMUM         45    404 PM  74    1985  51     -6       34
  MINIMUM         28            18    1980  32     -4       30
  AVERAGE         37                        42     -5       32

PRECIPITATION (IN)
  YESTERDAY        0.00          1.28 1981   0.11  -0.11      T
  MONTH TO DATE    4.60                      2.09   2.51     0.67
  SINCE JUN 1     19.15                     19.45  -0.30    16.27
  SINCE JAN 1     39.90                     35.05   4.85    30.92

DEGREE DAYS
 HEATING
  YESTERDAY       28                        23      5       33
  MONTH TO DATE  438                       404     34      334
  SINCE SEP 1    765                       893   -128      622
  SINCE JUL 1    775                       903   -128      622

 COOLING
  YESTERDAY        0                         0      0        0
  MONTH TO DATE    0                         0      0        2
  SINCE SEP 1    163                        75     88      211
  SINCE JAN 1    831                       697    134     1339
..................................................................


WIND (MPH)
  HIGHEST WIND SPEED    15   HIGHEST WIND DIRECTION     S (190)
  HIGHEST GUST SPEED    22   HIGHEST GUST DIRECTION    SW (230)
  AVERAGE WIND SPEED     7.1


SKY COVER
  POSSIBLE SUNSHINE  MM
  AVERAGE SKY COVER 0.1


WEATHER CONDITIONS
 THE FOLLOWING WEATHER WAS RECORDED YESTERDAY.
  NO SIGNIFICANT WEATHER WAS OBSERVED.


RELATIVE HUMIDITY (PERCENT)
 HIGHEST    75           600 AM
 LOWEST     41           300 PM
 AVERAGE    58

..........................................................


THE NEW PHILADELPHIA OH CLIMATE NORMALS FOR TODAY
                         NORMAL    RECORD    YEAR
 MAXIMUM TEMPERATURE (F)   50        70      2007
 MINIMUM TEMPERATURE (F)   32        10      2014


SUNRISE AND SUNSET
NOVEMBER 21 2017......SUNRISE   719 AM EST   SUNSET   504 PM EST
NOVEMBER 22 2017......SUNRISE   720 AM EST   SUNSET   503 PM EST


-  INDICATES NEGATIVE NUMBERS.
R  INDICATES RECORD WAS SET OR TIED.
MM INDICATES DATA IS MISSING.
T  INDICATES TRACE AMOUNT.




$$
