000
CDUS41 KPBZ 302112
CLIPHD


CLIMATE REPORT
NATIONAL WEATHER SERVICE PITTSBURGH PA
512 PM EDT SUN APR 30 2017


...................................

...THE NEW PHILADELPHIA OH CLIMATE SUMMARY FOR APRIL 30 2017...
VALID TODAY AS OF 0500 PM LOCAL TIME.

CLIMATE NORMAL PERIOD 1981 TO 2010
CLIMATE RECORD PERIOD 1946 TO 2017


WEATHER ITEM   OBSERVED TIME   RECORD YEAR NORMAL DEPARTURE LAST
                VALUE   (LST)  VALUE       VALUE  FROM      YEAR
                                                  NORMAL
..................................................................
TEMPERATURE (F)
 TODAY
  MAXIMUM         85R   152 PM  84    2012  68     17       59
  MINIMUM         55   1234 AM  27    1977  43     12       41
  AVERAGE         70                        55     15       50

PRECIPITATION (IN)
  TODAY            0.48         MM      MM   0.13   0.35     0.42
  MONTH TO DATE    4.59                      3.43   1.16     4.02
  SINCE JUN 1     35.84                     34.73   1.11    29.60
  SINCE JAN 1     15.26                     11.43   3.83    11.52

DEGREE DAYS
 HEATING
  TODAY            0                        10    -10       15
  MONTH TO DATE  265                       430   -165      460
  SINCE MAR 1   1018                      1208   -190     1024
  SINCE JUL 1   4515                      5415   -900     4638

 COOLING
  TODAY            5                         0      5        0
  MONTH TO DATE   25                         6     19        0
  SINCE MAR 1     25                         7     18        0
  SINCE JAN 1     25                         7     18        0
..................................................................


WIND (MPH)
  HIGHEST WIND SPEED    24   HIGHEST WIND DIRECTION     W (250)
  HIGHEST GUST SPEED    39   HIGHEST GUST DIRECTION     W (260)
  AVERAGE WIND SPEED     7.2


SKY COVER
  POSSIBLE SUNSHINE  MM
  AVERAGE SKY COVER 0.6


WEATHER CONDITIONS
 THE FOLLOWING WEATHER WAS RECORDED TODAY.
  THUNDERSTORM
  HEAVY RAIN
  LIGHT RAIN
  FOG


RELATIVE HUMIDITY (PERCENT)
 HIGHEST   100           100 AM
 LOWEST     48          1200 PM
 AVERAGE    74

..........................................................


THE NEW PHILADELPHIA OH CLIMATE NORMALS FOR TOMORROW
                         NORMAL    RECORD    YEAR
 MAXIMUM TEMPERATURE (F)   68        87      1970
 MINIMUM TEMPERATURE (F)   43        26      1978


SUNRISE AND SUNSET
APRIL 30 2017.........SUNRISE   626 AM EDT   SUNSET   821 PM EDT
MAY  1 2017...........SUNRISE   624 AM EDT   SUNSET   822 PM EDT


-  INDICATES NEGATIVE NUMBERS.
R  INDICATES RECORD WAS SET OR TIED.
MM INDICATES DATA IS MISSING.
T  INDICATES TRACE AMOUNT.




$$
