000
CDUS41 KPBZ 312238
CLIPHD


CLIMATE REPORT
NATIONAL WEATHER SERVICE PITTSBURGH PA
537 PM EST SAT JAN 31 2015


...................................

...THE NEW PHILADELPHIA OH CLIMATE SUMMARY FOR JANUARY 31 2015...
VALID TODAY AS OF 0500 PM LOCAL TIME.

CLIMATE NORMAL PERIOD 1981 TO 2010
CLIMATE RECORD PERIOD 1946 TO 2015


WEATHER ITEM   OBSERVED TIME   RECORD YEAR NORMAL DEPARTURE LAST
                VALUE   (LST)  VALUE       VALUE  FROM      YEAR
                                                  NORMAL
..................................................................
TEMPERATURE (F)
 TODAY
  MAXIMUM         31    359 PM  60    2012  38     -7       35
  MINIMUM          1    507 AM  -4    1965  21    -20       29
  AVERAGE         16                        30    -14       32

PRECIPITATION (IN)
  TODAY            0.00         MM      MM   0.09  -0.09      T
  MONTH TO DATE    1.80                      2.60  -0.80     1.82
  SINCE JUN 1     26.53                     25.90   0.63    26.46
  SINCE JAN 1      1.80                      2.60  -0.80     1.82

DEGREE DAYS
 HEATING
  TODAY           49                        35     14       33
  MONTH TO DATE 1210                      1112     98     1284
  SINCE DEC 1   2095                      2114    -19     2249
  SINCE JUL 1   3329                      3272     57     3485

 COOLING
  TODAY            0                         0      0        0
  MONTH TO DATE    0                         0      0        0
  SINCE DEC 1      0                         0      0        0
  SINCE JAN 1      0                         0      0        0
..................................................................


WIND (MPH)
  HIGHEST WIND SPEED    10   HIGHEST WIND DIRECTION    SW (210)
  HIGHEST GUST SPEED    16   HIGHEST GUST DIRECTION    SW (230)
  AVERAGE WIND SPEED     3.1


SKY COVER
  POSSIBLE SUNSHINE  MM
  AVERAGE SKY COVER 0.1


WEATHER CONDITIONS
 THE FOLLOWING WEATHER WAS RECORDED TODAY.
  FOG
  HAZE


RELATIVE HUMIDITY (PERCENT)
 HIGHEST    87          1200 AM
 LOWEST     53           300 PM
 AVERAGE    70

..........................................................


THE NEW PHILADELPHIA OH CLIMATE NORMALS FOR TOMORROW
                         NORMAL    RECORD    YEAR
 MAXIMUM TEMPERATURE (F)   39        68      2002
 MINIMUM TEMPERATURE (F)   21        -7      2004


SUNRISE AND SUNSET
JANUARY 31 2015.......SUNRISE   736 AM EST   SUNSET   542 PM EST
FEBRUARY  1 2015......SUNRISE   735 AM EST   SUNSET   544 PM EST


-  INDICATES NEGATIVE NUMBERS.
R  INDICATES RECORD WAS SET OR TIED.
MM INDICATES DATA IS MISSING.
T  INDICATES TRACE AMOUNT.




$$
