000
CDUS41 KPBZ 280703
CLIPHD


CLIMATE REPORT
NATIONAL WEATHER SERVICE PITTSBURGH PA
302 AM EDT SAT MAY 28 2016


...................................

...THE NEW PHILADELPHIA OH CLIMATE SUMMARY FOR MAY 27 2016...

CLIMATE NORMAL PERIOD 1981 TO 2010
CLIMATE RECORD PERIOD 1946 TO 2016


WEATHER ITEM   OBSERVED TIME   RECORD YEAR NORMAL DEPARTURE LAST
                VALUE   (LST)  VALUE       VALUE  FROM      YEAR
                                                  NORMAL
..................................................................
TEMPERATURE (F)
 YESTERDAY
  MAXIMUM         89    344 PM  92    2012  75     14       85
  MINIMUM         67            30    1961  51     16       66
  AVERAGE         78                        63     15       76

PRECIPITATION (IN)
  YESTERDAY        0.00         MM      MM   0.15  -0.15     0.00
  MONTH TO DATE    3.13                      3.57  -0.44     2.79
  SINCE JUN 1     32.73                     38.30  -5.57    37.77
  SINCE JAN 1     14.65                     15.00  -0.35    13.04

DEGREE DAYS
 HEATING
  YESTERDAY        0                         4     -4        0
  MONTH TO DATE  173                       180     -7       87
  SINCE MAR 1   1197                      1388   -191     1279
  SINCE JUL 1   4811                      5595   -784     5897

 COOLING
  YESTERDAY       13                         2     11       11
  MONTH TO DATE   35                        25     10      127
  SINCE MAR 1     35                        32      3      130
  SINCE JAN 1     35                        32      3      130
..................................................................


WIND (MPH)
  HIGHEST WIND SPEED    13   HIGHEST WIND DIRECTION     W (250)
  HIGHEST GUST SPEED    18   HIGHEST GUST DIRECTION    SW (240)
  AVERAGE WIND SPEED     4.9


SKY COVER
  POSSIBLE SUNSHINE  MM
  AVERAGE SKY COVER 0.1


WEATHER CONDITIONS
 THE FOLLOWING WEATHER WAS RECORDED YESTERDAY.
  NO SIGNIFICANT WEATHER WAS OBSERVED.


RELATIVE HUMIDITY (PERCENT)
 HIGHEST    87           400 AM
 LOWEST     40           400 PM
 AVERAGE    64

..........................................................


THE NEW PHILADELPHIA OH CLIMATE NORMALS FOR TODAY
                         NORMAL    RECORD    YEAR
 MAXIMUM TEMPERATURE (F)   76        91      1967
 MINIMUM TEMPERATURE (F)   52        35      1992


SUNRISE AND SUNSET
MAY 28 2016...........SUNRISE   559 AM EDT   SUNSET   847 PM EDT
MAY 29 2016...........SUNRISE   559 AM EDT   SUNSET   848 PM EDT


-  INDICATES NEGATIVE NUMBERS.
R  INDICATES RECORD WAS SET OR TIED.
MM INDICATES DATA IS MISSING.
T  INDICATES TRACE AMOUNT.




$$
