000
CDUS41 KPBZ 020702
CLIPHD


CLIMATE REPORT
NATIONAL WEATHER SERVICE PITTSBURGH PA
302 AM EDT MON MAY 2 2016


...................................

...THE NEW PHILADELPHIA OH CLIMATE SUMMARY FOR MAY 1 2016...

CLIMATE NORMAL PERIOD 1981 TO 2010
CLIMATE RECORD PERIOD 1946 TO 2016


WEATHER ITEM   OBSERVED TIME   RECORD YEAR NORMAL DEPARTURE LAST
                VALUE   (LST)  VALUE       VALUE  FROM      YEAR
                                                  NORMAL
..................................................................
TEMPERATURE (F)
 YESTERDAY
  MAXIMUM         73    122 PM  87    1970  68      5       73
  MINIMUM         56            26    1978  43     13       45
  AVERAGE         65                        56      9       59

PRECIPITATION (IN)
  YESTERDAY        0.07         MM      MM   0.11  -0.04     0.01
  MONTH TO DATE    0.07                      0.11  -0.04     0.01
  SINCE JUN 1     29.67                     34.84  -5.17    34.99
  SINCE JAN 1     11.59                     11.54   0.05    10.26

DEGREE DAYS
 HEATING
  YESTERDAY        0                        10    -10        6
  MONTH TO DATE    0                        10    -10        6
  SINCE MAR 1   1024                      1218   -194     1198
  SINCE JUL 1   4638                      5425   -787     5816

 COOLING
  YESTERDAY        0                         0      0        0
  MONTH TO DATE    0                         0      0        0
  SINCE MAR 1      0                         7     -7        3
  SINCE JAN 1      0                         7     -7        3
..................................................................


WIND (MPH)
  HIGHEST WIND SPEED    13   HIGHEST WIND DIRECTION     N (340)
  HIGHEST GUST SPEED    16   HIGHEST GUST DIRECTION     N (350)
  AVERAGE WIND SPEED     4.1


SKY COVER
  POSSIBLE SUNSHINE  MM
  AVERAGE SKY COVER 0.7


WEATHER CONDITIONS
 THE FOLLOWING WEATHER WAS RECORDED YESTERDAY.
  THUNDERSTORM
  LIGHT RAIN
  FOG


RELATIVE HUMIDITY (PERCENT)
 HIGHEST    97           700 AM
 LOWEST     61           100 PM
 AVERAGE    79

..........................................................


THE NEW PHILADELPHIA OH CLIMATE NORMALS FOR TODAY
                         NORMAL    RECORD    YEAR
 MAXIMUM TEMPERATURE (F)   68        88      1970
 MINIMUM TEMPERATURE (F)   43        25      1963


SUNRISE AND SUNSET
MAY  2 2016...........SUNRISE   623 AM EDT   SUNSET   823 PM EDT
MAY  3 2016...........SUNRISE   622 AM EDT   SUNSET   824 PM EDT


-  INDICATES NEGATIVE NUMBERS.
R  INDICATES RECORD WAS SET OR TIED.
MM INDICATES DATA IS MISSING.
T  INDICATES TRACE AMOUNT.




$$
