000
CDUS41 KPHI 232126
CLIPHL


CLIMATE REPORT
NATIONAL WEATHER SERVICE MOUNT HOLLY NJ
526 PM EDT TUE SEP 23 2014


...................................

...THE PHILADELPHIA PA CLIMATE SUMMARY FOR SEPTEMBER 23 2014...
VALID TODAY AS OF 0500 PM LOCAL TIME.

CLIMATE NORMAL PERIOD 1981 TO 2010
CLIMATE RECORD PERIOD 1872 TO 2014


WEATHER ITEM   OBSERVED TIME   RECORD YEAR NORMAL DEPARTURE LAST
                VALUE   (LST)  VALUE       VALUE  FROM      YEAR
                                                  NORMAL
..................................................................
TEMPERATURE (F)
 TODAY
  MAXIMUM         72    357 PM  97    1895  75     -3       68
  MINIMUM         50    639 AM  40    1983  58     -8       50
                                      1947
  AVERAGE         61                        66     -5       59

PRECIPITATION (IN)
  TODAY            0.00          3.72 1882   0.12  -0.12     0.00
  MONTH TO DATE    0.76                      2.84  -2.08     3.26
  SINCE SEP 1      0.76                      2.84  -2.08     3.26
  SINCE JAN 1     36.57                     30.86   5.71    45.50

SNOWFALL (IN)
  TODAY            0.0           0.0  1870   0.0    0.0      0.0
  MONTH TO DATE    0.0                       0.0    0.0      0.0
  SINCE SEP 1      0.0                       0.0    0.0      0.0
  SINCE JUL 1      0.0                       0.0    0.0      0.0
  SNOW DEPTH       0

DEGREE DAYS
 HEATING
  TODAY            4                         2      2        6
  MONTH TO DATE   10                        15     -5       27
  SINCE SEP 1     10                        15     -5       27
  SINCE JUL 1     10                        16     -6       27

 COOLING
  TODAY            0                         3     -3        0
  MONTH TO DATE  160                       144     16      128
  SINCE SEP 1    160                       144     16      128
  SINCE JAN 1   1258                      1261     -3     1344
..................................................................


WIND (MPH)
  HIGHEST WIND SPEED    15   HIGHEST WIND DIRECTION     N (360)
  HIGHEST GUST SPEED    22   HIGHEST GUST DIRECTION     N (360)
  AVERAGE WIND SPEED     5.6


SKY COVER
  POSSIBLE SUNSHINE  MM
  AVERAGE SKY COVER 0.4


WEATHER CONDITIONS
 THE FOLLOWING WEATHER WAS RECORDED TODAY.
  NO SIGNIFICANT WEATHER WAS OBSERVED.


RELATIVE HUMIDITY (PERCENT)
 HIGHEST    68           300 AM
 LOWEST     35           300 PM
 AVERAGE    52

..........................................................


THE PHILADELPHIA PA CLIMATE NORMALS FOR TOMORROW
                         NORMAL    RECORD    YEAR
 MAXIMUM TEMPERATURE (F)   75        95      1970
 MINIMUM TEMPERATURE (F)   57        40      1974
                                             1963


SUNRISE AND SUNSET
SEPTEMBER 23 2014.....SUNRISE   649 AM EDT   SUNSET   656 PM EDT
SEPTEMBER 24 2014.....SUNRISE   650 AM EDT   SUNSET   655 PM EDT


-  INDICATES NEGATIVE NUMBERS.
R  INDICATES RECORD WAS SET OR TIED.
MM INDICATES DATA IS MISSING.
T  INDICATES TRACE AMOUNT.




$$
