000
CDUS41 KPHI 032129
CLIPHL


CLIMATE REPORT
NATIONAL WEATHER SERVICE MOUNT HOLLY NJ
528 PM EDT THU SEP 3 2015


...................................

...THE PHILADELPHIA PA CLIMATE SUMMARY FOR SEPTEMBER 3 2015...
VALID TODAY AS OF 0500 PM LOCAL TIME.

CLIMATE NORMAL PERIOD 1981 TO 2010
CLIMATE RECORD PERIOD 1872 TO 2015


WEATHER ITEM   OBSERVED TIME   RECORD YEAR NORMAL DEPARTURE LAST
                VALUE   (LST)  VALUE       VALUE  FROM      YEAR
                                                  NORMAL
..................................................................
TEMPERATURE (F)
 TODAY
  MAXIMUM         96    306 PM 100    1953  82     14       85
  MINIMUM         74    225 AM  51    1967  65      9       71
                                      1958
  AVERAGE         85                        74     11       78

PRECIPITATION (IN)
  TODAY            0.00          3.37 1969   0.12  -0.12      T
  MONTH TO DATE    0.00                      0.34  -0.34     0.19
  SINCE SEP 1      0.00                      0.34  -0.34     0.19
  SINCE JAN 1     30.19                     28.36   1.83    36.00

SNOWFALL (IN)
  TODAY            0.0           0.0  1870   0.0    0.0      0.0
  MONTH TO DATE    0.0                       0.0    0.0      0.0
  SINCE SEP 1      0.0                       0.0    0.0      0.0
  SINCE JUL 1      0.0                       0.0    0.0      0.0
  SNOW DEPTH       0

DEGREE DAYS
 HEATING
  TODAY            0                         0      0        0
  MONTH TO DATE    0                         0      0        0
  SINCE SEP 1      0                         0      0        0
  SINCE JUL 1      0                         1     -1        0

 COOLING
  TODAY           20                         9     11       13
  MONTH TO DATE   57                        27     30       49
  SINCE SEP 1     57                        27     30       49
  SINCE JAN 1   1463                      1144    319     1147
..................................................................


WIND (MPH)
  HIGHEST WIND SPEED    17   HIGHEST WIND DIRECTION    NW (330)
  HIGHEST GUST SPEED    24   HIGHEST GUST DIRECTION     N (10)
  AVERAGE WIND SPEED     6.4


SKY COVER
  POSSIBLE SUNSHINE  MM
  AVERAGE SKY COVER 0.3


WEATHER CONDITIONS
 THE FOLLOWING WEATHER WAS RECORDED TODAY.
  HAZE


RELATIVE HUMIDITY (PERCENT)
 HIGHEST    82           100 AM
 LOWEST     30           300 PM
 AVERAGE    56

..........................................................


THE PHILADELPHIA PA CLIMATE NORMALS FOR TOMORROW
                         NORMAL    RECORD    YEAR
 MAXIMUM TEMPERATURE (F)   82        93      2008
                                             1973
 MINIMUM TEMPERATURE (F)   65        52      1997
                                             1946


SUNRISE AND SUNSET
SEPTEMBER  3 2015.....SUNRISE   630 AM EDT   SUNSET   730 PM EDT
SEPTEMBER  4 2015.....SUNRISE   631 AM EDT   SUNSET   728 PM EDT


-  INDICATES NEGATIVE NUMBERS.
R  INDICATES RECORD WAS SET OR TIED.
MM INDICATES DATA IS MISSING.
T  INDICATES TRACE AMOUNT.




$$
