000
CDUS41 KPHI 220643
CLIPHL


CLIMATE REPORT
NATIONAL WEATHER SERVICE MOUNT HOLLY NJ
141 AM EST WED FEB 22 2017


...................................

...THE PHILADELPHIA PA CLIMATE SUMMARY FOR FEBRUARY 21 2017...

CLIMATE NORMAL PERIOD 1981 TO 2010
CLIMATE RECORD PERIOD 1872 TO 2017


WEATHER ITEM   OBSERVED TIME   RECORD YEAR NORMAL DEPARTURE LAST
                VALUE   (LST)  VALUE       VALUE  FROM      YEAR
                                                  NORMAL
..................................................................
TEMPERATURE (F)
 YESTERDAY
  MAXIMUM         52    217 PM  72    1930  45      7       61
  MINIMUM         34    641 AM   6    1968  29      5       38
  AVERAGE         43                        37      6       50

PRECIPITATION (IN)
  YESTERDAY        0.00          1.44 1902   0.09  -0.09     0.03
  MONTH TO DATE    0.79                      1.97  -1.18     2.07
  SINCE DEC 1      6.42                      8.56  -2.14     9.84
  SINCE JAN 1      3.70                      5.00  -1.30     4.70

SNOWFALL (IN)
  YESTERDAY        0.0           7.5  1929   0.3   -0.3      0.0
  MONTH TO DATE    2.0                       7.1   -5.1      3.3
  SINCE DEC 1      8.0                      17.0   -9.0     26.2
  SINCE JUL 1      8.0                      17.3   -9.3     26.2
  SNOW DEPTH       0

DEGREE DAYS
 HEATING
  YESTERDAY       22                        28     -6       15
  MONTH TO DATE  490                       629   -139      605
  SINCE DEC 1   2109                      2476   -367     1973
  SINCE JUL 1   2740                      3292   -552     2533

 COOLING
  YESTERDAY        0                         0      0        0
  MONTH TO DATE    0                         0      0        0
  SINCE DEC 1      0                         0      0        2
  SINCE JAN 1      0                         0      0        0
..................................................................


WIND (MPH)
  HIGHEST WIND SPEED    13   HIGHEST WIND DIRECTION    SW (210)
  HIGHEST GUST SPEED    17   HIGHEST GUST DIRECTION    SW (210)
  AVERAGE WIND SPEED    MM


SKY COVER
  POSSIBLE SUNSHINE  MM
  AVERAGE SKY COVER  MM


WEATHER CONDITIONS
 THE FOLLOWING WEATHER WAS RECORDED YESTERDAY.
  NO SIGNIFICANT WEATHER WAS OBSERVED.


RELATIVE HUMIDITY (PERCENT)
 HIGHEST    MM
 LOWEST     MM
 AVERAGE    MM

..........................................................


THE PHILADELPHIA PA CLIMATE NORMALS FOR TODAY
                         NORMAL    RECORD    YEAR
 MAXIMUM TEMPERATURE (F)   46        68      1997
                                             1974
 MINIMUM TEMPERATURE (F)   29         7      1963


SUNRISE AND SUNSET
FEBRUARY 22 2017......SUNRISE   644 AM EST   SUNSET   545 PM EST
FEBRUARY 23 2017......SUNRISE   643 AM EST   SUNSET   547 PM EST


-  INDICATES NEGATIVE NUMBERS.
R  INDICATES RECORD WAS SET OR TIED.
MM INDICATES DATA IS MISSING.
T  INDICATES TRACE AMOUNT.




$$
