000
CDUS41 KPHI 222133
CLIPHL


CLIMATE REPORT
NATIONAL WEATHER SERVICE MOUNT HOLLY NJ
430 PM EST MON DEC 22 2014


...................................

...THE PHILADELPHIA PA CLIMATE SUMMARY FOR DECEMBER 22 2014...
VALID TODAY AS OF 0400 PM LOCAL TIME.

CLIMATE NORMAL PERIOD 1981 TO 2010
CLIMATE RECORD PERIOD 1872 TO 2014


WEATHER ITEM   OBSERVED TIME   RECORD YEAR NORMAL DEPARTURE LAST
                VALUE   (LST)  VALUE       VALUE  FROM      YEAR
                                                  NORMAL
..................................................................
TEMPERATURE (F)
 TODAY
  MAXIMUM         45    338 PM  68    2013  43      2       68
  MINIMUM         27    411 AM   6    1989  28     -1       59
  AVERAGE         36                        36      0       64

PRECIPITATION (IN)
  TODAY            0.00          1.77 1983   0.11  -0.11     0.04
  MONTH TO DATE    2.27                      2.63  -0.36     3.52
  SINCE DEC 1      2.27                      2.63  -0.36     3.52
  SINCE JAN 1     46.37                     40.60   5.77    54.20

SNOWFALL (IN)
  TODAY            0.0           2.8  1908   0.1   -0.1      0.0
  MONTH TO DATE    0.1                       2.0   -1.9     11.2
  SINCE DEC 1      0.1                       2.0   -1.9     11.2
  SINCE JUL 1      0.1                       2.3   -2.2     11.2
  SNOW DEPTH       0

DEGREE DAYS
 HEATING
  TODAY           29                        29      0        1
  MONTH TO DATE  545                       580    -35      561
  SINCE DEC 1    545                       580    -35      561
  SINCE JUL 1   1323                      1396    -73     1367

 COOLING
  TODAY            0                         0      0        0
  MONTH TO DATE    0                         0      0        0
  SINCE DEC 1      0                         0      0        0
  SINCE JAN 1   1311                      1301     10     1411
..................................................................


WIND (MPH)
  HIGHEST WIND SPEED    12   HIGHEST WIND DIRECTION    NE (40)
  HIGHEST GUST SPEED    16   HIGHEST GUST DIRECTION     N (20)
  AVERAGE WIND SPEED     5.3


SKY COVER
  POSSIBLE SUNSHINE  MM
  AVERAGE SKY COVER 0.7


WEATHER CONDITIONS
 THE FOLLOWING WEATHER WAS RECORDED TODAY.
  NO SIGNIFICANT WEATHER WAS OBSERVED.


RELATIVE HUMIDITY (PERCENT)
 HIGHEST    78           500 AM
 LOWEST     65          1200 PM
 AVERAGE    72

..........................................................


THE PHILADELPHIA PA CLIMATE NORMALS FOR TOMORROW
                         NORMAL    RECORD    YEAR
 MAXIMUM TEMPERATURE (F)   43        66      1990
                                             1891
 MINIMUM TEMPERATURE (F)   28         7      1989


SUNRISE AND SUNSET
DECEMBER 22 2014......SUNRISE   719 AM EST   SUNSET   440 PM EST
DECEMBER 23 2014......SUNRISE   720 AM EST   SUNSET   440 PM EST


-  INDICATES NEGATIVE NUMBERS.
R  INDICATES RECORD WAS SET OR TIED.
MM INDICATES DATA IS MISSING.
T  INDICATES TRACE AMOUNT.




$$
