000
CDUS43 KUNR 020850
CLIPHP


CLIMATE REPORT
NATIONAL WEATHER SERVICE RAPID CITY SD
249 AM MDT THU JUL 2 2015


...................................

...THE PHILIP SD CLIMATE SUMMARY FOR JULY 1 2015...

CLIMATE NORMAL PERIOD 1981 TO 2010
CLIMATE RECORD PERIOD 9999 TO 9999


WEATHER ITEM   OBSERVED TIME   NORMAL DEPARTURE LAST
                VALUE   (LST)  VALUE  FROM      YEAR
                                      NORMAL
......................................................
TEMPERATURE (F)
 YESTERDAY
  MAXIMUM         82    504 PM  86     -4       73
  MINIMUM         62    439 AM  57      5       49
  AVERAGE         72            72      0       61

PRECIPITATION (IN)
  YESTERDAY        0.00          0.08  -0.08     0.00
  MONTH TO DATE    0.00          0.08  -0.08     0.00
  SINCE JUN 1      5.83          3.01   2.82     4.00
  SINCE JAN 1     12.81          9.93   2.88     8.82

DEGREE DAYS
 HEATING
  YESTERDAY        0             1     -1        4
  MONTH TO DATE    0             1     -1        4
  SINCE JUN 1     12            64    -52       82
  SINCE JUL 1      0             1     -1        4

 COOLING
  YESTERDAY        7             7      0        0
  MONTH TO DATE    7             7      0        0
  SINCE JUN 1    117           130    -13       56
  SINCE JAN 1    123           157    -34       96
......................................................


WIND (MPH)
  HIGHEST WIND SPEED    15   HIGHEST WIND DIRECTION     N (350)
  HIGHEST GUST SPEED    21   HIGHEST GUST DIRECTION     N (10)
  AVERAGE WIND SPEED     6.8


SKY COVER
  AVERAGE SKY COVER 0.3


WEATHER CONDITIONS
 THE FOLLOWING WEATHER WAS RECORDED YESTERDAY.
  FOG


RELATIVE HUMIDITY (PERCENT)
 HIGHEST    93           300 AM
 LOWEST     58           300 PM
 AVERAGE    76

..........................................................




SUNRISE AND SUNSET
JULY  2 2015..........SUNRISE   508 AM MDT   SUNSET   833 PM MDT
JULY  3 2015..........SUNRISE   508 AM MDT   SUNSET   833 PM MDT


-  INDICATES NEGATIVE NUMBERS.
R  INDICATES RECORD WAS SET OR TIED.
MM INDICATES DATA IS MISSING.
T  INDICATES TRACE AMOUNT.




$$
