535
CDUS43 KUNR 300833
CLIPHP


CLIMATE REPORT
NATIONAL WEATHER SERVICE RAPID CITY SD
232 AM MDT SAT APR 30 2016


...................................

...THE PHILIP SD CLIMATE SUMMARY FOR APRIL 29 2016...

CLIMATE NORMAL PERIOD 1981 TO 2010
CLIMATE RECORD PERIOD 9999 TO 9999


WEATHER ITEM   OBSERVED TIME   NORMAL DEPARTURE LAST
                VALUE   (LST)  VALUE  FROM      YEAR
                                      NORMAL
......................................................
TEMPERATURE (F)
 YESTERDAY
  MAXIMUM         52   1132 AM  65    -13       77
  MINIMUM         38   1027 PM  37      1       35
  AVERAGE         45            51     -6       56

PRECIPITATION (IN)
  YESTERDAY        T             0.09  -0.09     0.00
  MONTH TO DATE    3.96          1.74   2.22     0.33
  SINCE MAR 1      4.67          3.01   1.66     0.42
  SINCE JAN 1      5.35          3.79   1.56     0.53

DEGREE DAYS
 HEATING
  YESTERDAY       20            14      6        9
  MONTH TO DATE  489           549    -60      497
  SINCE MAR 1   1220          1487   -267     1227
  SINCE JUL 1   6032          6852   -820     6367

 COOLING
  YESTERDAY        0             0      0        0
  MONTH TO DATE    1             0      1        0
  SINCE MAR 1      1             0      1        3
  SINCE JAN 1      1             0      1        3
......................................................


WIND (MPH)
  HIGHEST WIND SPEED    21   HIGHEST WIND DIRECTION     E (80)
  HIGHEST GUST SPEED    28   HIGHEST GUST DIRECTION     E (80)
  AVERAGE WIND SPEED     9.5


SKY COVER
  AVERAGE SKY COVER 0.9


WEATHER CONDITIONS
 THE FOLLOWING WEATHER WAS RECORDED YESTERDAY.
  LIGHT RAIN


RELATIVE HUMIDITY (PERCENT)
 HIGHEST    86          1000 PM
 LOWEST     56          1200 PM
 AVERAGE    71

..........................................................




SUNRISE AND SUNSET
APRIL 30 2016.........SUNRISE   539 AM MDT   SUNSET   749 PM MDT
MAY  1 2016...........SUNRISE   537 AM MDT   SUNSET   750 PM MDT


-  INDICATES NEGATIVE NUMBERS.
R  INDICATES RECORD WAS SET OR TIED.
MM INDICATES DATA IS MISSING.
T  INDICATES TRACE AMOUNT.




$$
