000
CDUS43 KUNR 170834
CLIPHP


CLIMATE REPORT
NATIONAL WEATHER SERVICE RAPID CITY SD
134 AM MST TUE JAN 17 2017


...................................

...THE PHILIP SD CLIMATE SUMMARY FOR JANUARY 16 2017...

CLIMATE NORMAL PERIOD 1981 TO 2010
CLIMATE RECORD PERIOD 9999 TO 9999


WEATHER ITEM   OBSERVED TIME   NORMAL DEPARTURE LAST
                VALUE   (LST)  VALUE  FROM      YEAR
                                      NORMAL
......................................................
TEMPERATURE (F)
 YESTERDAY
  MAXIMUM         30    247 PM  35     -5       25
  MINIMUM          8    616 AM   9     -1       -1
  AVERAGE         19            22     -3       12

PRECIPITATION (IN)
  YESTERDAY        0.00          0.01  -0.01     0.02
  MONTH TO DATE    0.13          0.16  -0.03     0.10
  SINCE DEC 1      0.55          0.59  -0.04     1.09
  SINCE JAN 1      0.13          0.16  -0.03     0.10

DEGREE DAYS
 HEATING
  YESTERDAY       46            43      3       53
  MONTH TO DATE  926           695    231      724
  SINCE DEC 1   2418          1995    423     1986
  SINCE JUL 1   3556          3630    -74     3326

 COOLING
  YESTERDAY        0             0      0        0
  MONTH TO DATE    0             0      0        0
  SINCE DEC 1      0             0      0        0
  SINCE JAN 1      0             0      0        0
......................................................


WIND (MPH)
  HIGHEST WIND SPEED    16   HIGHEST WIND DIRECTION    NW (310)
  HIGHEST GUST SPEED    21   HIGHEST GUST DIRECTION    NW (310)
  AVERAGE WIND SPEED     8.1


SKY COVER
  AVERAGE SKY COVER 0.0


WEATHER CONDITIONS
 THE FOLLOWING WEATHER WAS RECORDED YESTERDAY.
  NO SIGNIFICANT WEATHER WAS OBSERVED.


RELATIVE HUMIDITY (PERCENT)
 HIGHEST    91          1200 AM
 LOWEST     58           100 PM
 AVERAGE    75

..........................................................




SUNRISE AND SUNSET
JANUARY 17 2017.......SUNRISE   717 AM MST   SUNSET   437 PM MST
JANUARY 18 2017.......SUNRISE   716 AM MST   SUNSET   438 PM MST


-  INDICATES NEGATIVE NUMBERS.
R  INDICATES RECORD WAS SET OR TIED.
MM INDICATES DATA IS MISSING.
T  INDICATES TRACE AMOUNT.




$$
