585
CDUS43 KUNR 221829
CLIPHP


CLIMATE REPORT
NATIONAL WEATHER SERVICE RAPID CITY SD
1129 AM MST THU FEB 22 2018


...................................

...THE PHILIP SD CLIMATE SUMMARY FOR FEBRUARY 21 2018...

CLIMATE NORMAL PERIOD 1981 TO 2010
CLIMATE RECORD PERIOD 9999 TO 9999


WEATHER ITEM   OBSERVED TIME   NORMAL DEPARTURE LAST
                VALUE   (LST)  VALUE  FROM      YEAR
                                      NORMAL
......................................................
TEMPERATURE (F)
 YESTERDAY
  MAXIMUM         13    814 PM  40    -27       75
  MINIMUM        -21    705 AM  14    -35       44
  AVERAGE         -4            27    -31       60

PRECIPITATION (IN)
  YESTERDAY        T             0.02  -0.02     0.00
  MONTH TO DATE    0.90          0.28   0.62     0.16
  SINCE DEC 1      1.59          1.01   0.58     1.39
  SINCE JAN 1      1.20          0.58   0.62     0.97

DEGREE DAYS
 HEATING
  YESTERDAY       69            38     31        5
  MONTH TO DATE 1133           842    291      683
  SINCE DEC 1   3744          3472    272     3679
  SINCE JUL 1   5193          5107     86     4817

 COOLING
  YESTERDAY        0             0      0        0
  MONTH TO DATE    0             0      0        0
  SINCE DEC 1      0             0      0        0
  SINCE JAN 1      0             0      0        0
......................................................


WIND (MPH)
  HIGHEST WIND SPEED    14   HIGHEST WIND DIRECTION    NE (40)
  HIGHEST GUST SPEED    17   HIGHEST GUST DIRECTION    NE (40)
  AVERAGE WIND SPEED     4.4


SKY COVER
  AVERAGE SKY COVER 0.0


WEATHER CONDITIONS
 THE FOLLOWING WEATHER WAS RECORDED YESTERDAY.
  NO SIGNIFICANT WEATHER WAS OBSERVED.


RELATIVE HUMIDITY (PERCENT)
 HIGHEST    91          1200 AM
 LOWEST     69           300 PM
 AVERAGE    80

..........................................................




SUNRISE AND SUNSET
FEBRUARY 22 2018......SUNRISE   635 AM MST   SUNSET   526 PM MST
FEBRUARY 23 2018......SUNRISE   633 AM MST   SUNSET   527 PM MST


-  INDICATES NEGATIVE NUMBERS.
R  INDICATES RECORD WAS SET OR TIED.
MM INDICATES DATA IS MISSING.
T  INDICATES TRACE AMOUNT.




$$
