000
CDUS43 KUNR 250858
CLIPHP


CLIMATE REPORT
NATIONAL WEATHER SERVICE RAPID CITY SD
251 AM MDT MON MAY 25 2015


...................................

...THE PHILIP SD CLIMATE SUMMARY FOR MAY 24 2015...

CLIMATE NORMAL PERIOD 1981 TO 2010
CLIMATE RECORD PERIOD 9999 TO 9999


WEATHER ITEM   OBSERVED TIME   NORMAL DEPARTURE LAST
                VALUE   (LST)  VALUE  FROM      YEAR
                                      NORMAL
......................................................
TEMPERATURE (F)
 YESTERDAY
  MAXIMUM         62    317 PM  73    -11       80
  MINIMUM         54    543 AM  47      7       59
  AVERAGE         58            60     -2       70

PRECIPITATION (IN)
  YESTERDAY        0.80          0.10   0.70     0.00
  MONTH TO DATE    6.28          2.35   3.93     1.90
  SINCE MAR 1      6.71          5.46   1.25     3.86
  SINCE JAN 1      6.82          6.24   0.58     4.34

DEGREE DAYS
 HEATING
  YESTERDAY        7             6      1        0
  MONTH TO DATE  255           232     23      305
  SINCE MAR 1   1486          1734   -248     1864
  SINCE JUL 1   6626          7099   -473     7467

 COOLING
  YESTERDAY        0             1     -1        5
  MONTH TO DATE    2            19    -17        9
  SINCE MAR 1      5            22    -17        9
  SINCE JAN 1      5            22    -17        9
......................................................


WIND (MPH)
  HIGHEST WIND SPEED    20   HIGHEST WIND DIRECTION     E (80)
  HIGHEST GUST SPEED    23   HIGHEST GUST DIRECTION     E (90)
  AVERAGE WIND SPEED    11.4


SKY COVER
  AVERAGE SKY COVER 1.0


WEATHER CONDITIONS
 THE FOLLOWING WEATHER WAS RECORDED YESTERDAY.
  HEAVY RAIN
  RAIN
  LIGHT RAIN
  FOG


RELATIVE HUMIDITY (PERCENT)
 HIGHEST   100           400 AM
 LOWEST     90           400 PM
 AVERAGE    95

..........................................................




SUNRISE AND SUNSET
MAY 25 2015...........SUNRISE   511 AM MDT   SUNSET   816 PM MDT
MAY 26 2015...........SUNRISE   510 AM MDT   SUNSET   817 PM MDT


-  INDICATES NEGATIVE NUMBERS.
R  INDICATES RECORD WAS SET OR TIED.
MM INDICATES DATA IS MISSING.
T  INDICATES TRACE AMOUNT.




$$
