000
CDUS43 KUNR 270854
CLIPHP


CLIMATE REPORT
NATIONAL WEATHER SERVICE RAPID CITY SD
247 AM MDT MON MAR 27 2017


...................................

...THE PHILIP SD CLIMATE SUMMARY FOR MARCH 26 2017...

CLIMATE NORMAL PERIOD 1981 TO 2010
CLIMATE RECORD PERIOD 9999 TO 9999


WEATHER ITEM   OBSERVED TIME   NORMAL DEPARTURE LAST
                VALUE   (LST)  VALUE  FROM      YEAR
                                      NORMAL
......................................................
TEMPERATURE (F)
 YESTERDAY
  MAXIMUM         46    501 PM  52     -6       38
  MINIMUM         37    115 AM  25     12       18
  AVERAGE         42            39      3       28

PRECIPITATION (IN)
  YESTERDAY        0.06          0.04   0.02     0.05
  MONTH TO DATE    0.34          1.07  -0.73     0.54
  SINCE MAR 1      0.34          1.07  -0.73     0.54
  SINCE JAN 1      1.41          1.85  -0.44     1.22

DEGREE DAYS
 HEATING
  YESTERDAY       23            26     -3       37
  MONTH TO DATE  705           811   -106      624
  SINCE MAR 1    705           811   -106      624
  SINCE JUL 1   5765          6176   -411     5436

 COOLING
  YESTERDAY        0             0      0        0
  MONTH TO DATE    0             0      0        0
  SINCE MAR 1      0             0      0        0
  SINCE JAN 1      0             0      0        0
......................................................


WIND (MPH)
  HIGHEST WIND SPEED    16   HIGHEST WIND DIRECTION     E (100)
  HIGHEST GUST SPEED    18   HIGHEST GUST DIRECTION     E (100)
  AVERAGE WIND SPEED     6.3


SKY COVER
  AVERAGE SKY COVER 0.9


WEATHER CONDITIONS
 THE FOLLOWING WEATHER WAS RECORDED YESTERDAY.
  LIGHT RAIN
  FOG


RELATIVE HUMIDITY (PERCENT)
 HIGHEST   100           800 AM
 LOWEST     71           500 PM
 AVERAGE    86

..........................................................




SUNRISE AND SUNSET
MARCH 27 2017.........SUNRISE   636 AM MDT   SUNSET   708 PM MDT
MARCH 28 2017.........SUNRISE   634 AM MDT   SUNSET   709 PM MDT


-  INDICATES NEGATIVE NUMBERS.
R  INDICATES RECORD WAS SET OR TIED.
MM INDICATES DATA IS MISSING.
T  INDICATES TRACE AMOUNT.




$$
