000
CDUS43 KUNR 140832
CLIPHP


CLIMATE REPORT
NATIONAL WEATHER SERVICE RAPID CITY SD
131 AM MST THU DEC 14 2017


...................................

...THE PHILIP SD CLIMATE SUMMARY FOR DECEMBER 13 2017...

CLIMATE NORMAL PERIOD 1981 TO 2010
CLIMATE RECORD PERIOD 9999 TO 9999


WEATHER ITEM   OBSERVED TIME   NORMAL DEPARTURE LAST
                VALUE   (LST)  VALUE  FROM      YEAR
                                      NORMAL
......................................................
TEMPERATURE (F)
 YESTERDAY
  MAXIMUM         52    149 AM  36     16       23
  MINIMUM         35   1051 PM  11     24       -4
  AVERAGE         44            23     21       10

PRECIPITATION (IN)
  YESTERDAY        0.00          0.01  -0.01     0.00
  MONTH TO DATE    0.04          0.19  -0.15     0.08
  SINCE DEC 1      0.04          0.19  -0.15     0.08
  SINCE JAN 1     10.63         17.11  -6.48    12.93

DEGREE DAYS
 HEATING
  YESTERDAY       21            42    -21       55
  MONTH TO DATE  386           523   -137      667
  SINCE DEC 1    386           523   -137      667
  SINCE JUL 1   1835          2158   -323     1805

 COOLING
  YESTERDAY        0             0      0        0
  MONTH TO DATE    0             0      0        0
  SINCE DEC 1      0             0      0        0
  SINCE JAN 1    911           818     93      908
......................................................


WIND (MPH)
  HIGHEST WIND SPEED    43   HIGHEST WIND DIRECTION    NW (320)
  HIGHEST GUST SPEED    54   HIGHEST GUST DIRECTION    NW (320)
  AVERAGE WIND SPEED    21.1


SKY COVER
  AVERAGE SKY COVER 0.2


WEATHER CONDITIONS
 THE FOLLOWING WEATHER WAS RECORDED YESTERDAY.
  NO SIGNIFICANT WEATHER WAS OBSERVED.


RELATIVE HUMIDITY (PERCENT)
 HIGHEST    70          1100 PM
 LOWEST     28          1200 AM
 AVERAGE    49

..........................................................




SUNRISE AND SUNSET
DECEMBER 14 2017......SUNRISE   714 AM MST   SUNSET   409 PM MST
DECEMBER 15 2017......SUNRISE   715 AM MST   SUNSET   409 PM MST


-  INDICATES NEGATIVE NUMBERS.
R  INDICATES RECORD WAS SET OR TIED.
MM INDICATES DATA IS MISSING.
T  INDICATES TRACE AMOUNT.




$$
